CRAN Package Check Results for Package baseline

Last updated on 2014-04-23 17:47:40.

Flavor Version Tinstall Tcheck Ttotal Status Flags
r-devel-linux-x86_64-debian-clang 1.1-3 2.60 36.17 38.78 OK
r-devel-linux-x86_64-debian-gcc 1.1-3 2.48 35.68 38.16 OK
r-devel-linux-x86_64-fedora-clang 1.1-3 73.46 OK
r-devel-linux-x86_64-fedora-gcc 1.1-3 72.05 OK
r-devel-osx-x86_64-clang 1.1-3 63.05 OK
r-devel-osx-x86_64-gcc 1.1-3 OK
r-devel-windows-ix86+x86_64 1.1-3 6.00 47.00 53.00 OK
r-patched-linux-x86_64 1.1-3 2.38 36.51 38.89 OK
r-patched-solaris-sparc 1.1-3 464.40 OK
r-patched-solaris-x86 1.1-3 96.80 OK
r-release-linux-ix86 1.1-3 4.00 62.00 66.00 OK
r-release-linux-x86_64 1.1-3 2.47 35.78 38.24 OK
r-release-osx-x86_64-mavericks 1.1-3 WARN
r-release-osx-x86_64-snowleopard 1.1-3 OK
r-release-windows-ix86+x86_64 1.1-3 6.00 51.00 57.00 OK
r-oldrel-windows-ix86+x86_64 1.1-3 6.00 50.00 56.00 OK

Check Details

Version: 1.1-3
Check: PDF version of manual
Result: WARNING
    LaTeX errors when creating PDF version.
    This typically indicates Rd problems.
    LaTeX errors found:
    ! LaTeX Error: File `upquote.sty' not found.
    
    Type X to quit or <RETURN> to proceed,
    or enter new name. (Default extension: sty)
    
    a021d75/Rd2.tex:8: ==> Fatal error occurred, no output PDF file produced!
Flavor: r-release-osx-x86_64-mavericks