CRAN Package Check Results for Package batata

Last updated on 2023-03-21 07:54:04 CET.

Flavor Version Tinstall Tcheck Ttotal Status Flags
r-devel-linux-x86_64-debian-clang 0.2.1 NOTE
r-devel-linux-x86_64-debian-gcc 0.2.1 2.14 21.75 23.89 NOTE
r-devel-linux-x86_64-fedora-clang 0.2.1 39.46 NOTE
r-devel-linux-x86_64-fedora-gcc 0.2.1 50.39 NOTE
r-devel-windows-x86_64 0.2.1 5.00 58.00 63.00 NOTE
r-patched-linux-x86_64 0.2.1 2.77 28.58 31.35 NOTE
r-release-linux-x86_64 0.2.1 2.56 28.07 30.63 NOTE
r-release-macos-arm64 0.2.1 18.00 NOTE
r-release-macos-x86_64 0.2.1 30.00 NOTE
r-release-windows-x86_64 0.2.1 15.00 64.00 79.00 NOTE
r-oldrel-macos-arm64 0.2.1 23.00 NOTE
r-oldrel-macos-x86_64 0.2.1 35.00 NOTE
r-oldrel-windows-ix86+x86_64 0.2.1 6.00 59.00 65.00 NOTE

Check Details

Version: 0.2.1
Check: LazyData
Result: NOTE
     'LazyData' is specified without a 'data' directory
Flavors: r-devel-linux-x86_64-debian-clang, r-devel-linux-x86_64-debian-gcc, r-devel-linux-x86_64-fedora-clang, r-devel-linux-x86_64-fedora-gcc, r-devel-windows-x86_64, r-patched-linux-x86_64, r-release-linux-x86_64, r-release-macos-arm64, r-release-macos-x86_64, r-release-windows-x86_64, r-oldrel-macos-arm64, r-oldrel-macos-x86_64, r-oldrel-windows-ix86+x86_64