CRAN Package Check Results for Package batata

Last updated on 2024-04-16 15:50:32 CEST.

Flavor Version Tinstall Tcheck Ttotal Status Flags
r-devel-linux-x86_64-debian-clang 0.2.1 2.30 30.63 32.93 NOTE
r-devel-linux-x86_64-debian-gcc 0.2.1 1.97 23.68 25.65 NOTE
r-devel-linux-x86_64-fedora-clang 0.2.1 43.83 NOTE
r-devel-linux-x86_64-fedora-gcc 0.2.1 57.29 NOTE
r-prerel-macos-arm64 0.2.1 32.00 NOTE
r-prerel-windows-x86_64 0.2.1 3.00 46.00 49.00 NOTE
r-patched-linux-x86_64 0.2.1 2.34 30.10 32.44 NOTE
r-release-linux-x86_64 0.2.1 2.57 28.37 30.94 NOTE
r-release-macos-arm64 0.2.1 29.00 NOTE
r-release-macos-x86_64 0.2.1 56.00 NOTE
r-release-windows-x86_64 0.2.1 5.00 47.00 52.00 NOTE
r-oldrel-macos-arm64 0.2.1 18.00 NOTE
r-oldrel-windows-x86_64 0.2.1 4.00 49.00 53.00 NOTE

Check Details

Version: 0.2.1
Check: LazyData
Result: NOTE 'LazyData' is specified without a 'data' directory Flavors: r-devel-linux-x86_64-debian-clang, r-devel-linux-x86_64-debian-gcc, r-devel-linux-x86_64-fedora-clang, r-devel-linux-x86_64-fedora-gcc, r-prerel-macos-arm64, r-prerel-windows-x86_64, r-patched-linux-x86_64, r-release-linux-x86_64, r-release-macos-arm64, r-release-macos-x86_64, r-release-windows-x86_64, r-oldrel-macos-arm64, r-oldrel-windows-x86_64