CRAN Package Check Results for Package batch

Last updated on 2014-07-24 03:48:45.

Flavor Version Tinstall Tcheck Ttotal Status Flags
r-devel-linux-x86_64-debian-clang 1.1-4 0.49 8.49 8.98 NOTE
r-devel-linux-x86_64-debian-gcc 1.1-4 0.53 8.44 8.97 NOTE
r-devel-linux-x86_64-fedora-clang 1.1-4 20.05 NOTE
r-devel-linux-x86_64-fedora-gcc 1.1-4 17.54 NOTE
r-devel-osx-x86_64-clang 1.1-4 21.01 NOTE
r-devel-windows-ix86+x86_64 1.1-4 1.00 16.00 17.00 NOTE
r-patched-linux-x86_64 1.1-4 0.50 8.38 8.88 NOTE
r-patched-solaris-sparc 1.1-4 107.90 NOTE
r-patched-solaris-x86 1.1-4 27.30 NOTE
r-release-linux-ix86 1.1-4 0.77 14.11 14.88 NOTE
r-release-linux-x86_64 1.1-4 0.49 8.83 9.32 NOTE
r-release-osx-x86_64-mavericks 1.1-4 NOTE
r-release-windows-ix86+x86_64 1.1-4 2.00 17.00 19.00 NOTE
r-oldrel-windows-ix86+x86_64 1.1-4 2.00 16.00 18.00 NOTE

Check Details

Version: 1.1-4
Check: dependencies in R code
Result: NOTE
    ':::' call which should be '::': ‘parallel:::detectCores’
     See the note in ?`:::` about the use of this operator.
    See the information on DESCRIPTION files in the chapter ‘Creating R
    packages’ of the ‘Writing R Extensions’ manual.
Flavors: r-devel-linux-x86_64-debian-clang, r-devel-linux-x86_64-debian-gcc, r-devel-linux-x86_64-fedora-clang, r-devel-linux-x86_64-fedora-gcc, r-devel-osx-x86_64-clang, r-devel-windows-ix86+x86_64, r-patched-linux-x86_64, r-patched-solaris-sparc, r-patched-solaris-x86, r-release-linux-ix86, r-release-linux-x86_64, r-release-osx-x86_64-mavericks, r-release-windows-ix86+x86_64, r-oldrel-windows-ix86+x86_64