CRAN Package Check Results for Package batch

Last updated on 2015-03-30 10:54:15.

Flavor Version Tinstall Tcheck Ttotal Status Flags
r-devel-linux-x86_64-debian-clang 1.1-4 0.52 8.94 9.45 NOTE
r-devel-linux-x86_64-debian-gcc 1.1-4 0.51 8.42 8.94 NOTE
r-devel-linux-x86_64-fedora-clang 1.1-4 17.64 NOTE
r-devel-linux-x86_64-fedora-gcc 1.1-4 16.42 NOTE
r-devel-osx-x86_64-clang 1.1-4 23.94 NOTE
r-prerel-windows-ix86+x86_64 1.1-4 2.00 16.00 18.00 NOTE
r-prerel-linux-x86_64 1.1-4 0.52 9.05 9.57 NOTE
r-prerel-solaris-sparc 1.1-4 121.70 NOTE
r-prerel-solaris-x86 1.1-4 25.40 NOTE
r-release-linux-x86_64 1.1-4 0.55 9.10 9.65 NOTE
r-release-osx-x86_64-mavericks 1.1-4 NOTE
r-release-windows-ix86+x86_64 1.1-4 3.00 17.00 20.00 NOTE
r-oldrel-windows-ix86+x86_64 1.1-4 2.00 16.00 18.00 NOTE

Check Details

Version: 1.1-4
Check: dependencies in R code
Result: NOTE
    'library' or 'require' call to ‘parallel’ in package code.
     Please use :: or requireNamespace() instead.
     See section 'Suggested packages' in the 'Writing R Extensions' manual.
    ':::' call which should be '::': ‘parallel:::detectCores’
     See the note in ?`:::` about the use of this operator.
Flavors: r-devel-linux-x86_64-debian-clang, r-devel-linux-x86_64-debian-gcc, r-devel-linux-x86_64-fedora-clang, r-devel-linux-x86_64-fedora-gcc, r-devel-osx-x86_64-clang, r-prerel-windows-ix86+x86_64, r-prerel-linux-x86_64, r-prerel-solaris-sparc, r-prerel-solaris-x86, r-release-linux-x86_64, r-release-windows-ix86+x86_64

Version: 1.1-4
Check: dependencies in R code
Result: NOTE
    ':::' call which should be '::': ‘parallel:::detectCores’
     See the note in ?`:::` about the use of this operator.
    See the information on DESCRIPTION files in the chapter ‘Creating R
    packages’ of the ‘Writing R Extensions’ manual.
Flavors: r-release-osx-x86_64-mavericks, r-oldrel-windows-ix86+x86_64