CRAN Package Check Results for Package batch

Last updated on 2015-05-25 08:48:19.

Flavor Version Tinstall Tcheck Ttotal Status Flags
r-devel-linux-x86_64-debian-clang 1.1-4 0.60 8.68 9.28 NOTE
r-devel-linux-x86_64-debian-gcc 1.1-4 0.52 8.70 9.22 NOTE
r-devel-linux-x86_64-fedora-clang 1.1-4 17.73 NOTE
r-devel-linux-x86_64-fedora-gcc 1.1-4 17.01 NOTE
r-devel-osx-x86_64-clang 1.1-4 21.27 NOTE
r-devel-windows-ix86+x86_64 1.1-4 2.00 16.00 18.00 NOTE
r-patched-linux-x86_64 1.1-4 0.52 8.59 9.11 NOTE
r-patched-solaris-sparc 1.1-4 124.20 NOTE
r-patched-solaris-x86 1.1-4 27.10 NOTE
r-release-linux-x86_64 1.1-4 0.55 8.82 9.37 NOTE
r-release-osx-x86_64-mavericks 1.1-4 NOTE
r-release-osx-x86_64-snowleopard 1.1-4 NOTE
r-release-windows-ix86+x86_64 1.1-4 2.00 17.00 19.00 NOTE
r-oldrel-windows-ix86+x86_64 1.1-4 3.00 17.00 20.00 NOTE

Check Details

Version: 1.1-4
Check: dependencies in R code
Result: NOTE
    'library' or 'require' call to ‘parallel’ in package code.
     Please use :: or requireNamespace() instead.
     See section 'Suggested packages' in the 'Writing R Extensions' manual.
    ':::' call which should be '::': ‘parallel:::detectCores’
     See the note in ?`:::` about the use of this operator.
Flavors: r-devel-linux-x86_64-debian-clang, r-devel-linux-x86_64-debian-gcc, r-devel-linux-x86_64-fedora-clang, r-devel-linux-x86_64-fedora-gcc, r-devel-osx-x86_64-clang, r-devel-windows-ix86+x86_64, r-patched-linux-x86_64, r-patched-solaris-sparc, r-patched-solaris-x86, r-release-linux-x86_64, r-release-osx-x86_64-mavericks, r-release-osx-x86_64-snowleopard, r-release-windows-ix86+x86_64, r-oldrel-windows-ix86+x86_64