CRAN Package Check Results for Package batch

Last updated on 2017-04-27 05:51:31.

Flavor Version Tinstall Tcheck Ttotal Status Flags
r-devel-linux-x86_64-debian-clang 1.1-4 0.56 10.88 11.44 NOTE
r-devel-linux-x86_64-debian-gcc 1.1-4 0.57 10.88 11.45 NOTE
r-devel-linux-x86_64-fedora-clang 1.1-4 18.13 NOTE --no-stop-on-test-error
r-devel-linux-x86_64-fedora-gcc 1.1-4 17.49 NOTE --no-stop-on-test-error
r-devel-windows-ix86+x86_64 1.1-4 5.00 26.00 31.00 NOTE
r-patched-linux-x86_64 1.1-4 0.57 10.58 11.15 NOTE
r-patched-solaris-sparc 1.1-4 114.50 NOTE
r-patched-solaris-x86 1.1-4 26.50 NOTE
r-release-linux-x86_64 1.1-4 0.56 10.74 11.31 NOTE
r-release-windows-ix86+x86_64 1.1-4 2.00 26.00 28.00 NOTE
r-release-osx-x86_64 1.1-4 NOTE
r-oldrel-windows-ix86+x86_64 1.1-4 2.00 26.00 28.00 NOTE
r-oldrel-osx-x86_64 1.1-4 NOTE

Check Details

Version: 1.1-4
Check: dependencies in R code
Result: NOTE
    'library' or 'require' call to ‘parallel’ in package code.
     Please use :: or requireNamespace() instead.
     See section 'Suggested packages' in the 'Writing R Extensions' manual.
    ':::' call which should be '::': ‘parallel:::detectCores’
     See the note in ?`:::` about the use of this operator.
Flavors: r-devel-linux-x86_64-debian-clang, r-devel-linux-x86_64-debian-gcc, r-devel-windows-ix86+x86_64, r-patched-linux-x86_64, r-patched-solaris-sparc, r-patched-solaris-x86, r-release-linux-x86_64, r-release-windows-ix86+x86_64, r-release-osx-x86_64, r-oldrel-windows-ix86+x86_64, r-oldrel-osx-x86_64

Version: 1.1-4
Check: R code for possible problems
Result: NOTE
    asyncRunCommands: no visible global function definition for ‘runif’
    mergeCsv: no visible global function definition for ‘read.csv’
    mergeCsv: no visible global function definition for ‘write.csv’
    Undefined global functions or variables:
     read.csv runif write.csv
    Consider adding
     importFrom("stats", "runif")
     importFrom("utils", "read.csv", "write.csv")
    to your NAMESPACE file.
Flavors: r-devel-linux-x86_64-debian-clang, r-devel-linux-x86_64-debian-gcc, r-devel-windows-ix86+x86_64, r-patched-linux-x86_64, r-patched-solaris-sparc, r-patched-solaris-x86, r-release-linux-x86_64, r-release-windows-ix86+x86_64, r-release-osx-x86_64, r-oldrel-windows-ix86+x86_64, r-oldrel-osx-x86_64

Version: 1.1-4
Flags: --no-stop-on-test-error
Check: dependencies in R code
Result: NOTE
    'library' or 'require' call to ‘parallel’ in package code.
     Please use :: or requireNamespace() instead.
     See section 'Suggested packages' in the 'Writing R Extensions' manual.
    ':::' call which should be '::': ‘parallel:::detectCores’
     See the note in ?`:::` about the use of this operator.
Flavors: r-devel-linux-x86_64-fedora-clang, r-devel-linux-x86_64-fedora-gcc

Version: 1.1-4
Flags: --no-stop-on-test-error
Check: R code for possible problems
Result: NOTE
    asyncRunCommands: no visible global function definition for ‘runif’
    mergeCsv: no visible global function definition for ‘read.csv’
    mergeCsv: no visible global function definition for ‘write.csv’
    Undefined global functions or variables:
     read.csv runif write.csv
    Consider adding
     importFrom("stats", "runif")
     importFrom("utils", "read.csv", "write.csv")
    to your NAMESPACE file.
Flavors: r-devel-linux-x86_64-fedora-clang, r-devel-linux-x86_64-fedora-gcc