CRAN Package Check Results for Package batch

Last updated on 2014-10-25 03:49:22.

Flavor Version Tinstall Tcheck Ttotal Status Flags
r-devel-linux-x86_64-debian-clang 1.1-4 0.57 9.26 9.83 NOTE
r-devel-linux-x86_64-debian-gcc 1.1-4 0.57 9.16 9.73 NOTE
r-devel-linux-x86_64-fedora-clang 1.1-4 19.97 NOTE
r-devel-linux-x86_64-fedora-gcc 1.1-4 19.95 NOTE
r-devel-osx-x86_64-clang 1.1-4 22.00 NOTE
r-devel-windows-ix86+x86_64 1.1-4 2.00 16.00 18.00 NOTE
r-patched-linux-x86_64 1.1-4 0.59 9.24 9.83 NOTE
r-patched-solaris-sparc 1.1-4 102.80 NOTE
r-patched-solaris-x86 1.1-4 28.10 NOTE
r-release-linux-ix86 1.1-4 0.78 14.92 15.70 NOTE
r-release-linux-x86_64 1.1-4 0.50 9.03 9.52 NOTE
r-release-osx-x86_64-mavericks 1.1-4 NOTE
r-release-windows-ix86+x86_64 1.1-4 2.00 17.00 19.00 NOTE
r-oldrel-windows-ix86+x86_64 1.1-4 2.00 16.00 18.00 NOTE

Check Details

Version: 1.1-4
Check: dependencies in R code
Result: NOTE
    ':::' call which should be '::': ‘parallel:::detectCores’
     See the note in ?`:::` about the use of this operator.
    See the information on DESCRIPTION files in the chapter ‘Creating R
    packages’ of the ‘Writing R Extensions’ manual.
Flavors: r-devel-linux-x86_64-debian-clang, r-devel-linux-x86_64-debian-gcc, r-devel-linux-x86_64-fedora-clang, r-devel-linux-x86_64-fedora-gcc, r-devel-osx-x86_64-clang, r-devel-windows-ix86+x86_64, r-patched-linux-x86_64, r-patched-solaris-sparc, r-patched-solaris-x86, r-release-linux-ix86, r-release-linux-x86_64, r-release-osx-x86_64-mavericks, r-release-windows-ix86+x86_64, r-oldrel-windows-ix86+x86_64