CRAN Package Check Results for Package batch

Last updated on 2015-01-31 11:51:40.

Flavor Version Tinstall Tcheck Ttotal Status Flags
r-devel-linux-x86_64-debian-clang 1.1-4 0.60 8.45 9.05 NOTE
r-devel-linux-x86_64-debian-gcc 1.1-4 0.53 8.42 8.95 NOTE
r-devel-linux-x86_64-fedora-clang 1.1-4 19.79 NOTE
r-devel-linux-x86_64-fedora-gcc 1.1-4 18.93 NOTE
r-devel-osx-x86_64-clang 1.1-4 22.84 NOTE
r-devel-windows-ix86+x86_64 1.1-4 2.00 17.00 19.00 NOTE
r-patched-linux-x86_64 1.1-4 0.55 9.33 9.88 NOTE
r-patched-solaris-sparc 1.1-4 109.80 NOTE
r-patched-solaris-x86 1.1-4 29.10 NOTE
r-release-linux-ix86 1.1-4 0.80 14.33 15.13 NOTE
r-release-linux-x86_64 1.1-4 0.66 9.00 9.66 NOTE
r-release-osx-x86_64-mavericks 1.1-4 NOTE
r-release-windows-ix86+x86_64 1.1-4 2.00 16.00 18.00 NOTE
r-oldrel-windows-ix86+x86_64 1.1-4 2.00 16.00 18.00 NOTE

Check Details

Version: 1.1-4
Check: dependencies in R code
Result: NOTE
    'library' or 'require' call to ‘parallel’ in package code.
     Please use :: or requireNamespace() instead.
     See section 'Suggested packages' in the 'Writing R Extensions' manual.
    ':::' call which should be '::': ‘parallel:::detectCores’
     See the note in ?`:::` about the use of this operator.
Flavors: r-devel-linux-x86_64-debian-clang, r-devel-linux-x86_64-debian-gcc, r-devel-linux-x86_64-fedora-clang, r-devel-linux-x86_64-fedora-gcc, r-devel-osx-x86_64-clang, r-devel-windows-ix86+x86_64

Version: 1.1-4
Check: dependencies in R code
Result: NOTE
    ':::' call which should be '::': ‘parallel:::detectCores’
     See the note in ?`:::` about the use of this operator.
    See the information on DESCRIPTION files in the chapter ‘Creating R
    packages’ of the ‘Writing R Extensions’ manual.
Flavors: r-patched-linux-x86_64, r-patched-solaris-sparc, r-patched-solaris-x86, r-release-linux-ix86, r-release-linux-x86_64, r-release-osx-x86_64-mavericks, r-release-windows-ix86+x86_64, r-oldrel-windows-ix86+x86_64