CRAN Package Check Results for Package batch

Last updated on 2015-02-27 20:49:28.

Flavor Version Tinstall Tcheck Ttotal Status Flags
r-devel-linux-x86_64-debian-clang 1.1-4 0.52 8.75 9.28 NOTE
r-devel-linux-x86_64-debian-gcc 1.1-4 0.54 9.11 9.65 NOTE
r-devel-linux-x86_64-fedora-clang 1.1-4 18.18 NOTE
r-devel-linux-x86_64-fedora-gcc 1.1-4 16.51 NOTE
r-devel-osx-x86_64-clang 1.1-4 21.18 NOTE
r-devel-windows-ix86+x86_64 1.1-4 2.00 16.00 18.00 NOTE
r-patched-linux-x86_64 1.1-4 0.57 9.26 9.82 NOTE
r-patched-solaris-sparc 1.1-4 142.20 NOTE
r-release-linux-ix86 1.1-4 0.81 14.56 15.37 NOTE
r-release-linux-x86_64 1.1-4 0.54 9.36 9.90 NOTE
r-release-osx-x86_64-mavericks 1.1-4 NOTE
r-release-windows-ix86+x86_64 1.1-4 2.00 16.00 18.00 NOTE
r-oldrel-windows-ix86+x86_64 1.1-4 2.00 16.00 18.00 NOTE

Check Details

Version: 1.1-4
Check: dependencies in R code
Result: NOTE
    'library' or 'require' call to ‘parallel’ in package code.
     Please use :: or requireNamespace() instead.
     See section 'Suggested packages' in the 'Writing R Extensions' manual.
    ':::' call which should be '::': ‘parallel:::detectCores’
     See the note in ?`:::` about the use of this operator.
Flavors: r-devel-linux-x86_64-debian-clang, r-devel-linux-x86_64-debian-gcc, r-devel-linux-x86_64-fedora-clang, r-devel-linux-x86_64-fedora-gcc, r-devel-osx-x86_64-clang, r-devel-windows-ix86+x86_64, r-patched-linux-x86_64, r-patched-solaris-sparc

Version: 1.1-4
Check: dependencies in R code
Result: NOTE
    ':::' call which should be '::': ‘parallel:::detectCores’
     See the note in ?`:::` about the use of this operator.
    See the information on DESCRIPTION files in the chapter ‘Creating R
    packages’ of the ‘Writing R Extensions’ manual.
Flavors: r-release-linux-ix86, r-release-linux-x86_64, r-release-osx-x86_64-mavericks, r-release-windows-ix86+x86_64, r-oldrel-windows-ix86+x86_64