CRAN Package Check Results for Package batch

Last updated on 2015-07-02 19:46:56.

Flavor Version Tinstall Tcheck Ttotal Status Flags
r-devel-linux-x86_64-debian-clang 1.1-4 0.48 8.51 9.00 NOTE
r-devel-linux-x86_64-debian-gcc 1.1-4 0.48 8.28 8.77 NOTE
r-devel-linux-x86_64-fedora-clang 1.1-4 16.54 NOTE
r-devel-linux-x86_64-fedora-gcc 1.1-4 14.58 NOTE
r-devel-osx-x86_64-clang 1.1-4 18.67 NOTE
r-devel-windows-ix86+x86_64 1.1-4 3.00 15.00 18.00 NOTE
r-patched-linux-x86_64 1.1-4 0.62 8.59 9.21 NOTE
r-patched-solaris-sparc 1.1-4 124.20 NOTE
r-patched-solaris-x86 1.1-4 26.00 NOTE
r-release-linux-x86_64 1.1-4 0.51 8.78 9.29 NOTE
r-release-osx-x86_64-mavericks 1.1-4 NOTE
r-release-windows-ix86+x86_64 1.1-4 2.00 16.00 18.00 NOTE
r-oldrel-windows-ix86+x86_64 1.1-4 3.00 17.00 20.00 NOTE

Check Details

Version: 1.1-4
Check: dependencies in R code
Result: NOTE
    'library' or 'require' call to ‘parallel’ in package code.
     Please use :: or requireNamespace() instead.
     See section 'Suggested packages' in the 'Writing R Extensions' manual.
    ':::' call which should be '::': ‘parallel:::detectCores’
     See the note in ?`:::` about the use of this operator.
Flavors: r-devel-linux-x86_64-debian-clang, r-devel-linux-x86_64-debian-gcc, r-devel-linux-x86_64-fedora-clang, r-devel-linux-x86_64-fedora-gcc, r-devel-osx-x86_64-clang, r-devel-windows-ix86+x86_64, r-patched-linux-x86_64, r-patched-solaris-sparc, r-patched-solaris-x86, r-release-linux-x86_64, r-release-osx-x86_64-mavericks, r-release-windows-ix86+x86_64, r-oldrel-windows-ix86+x86_64

Version: 1.1-4
Check: R code for possible problems
Result: NOTE
    asyncRunCommands: no visible global function definition for ‘runif’
    mergeCsv: no visible global function definition for ‘read.csv’
    mergeCsv: no visible global function definition for ‘write.csv’
    Undefined global functions or variables:
     read.csv runif write.csv
Flavors: r-devel-linux-x86_64-debian-clang, r-devel-linux-x86_64-fedora-clang, r-devel-linux-x86_64-fedora-gcc

Version: 1.1-4
Check: R code for possible problems
Result: NOTE
    asyncRunCommands: no visible global function definition for ‘runif’
    mergeCsv: no visible global function definition for ‘read.csv’
    mergeCsv: no visible global function definition for ‘write.csv’
Flavor: r-devel-linux-x86_64-debian-gcc