CRAN Package Check Results for Package batch

Last updated on 2014-12-19 20:48:11.

Flavor Version Tinstall Tcheck Ttotal Status Flags
r-devel-linux-x86_64-debian-clang 1.1-4 0.57 9.07 9.64 NOTE
r-devel-linux-x86_64-debian-gcc 1.1-4 0.53 9.01 9.54 NOTE
r-devel-linux-x86_64-fedora-clang 1.1-4 20.06 NOTE
r-devel-linux-x86_64-fedora-gcc 1.1-4 18.67 NOTE
r-devel-osx-x86_64-clang 1.1-4 22.45 NOTE
r-devel-windows-ix86+x86_64 1.1-4 4.00 21.00 25.00 NOTE
r-patched-linux-x86_64 1.1-4 0.56 8.95 9.51 NOTE
r-patched-solaris-sparc 1.1-4 102.80 NOTE
r-patched-solaris-x86 1.1-4 28.90 NOTE
r-release-linux-ix86 1.1-4 0.81 14.07 14.88 NOTE
r-release-linux-x86_64 1.1-4 0.56 9.05 9.61 NOTE
r-release-osx-x86_64-mavericks 1.1-4 NOTE
r-release-windows-ix86+x86_64 1.1-4 2.00 16.00 18.00 NOTE
r-oldrel-windows-ix86+x86_64 1.1-4 2.00 16.00 18.00 NOTE

Check Details

Version: 1.1-4
Check: dependencies in R code
Result: NOTE
    ':::' call which should be '::': ‘parallel:::detectCores’
     See the note in ?`:::` about the use of this operator.
    See the information on DESCRIPTION files in the chapter ‘Creating R
    packages’ of the ‘Writing R Extensions’ manual.
Flavors: r-devel-linux-x86_64-debian-clang, r-devel-linux-x86_64-debian-gcc, r-devel-linux-x86_64-fedora-clang, r-devel-linux-x86_64-fedora-gcc, r-devel-osx-x86_64-clang, r-devel-windows-ix86+x86_64, r-patched-linux-x86_64, r-patched-solaris-sparc, r-patched-solaris-x86, r-release-linux-ix86, r-release-linux-x86_64, r-release-osx-x86_64-mavericks, r-release-windows-ix86+x86_64, r-oldrel-windows-ix86+x86_64