CRAN Package Check Results for Package bayesDccGarch

Last updated on 2024-03-01 07:52:38 CET.

Flavor Version Tinstall Tcheck Ttotal Status Flags
r-devel-linux-x86_64-debian-clang 3.0.4 5.93 30.15 36.08 NOTE
r-devel-linux-x86_64-debian-gcc 3.0.4 4.84 22.75 27.59 NOTE
r-devel-linux-x86_64-fedora-clang 3.0.4 45.82 NOTE
r-devel-linux-x86_64-fedora-gcc 3.0.4 43.99 NOTE
r-devel-windows-x86_64 3.0.4 8.00 46.00 54.00 OK
r-patched-linux-x86_64 3.0.4 6.81 29.00 35.81 OK
r-release-linux-x86_64 3.0.4 5.22 29.48 34.70 OK
r-release-macos-arm64 3.0.4 22.00 OK
r-release-macos-x86_64 3.0.4 43.00 OK
r-release-windows-x86_64 3.0.4 8.00 48.00 56.00 OK
r-oldrel-macos-arm64 3.0.4 22.00 OK
r-oldrel-windows-x86_64 3.0.4 8.00 53.00 61.00 OK

Check Details

Version: 3.0.4
Check: Rd files
Result: NOTE checkRd: (-1) bayesDccGarch.Rd:91: Lost braces; missing escapes or markup? 91 | \item{$H_n1 }{ Bayesian prediction of volatilities and co-volatilities for y_{n+1}.} | ^ checkRd: (-1) bayesDccGarch.Rd:92: Lost braces; missing escapes or markup? 92 | \item{$R_n1 }{ Bayesian prediction of coditional correlation for y_{n+1}.} | ^ Flavors: r-devel-linux-x86_64-debian-clang, r-devel-linux-x86_64-debian-gcc, r-devel-linux-x86_64-fedora-clang, r-devel-linux-x86_64-fedora-gcc