CRAN Package Check Results for Package bayesDccGarch

Last updated on 2019-05-24 00:48:14 CEST.

Flavor Version Tinstall Tcheck Ttotal Status Flags
r-devel-linux-x86_64-debian-clang 2.0 6.33 29.86 36.19 NOTE
r-devel-linux-x86_64-debian-gcc 2.0 3.28 23.67 26.95 NOTE
r-devel-linux-x86_64-fedora-clang 2.0 46.42 NOTE
r-devel-linux-x86_64-fedora-gcc 2.0 41.27 NOTE
r-devel-windows-ix86+x86_64 2.0 12.00 77.00 89.00 NOTE
r-patched-linux-x86_64 2.0 3.30 27.78 31.08 NOTE
r-patched-solaris-x86 2.0 65.50 NOTE
r-release-linux-x86_64 2.0 3.45 30.42 33.87 NOTE
r-release-windows-ix86+x86_64 2.0 20.00 62.00 82.00 NOTE
r-release-osx-x86_64 2.0 NOTE
r-oldrel-windows-ix86+x86_64 2.0 10.00 56.00 66.00 NOTE
r-oldrel-osx-x86_64 2.0 NOTE

Check Details

Version: 2.0
Check: DESCRIPTION meta-information
Result: NOTE
    BugReports field is not a suitable URL but contains an email address
     which will be used as from R 3.4.0
Flavors: r-devel-linux-x86_64-debian-clang, r-devel-linux-x86_64-debian-gcc, r-devel-linux-x86_64-fedora-clang, r-devel-linux-x86_64-fedora-gcc, r-devel-windows-ix86+x86_64, r-patched-linux-x86_64, r-patched-solaris-x86, r-release-linux-x86_64, r-release-windows-ix86+x86_64, r-release-osx-x86_64, r-oldrel-windows-ix86+x86_64, r-oldrel-osx-x86_64

Version: 2.0
Check: compiled code
Result: NOTE
    File ‘bayesDccGarch/libs/bayesDccGarch.so’:
     Found no calls to: ‘R_registerRoutines’, ‘R_useDynamicSymbols’
    
    It is good practice to register native routines and to disable symbol
    search.
    
    See ‘Writing portable packages’ in the ‘Writing R Extensions’ manual.
Flavors: r-devel-linux-x86_64-fedora-clang, r-devel-linux-x86_64-fedora-gcc