CRAN Package Check Results for Package bayesDccGarch

Last updated on 2019-08-22 00:51:08 CEST.

Flavor Version Tinstall Tcheck Ttotal Status Flags
r-devel-linux-x86_64-debian-clang 2.0 5.94 30.59 36.53 NOTE
r-devel-linux-x86_64-debian-gcc 2.0 3.72 23.65 27.37 NOTE
r-devel-linux-x86_64-fedora-clang 2.0 47.69 NOTE
r-devel-linux-x86_64-fedora-gcc 2.0 41.70 NOTE
r-devel-windows-ix86+x86_64 2.0 19.00 65.00 84.00 NOTE
r-patched-linux-x86_64 2.0 3.68 30.19 33.87 NOTE
r-patched-solaris-x86 2.0 67.40 NOTE
r-release-linux-x86_64 2.0 3.84 30.48 34.32 NOTE
r-release-windows-ix86+x86_64 2.0 23.00 85.00 108.00 NOTE
r-release-osx-x86_64 2.0 NOTE
r-oldrel-windows-ix86+x86_64 2.0 14.00 80.00 94.00 NOTE
r-oldrel-osx-x86_64 2.0 NOTE

Check Details

Version: 2.0
Check: DESCRIPTION meta-information
Result: NOTE
    BugReports field is not a suitable URL but contains an email address
     which will be used as from R 3.4.0
Flavors: r-devel-linux-x86_64-debian-clang, r-devel-linux-x86_64-debian-gcc, r-devel-linux-x86_64-fedora-clang, r-devel-linux-x86_64-fedora-gcc, r-devel-windows-ix86+x86_64, r-patched-linux-x86_64, r-patched-solaris-x86, r-release-linux-x86_64, r-release-windows-ix86+x86_64, r-release-osx-x86_64, r-oldrel-windows-ix86+x86_64, r-oldrel-osx-x86_64

Version: 2.0
Check: compiled code
Result: NOTE
    File ‘bayesDccGarch/libs/bayesDccGarch.so’:
     Found no calls to: ‘R_registerRoutines’, ‘R_useDynamicSymbols’
    
    It is good practice to register native routines and to disable symbol
    search.
    
    See ‘Writing portable packages’ in the ‘Writing R Extensions’ manual.
Flavors: r-devel-linux-x86_64-fedora-clang, r-devel-linux-x86_64-fedora-gcc