CRAN Package Check Results for Package bayesDem

Last updated on 2014-11-27 14:47:13.

Flavor Version Tinstall Tcheck Ttotal Status Flags
r-devel-linux-x86_64-debian-clang 2.4-1 4.63 69.57 74.20 OK
r-devel-linux-x86_64-debian-gcc 2.4-1 4.33 66.91 71.24 OK
r-devel-linux-x86_64-fedora-clang 2.4-1 163.15 OK
r-devel-linux-x86_64-fedora-gcc 2.4-1 169.47 OK
r-devel-osx-x86_64-clang 2.4-1 134.59 OK
r-devel-windows-ix86+x86_64 2.4-1 18.00 102.00 120.00 OK
r-patched-linux-x86_64 2.4-1 4.65 70.25 74.90 OK
r-patched-solaris-sparc 2.4-1 866.40 OK
r-patched-solaris-x86 2.4-1 214.30 OK
r-release-linux-ix86 2.4-1 5.29 81.31 86.60 OK
r-release-linux-x86_64 2.4-1 4.61 69.97 74.58 OK
r-release-osx-x86_64-mavericks 2.4-1 ERROR
r-release-osx-x86_64-snowleopard 2.4-1 OK
r-release-windows-ix86+x86_64 2.4-1 17.00 103.00 120.00 OK
r-oldrel-windows-ix86+x86_64 2.4-1 19.00 111.00 130.00 OK

Check Details

Version: 2.4-1
Check: package dependencies
Result: ERROR
    Packages required but not available: ‘gWidgetsRGtk2’ ‘RGtk2’
    
    See the information on DESCRIPTION files in the chapter ‘Creating R
    packages’ of the ‘Writing R Extensions’ manual.
Flavor: r-release-osx-x86_64-mavericks