CRAN Package Check Results for Package bayesDem

Last updated on 2017-06-27 04:47:57.

Flavor Version Tinstall Tcheck Ttotal Status Flags
r-devel-linux-x86_64-debian-clang 2.5-1 7.53 90.56 98.09 OK
r-devel-linux-x86_64-debian-gcc 2.5-1 7.66 89.73 97.40 OK
r-devel-linux-x86_64-fedora-clang 2.5-1 198.30 OK
r-devel-linux-x86_64-fedora-gcc 2.5-1 198.18 OK
r-devel-windows-ix86+x86_64 2.5-1 35.00 144.00 179.00 OK
r-patched-linux-x86_64 2.5-1 7.64 93.03 100.68 OK
r-patched-solaris-sparc 2.5-1 1242.00 OK
r-patched-solaris-x86 2.5-1 277.10 OK
r-release-linux-x86_64 2.5-1 8.15 91.74 99.89 OK
r-release-windows-ix86+x86_64 2.5-1 24.00 206.00 230.00 OK
r-release-osx-x86_64 2.5-1 ERROR
r-oldrel-windows-ix86+x86_64 2.5-1 33.00 200.00 233.00 OK
r-oldrel-osx-x86_64 2.5-1 OK

Check Details

Version: 2.5-1
Check: package dependencies
Result: ERROR
    Packages required but not available: ‘gWidgetsRGtk2’ ‘RGtk2’
    
    See section ‘The DESCRIPTION file’ in the ‘Writing R Extensions’
    manual.
Flavor: r-release-osx-x86_64