CRAN Package Check Results for Package bayesDem

Last updated on 2015-07-28 23:47:23.

Flavor Version Tinstall Tcheck Ttotal Status Flags
r-devel-linux-x86_64-debian-clang 2.4-1 9.25 100.09 109.34 NOTE
r-devel-linux-x86_64-debian-gcc 2.4-1 7.21 95.79 103.00 NOTE
r-devel-linux-x86_64-fedora-clang 2.4-1 206.59 NOTE
r-devel-linux-x86_64-fedora-gcc 2.4-1 197.83 NOTE
r-devel-osx-x86_64-clang 2.4-1 167.73 NOTE
r-devel-windows-ix86+x86_64 2.4-1 24.00 136.00 160.00 NOTE
r-patched-linux-x86_64 2.4-1 7.83 98.86 106.69 NOTE
r-patched-solaris-sparc 2.4-1 1101.50 NOTE
r-patched-solaris-x86 2.4-1 288.50 NOTE
r-release-linux-x86_64 2.4-1 7.26 95.90 103.16 NOTE
r-release-osx-x86_64-mavericks 2.4-1 NOTE
r-release-windows-ix86+x86_64 2.4-1 29.00 139.00 168.00 NOTE
r-oldrel-windows-ix86+x86_64 2.4-1 37.00 211.00 248.00 OK

Check Details

Version: 2.4-1
Check: DESCRIPTION meta-information
Result: NOTE
    Malformed Description field: should contain one or more complete sentences.
Flavors: r-devel-linux-x86_64-debian-clang, r-devel-linux-x86_64-debian-gcc, r-devel-linux-x86_64-fedora-clang, r-devel-linux-x86_64-fedora-gcc, r-devel-osx-x86_64-clang, r-devel-windows-ix86+x86_64, r-patched-linux-x86_64, r-patched-solaris-sparc, r-patched-solaris-x86, r-release-linux-x86_64, r-release-osx-x86_64-mavericks, r-release-windows-ix86+x86_64

Version: 2.4-1
Check: R code for possible problems
Result: NOTE
    TFRresults.group: no visible binding for global variable ‘png’
    bayesDem.go: no visible global function definition for ‘packageVersion’
    create.graphics.map.window : newMap: no visible global function
     definition for ‘dev.set’
    create.graphics.map.window : close.map: no visible global function
     definition for ‘dev.off’
    create.graphics.map.window: no visible global function definition for
     ‘dev.cur’
    create.graphics.window: no visible global function definition for
     ‘dev.cur’
    e0PredTab: no visible global function definition for ‘packageVersion’
    e0Results.group: no visible binding for global variable ‘png’
    popPredTab: no visible global function definition for ‘packageVersion’
    popResults.group: no visible binding for global variable ‘png’
    saveGraph : <anonymous>: no visible global function definition for
     ‘dev.set’
    tfrPredTab: no visible global function definition for ‘packageVersion’
    Undefined global functions or variables:
     dev.cur dev.off dev.set packageVersion png
    Consider adding
     importFrom("grDevices", "dev.cur", "dev.off", "dev.set", "png")
     importFrom("utils", "packageVersion")
    to your NAMESPACE.
Flavors: r-devel-linux-x86_64-debian-clang, r-devel-linux-x86_64-debian-gcc, r-devel-linux-x86_64-fedora-clang, r-devel-linux-x86_64-fedora-gcc, r-devel-windows-ix86+x86_64