CRAN Package Check Results for Package bayesDem

Last updated on 2017-05-24 01:48:49.

Flavor Version Tinstall Tcheck Ttotal Status Flags
r-devel-linux-x86_64-debian-clang 2.5-1 8.00 91.27 99.27 OK
r-devel-linux-x86_64-debian-gcc 2.5-1 7.93 91.00 98.93 OK
r-devel-linux-x86_64-fedora-clang 2.5-1 202.14 OK --no-stop-on-test-error
r-devel-linux-x86_64-fedora-gcc 2.5-1 196.60 OK --no-stop-on-test-error
r-devel-windows-ix86+x86_64 2.5-1 20.00 158.00 178.00 OK
r-patched-linux-x86_64 2.5-1 7.51 92.65 100.16 OK
r-patched-solaris-sparc 2.5-1 1242.00 OK
r-patched-solaris-x86 2.5-1 276.10 OK
r-release-linux-x86_64 2.5-1 7.53 92.71 100.23 OK
r-release-windows-ix86+x86_64 2.5-1 23.00 228.00 251.00 OK
r-release-osx-x86_64 2.5-1 ERROR
r-oldrel-windows-ix86+x86_64 2.5-1 30.00 215.00 245.00 OK
r-oldrel-osx-x86_64 2.5-1 OK

Check Details

Version: 2.5-1
Check: package dependencies
Result: ERROR
    Packages required but not available: ‘gWidgetsRGtk2’ ‘RGtk2’
    
    See section ‘The DESCRIPTION file’ in the ‘Writing R Extensions’
    manual.
Flavor: r-release-osx-x86_64