CRAN Package Check Results for Package bayesDem

Last updated on 2018-07-23 01:51:32 CEST.

Flavor Version Tinstall Tcheck Ttotal Status Flags
r-devel-linux-x86_64-debian-clang 2.5-1 14.58 120.10 134.68 OK
r-devel-linux-x86_64-debian-gcc 2.5-1 11.07 104.50 115.57 OK
r-devel-linux-x86_64-fedora-clang 2.5-1 173.93 OK
r-devel-linux-x86_64-fedora-gcc 2.5-1 169.30 OK
r-devel-windows-ix86+x86_64 2.5-1 43.00 157.00 200.00 OK
r-patched-linux-x86_64 2.5-1 OK
r-patched-solaris-x86 2.5-1 240.20 OK
r-release-linux-x86_64 2.5-1 13.34 115.99 129.33 OK
r-release-windows-ix86+x86_64 2.5-1 25.00 123.00 148.00 OK
r-release-osx-x86_64 2.5-1 ERROR
r-oldrel-windows-ix86+x86_64 2.5-1 20.00 195.00 215.00 OK
r-oldrel-osx-x86_64 2.5-1 ERROR

Check Details

Version: 2.5-1
Check: package dependencies
Result: ERROR
    Packages required but not available: ‘gWidgetsRGtk2’ ‘RGtk2’
    
    See section ‘The DESCRIPTION file’ in the ‘Writing R Extensions’
    manual.
Flavors: r-release-osx-x86_64, r-oldrel-osx-x86_64