CRAN Package Check Results for Package bayesDem

Last updated on 2017-10-17 23:48:20.

Flavor Version Tinstall Tcheck Ttotal Status Flags
r-devel-linux-x86_64-debian-clang 2.5-1 7.33 92.19 99.52 OK
r-devel-linux-x86_64-debian-gcc 2.5-1 6.68 94.34 101.01 OK
r-devel-linux-x86_64-fedora-clang 2.5-1 207.68 OK
r-devel-linux-x86_64-fedora-gcc 2.5-1 208.94 OK
r-devel-windows-ix86+x86_64 2.5-1 19.00 147.00 166.00 OK
r-patched-linux-x86_64 2.5-1 7.87 94.08 101.94 OK
r-patched-solaris-x86 2.5-1 290.50 OK
r-release-linux-x86_64 2.5-1 7.28 93.56 100.84 OK
r-release-windows-ix86+x86_64 2.5-1 31.00 212.00 243.00 OK
r-release-osx-x86_64 2.5-1 ERROR
r-oldrel-windows-ix86+x86_64 2.5-1 39.00 224.00 263.00 OK
r-oldrel-osx-x86_64 2.5-1 OK

Check Details

Version: 2.5-1
Check: package dependencies
Result: ERROR
    Packages required but not available: ‘gWidgetsRGtk2’ ‘RGtk2’
    
    See section ‘The DESCRIPTION file’ in the ‘Writing R Extensions’
    manual.
Flavor: r-release-osx-x86_64