CRAN Package Check Results for Package bayesDem

Last updated on 2016-07-28 06:47:11.

Flavor Version Tinstall Tcheck Ttotal Status Flags
r-devel-linux-x86_64-debian-clang 2.5-0 11.29 104.03 115.32 OK
r-devel-linux-x86_64-debian-gcc 2.5-0 9.61 105.90 115.51 OK
r-devel-linux-x86_64-fedora-clang 2.5-0 196.46 OK
r-devel-linux-x86_64-fedora-gcc 2.5-0 185.79 OK
r-devel-osx-x86_64-clang 2.5-0 156.05 OK
r-devel-windows-ix86+x86_64 2.5-0 26.00 156.00 182.00 OK
r-patched-linux-x86_64 2.5-0 8.62 99.89 108.52 OK
r-patched-solaris-sparc 2.5-0 1150.40 OK
r-patched-solaris-x86 2.5-0 247.00 OK
r-release-linux-x86_64 2.5-0 7.95 102.72 110.67 OK
r-release-osx-x86_64-mavericks 2.5-0 ERROR
r-release-windows-ix86+x86_64 2.5-0 30.00 148.00 178.00 OK
r-oldrel-windows-ix86+x86_64 2.5-0 32.00 237.00 269.00 OK

Check Details

Version: 2.5-0
Check: whether package can be installed
Result: ERROR
    Installation failed.
Flavor: r-release-osx-x86_64-mavericks