CRAN Package Check Results for Package bayesDem

Last updated on 2015-03-30 07:48:21.

Flavor Version Tinstall Tcheck Ttotal Status Flags
r-devel-linux-x86_64-debian-clang 2.4-1 6.61 86.25 92.86 NOTE
r-devel-linux-x86_64-debian-gcc 2.4-1 6.58 80.15 86.73 NOTE
r-devel-linux-x86_64-fedora-clang 2.4-1 180.96 NOTE
r-devel-linux-x86_64-fedora-gcc 2.4-1 174.28 NOTE
r-devel-osx-x86_64-clang 2.4-1 160.15 NOTE
r-prerel-windows-ix86+x86_64 2.4-1 18.00 121.00 139.00 NOTE
r-prerel-linux-x86_64 2.4-1 6.82 81.11 87.93 NOTE
r-prerel-solaris-sparc 2.4-1 1079.50 NOTE
r-prerel-solaris-x86 2.4-1 236.80 NOTE
r-release-linux-x86_64 2.4-1 10.33 112.38 122.72 OK
r-release-osx-x86_64-mavericks 2.4-1 ERROR
r-release-osx-x86_64-snowleopard 2.4-1 OK
r-release-windows-ix86+x86_64 2.4-1 31.00 187.00 218.00 OK
r-oldrel-windows-ix86+x86_64 2.4-1 28.00 179.00 207.00 OK

Check Details

Version: 2.4-1
Check: DESCRIPTION meta-information
Result: NOTE
    Malformed Description field: should contain one or more complete sentences.
Flavors: r-devel-linux-x86_64-debian-clang, r-devel-linux-x86_64-debian-gcc, r-devel-linux-x86_64-fedora-clang, r-devel-linux-x86_64-fedora-gcc, r-devel-osx-x86_64-clang, r-prerel-windows-ix86+x86_64, r-prerel-linux-x86_64, r-prerel-solaris-sparc, r-prerel-solaris-x86

Version: 2.4-1
Check: package dependencies
Result: ERROR
    Packages required but not available: ‘gWidgetsRGtk2’ ‘RGtk2’
    
    See section ‘The DESCRIPTION file’ in the ‘Writing R Extensions’
    manual.
Flavor: r-release-osx-x86_64-mavericks