CRAN Package Check Results for Package bayesDem

Last updated on 2016-09-27 03:50:41.

Flavor Version Tinstall Tcheck Ttotal Status Flags
r-devel-linux-x86_64-debian-clang 2.5-0 6.56 83.66 90.22 OK
r-devel-linux-x86_64-debian-gcc 2.5-0 6.58 87.42 94.00 OK
r-devel-linux-x86_64-fedora-clang 2.5-0 188.61 OK
r-devel-linux-x86_64-fedora-gcc 2.5-0 179.83 OK
r-devel-macos-x86_64-clang 2.5-0 140.83 OK
r-devel-windows-ix86+x86_64 2.5-0 30.00 205.00 235.00 OK
r-patched-linux-x86_64 2.5-0 7.14 84.94 92.09 OK
r-patched-solaris-sparc 2.5-0 1252.10 OK
r-patched-solaris-x86 2.5-0 247.80 OK
r-release-linux-x86_64 2.5-0 6.83 90.08 96.91 OK
r-release-osx-x86_64-mavericks 2.5-0 ERROR
r-release-windows-ix86+x86_64 2.5-0 31.00 217.00 248.00 OK
r-oldrel-windows-ix86+x86_64 2.5-0 30.00 216.00 246.00 OK

Check Details

Version: 2.5-0
Check: whether package can be installed
Result: ERROR
    Installation failed.
Flavor: r-release-osx-x86_64-mavericks