CRAN Package Check Results for Package bayesDem

Last updated on 2014-09-02 08:47:10.

Flavor Version Tinstall Tcheck Ttotal Status Flags
r-devel-linux-x86_64-debian-clang 2.4-1 4.33 66.40 70.73 OK
r-devel-linux-x86_64-debian-gcc 2.4-1 4.20 64.66 68.87 OK
r-devel-linux-x86_64-fedora-clang 2.4-1 169.04 OK
r-devel-linux-x86_64-fedora-gcc 2.4-1 152.85 OK
r-devel-osx-x86_64-clang 2.4-1 132.77 OK
r-devel-windows-ix86+x86_64 2.4-1 19.00 100.00 119.00 OK
r-patched-linux-x86_64 2.4-1 4.62 70.70 75.32 OK
r-patched-solaris-sparc 2.4-1 866.40 OK
r-patched-solaris-x86 2.4-1 208.10 OK
r-release-linux-ix86 2.4-1 5.89 88.82 94.71 OK
r-release-linux-x86_64 2.4-1 4.87 72.46 77.34 OK
r-release-osx-x86_64-mavericks 2.4-1 ERROR
r-release-osx-x86_64-snowleopard 2.4-1 OK
r-release-windows-ix86+x86_64 2.4-1 20.00 108.00 128.00 OK
r-oldrel-windows-ix86+x86_64 2.4-1 21.00 118.00 139.00 OK

Check Details

Version: 2.4-1
Check: package dependencies
Result: ERROR
    Packages required but not available: ‘gWidgetsRGtk2’ ‘RGtk2’
    
    See the information on DESCRIPTION files in the chapter ‘Creating R
    packages’ of the ‘Writing R Extensions’ manual.
Flavor: r-release-osx-x86_64-mavericks