CRAN Package Check Results for Package bayesDem

Last updated on 2016-08-24 10:49:19.

Flavor Version Tinstall Tcheck Ttotal Status Flags
r-devel-linux-x86_64-debian-clang 2.5-0 10.18 93.91 104.10 OK
r-devel-linux-x86_64-debian-gcc 2.5-0 7.16 92.36 99.52 OK
r-devel-linux-x86_64-fedora-clang 2.5-0 197.48 OK
r-devel-linux-x86_64-fedora-gcc 2.5-0 189.84 OK
r-devel-osx-x86_64-clang 2.5-0 155.94 OK
r-devel-windows-ix86+x86_64 2.5-0 31.00 206.00 237.00 OK
r-patched-linux-x86_64 2.5-0 7.54 87.48 95.02 OK
r-patched-solaris-sparc 2.5-0 1252.10 OK
r-patched-solaris-x86 2.5-0 246.80 OK
r-release-linux-x86_64 2.5-0 7.43 89.66 97.10 OK
r-release-osx-x86_64-mavericks 2.5-0 ERROR
r-release-windows-ix86+x86_64 2.5-0 27.00 148.00 175.00 OK
r-oldrel-windows-ix86+x86_64 2.5-0 32.00 141.00 173.00 OK

Check Details

Version: 2.5-0
Check: whether package can be installed
Result: ERROR
    Installation failed.
Flavor: r-release-osx-x86_64-mavericks