CRAN Package Check Results for Package bayesDem

Last updated on 2016-05-30 13:47:23.

Flavor Version Tinstall Tcheck Ttotal Status Flags
r-devel-linux-x86_64-debian-gcc 2.5-0 7.32 89.58 96.90 OK
r-devel-linux-x86_64-fedora-clang 2.5-0 202.69 OK
r-devel-linux-x86_64-fedora-gcc 2.5-0 184.60 OK
r-devel-osx-x86_64-clang 2.5-0 202.85 OK
r-devel-windows-ix86+x86_64 2.5-0 19.00 140.00 159.00 OK
r-patched-linux-x86_64 2.5-0 7.23 89.04 96.27 OK
r-patched-solaris-sparc 2.5-0 1148.20 OK
r-patched-solaris-x86 2.5-0 250.00 OK
r-release-linux-x86_64 2.5-0 9.57 88.29 97.86 OK
r-release-osx-x86_64-mavericks 2.5-0 ERROR
r-release-windows-ix86+x86_64 2.5-0 29.00 149.00 178.00 OK
r-oldrel-windows-ix86+x86_64 2.5-0 23.00 232.00 255.00 OK

Check Details

Version: 2.5-0
Check: whether package can be installed
Result: ERROR
    Installation failed.
Flavor: r-release-osx-x86_64-mavericks