CRAN Package Check Results for Package bayesDem

Last updated on 2017-12-15 02:48:13 CET.

Flavor Version Tinstall Tcheck Ttotal Status Flags
r-devel-linux-x86_64-debian-clang 2.5-1 8.96 121.56 130.52 OK
r-devel-linux-x86_64-debian-gcc 2.5-1 7.61 109.43 117.04 OK
r-devel-linux-x86_64-fedora-clang 2.5-1 177.45 OK
r-devel-linux-x86_64-fedora-gcc 2.5-1 179.37 OK
r-devel-windows-ix86+x86_64 2.5-1 40.00 4.00 44.00 ERROR
r-patched-linux-x86_64 2.5-1 10.10 158.75 168.85 OK
r-patched-solaris-x86 2.5-1 288.40 OK
r-release-linux-x86_64 2.5-1 9.83 158.16 167.99 OK
r-release-windows-ix86+x86_64 2.5-1 32.00 4.00 36.00 ERROR
r-release-osx-x86_64 2.5-1 ERROR
r-oldrel-windows-ix86+x86_64 2.5-1 39.00 6.00 45.00 ERROR
r-oldrel-osx-x86_64 2.5-1 OK

Check Details

Version: 2.5-1
Check: whether package can be installed
Result: ERROR
    Installation failed.
Flavors: r-devel-windows-ix86+x86_64, r-release-windows-ix86+x86_64, r-oldrel-windows-ix86+x86_64

Version: 2.5-1
Check: package dependencies
Result: ERROR
    Packages required but not available: ‘gWidgetsRGtk2’ ‘RGtk2’
    
    See section ‘The DESCRIPTION file’ in the ‘Writing R Extensions’
    manual.
Flavor: r-release-osx-x86_64