CRAN Package Check Results for Package bayesDem

Last updated on 2014-12-19 15:48:21.

Flavor Version Tinstall Tcheck Ttotal Status Flags
r-devel-linux-x86_64-debian-clang 2.4-1 4.49 69.08 73.57 OK
r-devel-linux-x86_64-debian-gcc 2.4-1 4.26 66.19 70.45 OK
r-devel-linux-x86_64-fedora-clang 2.4-1 164.78 OK
r-devel-linux-x86_64-fedora-gcc 2.4-1 149.84 OK
r-devel-osx-x86_64-clang 2.4-1 138.93 OK
r-devel-windows-ix86+x86_64 2.4-1 19.00 104.00 123.00 OK
r-patched-linux-x86_64 2.4-1 4.69 72.77 77.46 OK
r-patched-solaris-sparc 2.4-1 866.40 OK
r-patched-solaris-x86 2.4-1 216.30 OK
r-release-linux-ix86 2.4-1 5.36 82.80 88.16 OK
r-release-linux-x86_64 2.4-1 4.66 71.62 76.28 OK
r-release-osx-x86_64-mavericks 2.4-1 ERROR
r-release-osx-x86_64-snowleopard 2.4-1 OK
r-release-windows-ix86+x86_64 2.4-1 20.00 114.00 134.00 OK
r-oldrel-windows-ix86+x86_64 2.4-1 17.00 111.00 128.00 OK

Check Details

Version: 2.4-1
Check: package dependencies
Result: ERROR
    Packages required but not available: ‘gWidgetsRGtk2’ ‘RGtk2’
    
    See the information on DESCRIPTION files in the chapter ‘Creating R
    packages’ of the ‘Writing R Extensions’ manual.
Flavor: r-release-osx-x86_64-mavericks