CRAN Package Check Results for Package bayesDem

Last updated on 2015-04-27 21:46:26.

Flavor Version Tinstall Tcheck Ttotal Status Flags
r-devel-linux-x86_64-debian-clang 2.4-1 6.77 83.26 90.04 NOTE
r-devel-linux-x86_64-debian-gcc 2.4-1 7.55 81.01 88.56 NOTE
r-devel-linux-x86_64-fedora-clang 2.4-1 182.09 NOTE
r-devel-linux-x86_64-fedora-gcc 2.4-1 168.17 NOTE
r-devel-osx-x86_64-clang 2.4-1 148.48 NOTE
r-devel-windows-ix86+x86_64 2.4-1 18.00 129.00 147.00 NOTE
r-patched-linux-x86_64 2.4-1 6.72 81.18 87.89 NOTE
r-patched-solaris-sparc 2.4-1 1079.50 NOTE
r-patched-solaris-x86 2.4-1 253.80 NOTE
r-release-linux-x86_64 2.4-1 6.36 80.46 86.81 NOTE
r-release-osx-x86_64-mavericks 2.4-1 ERROR
r-release-osx-x86_64-snowleopard 2.4-1 ERROR
r-release-windows-ix86+x86_64 2.4-1 22.00 159.00 181.00 NOTE
r-oldrel-windows-ix86+x86_64 2.4-1 28.00 184.00 212.00 OK

Check Details

Version: 2.4-1
Check: DESCRIPTION meta-information
Result: NOTE
    Malformed Description field: should contain one or more complete sentences.
Flavors: r-devel-linux-x86_64-debian-clang, r-devel-linux-x86_64-debian-gcc, r-devel-linux-x86_64-fedora-clang, r-devel-linux-x86_64-fedora-gcc, r-devel-osx-x86_64-clang, r-devel-windows-ix86+x86_64, r-patched-solaris-sparc, r-patched-solaris-x86, r-release-linux-x86_64, r-release-windows-ix86+x86_64

Version: 2.4-1
Check: package dependencies
Result: ERROR
    Packages required but not available: ‘gWidgetsRGtk2’ ‘RGtk2’
    
    See section ‘The DESCRIPTION file’ in the ‘Writing R Extensions’
    manual.
Flavor: r-release-osx-x86_64-mavericks

Version: 2.4-1
Check: package dependencies
Result: ERROR
    Packages required but not available: ‘bayesLife’ ‘bayesPop’
    
    See section ‘The DESCRIPTION file’ in the ‘Writing R Extensions’
    manual.
Flavor: r-release-osx-x86_64-snowleopard