CRAN Package Check Results for Package bayesDem

Last updated on 2016-02-06 07:47:46.

Flavor Version Tinstall Tcheck Ttotal Status Flags
r-devel-linux-x86_64-debian-gcc 2.4-1 7.13 89.11 96.24 NOTE
r-devel-linux-x86_64-fedora-clang 2.4-1 193.47 NOTE
r-devel-linux-x86_64-fedora-gcc 2.4-1 189.66 NOTE
r-devel-osx-x86_64-clang 2.4-1 200.94 NOTE
r-devel-windows-ix86+x86_64 2.4-1 29.00 159.00 188.00 NOTE
r-patched-linux-x86_64 2.4-1 8.51 99.49 107.99 NOTE
r-patched-solaris-sparc 2.4-1 1290.50 NOTE
r-patched-solaris-x86 2.4-1 282.10 NOTE
r-release-linux-x86_64 2.4-1 8.45 99.50 107.95 NOTE
r-release-osx-x86_64-mavericks 2.4-1 NOTE
r-release-windows-ix86+x86_64 2.4-1 29.00 229.00 258.00 NOTE
r-oldrel-windows-ix86+x86_64 2.4-1 58.00 350.00 408.00 OK

Check Details

Version: 2.4-1
Check: DESCRIPTION meta-information
Result: NOTE
    Malformed Description field: should contain one or more complete sentences.
Flavors: r-devel-linux-x86_64-debian-gcc, r-devel-linux-x86_64-fedora-clang, r-devel-linux-x86_64-fedora-gcc, r-devel-osx-x86_64-clang, r-devel-windows-ix86+x86_64, r-patched-linux-x86_64, r-patched-solaris-sparc, r-patched-solaris-x86, r-release-linux-x86_64, r-release-osx-x86_64-mavericks, r-release-windows-ix86+x86_64

Version: 2.4-1
Check: R code for possible problems
Result: NOTE
    TFRresults.group: no visible binding for global variable ‘png’
    bayesDem.go: no visible global function definition for ‘packageVersion’
    create.graphics.map.window : newMap: no visible global function
     definition for ‘dev.set’
    create.graphics.map.window : close.map: no visible global function
     definition for ‘dev.off’
    create.graphics.map.window: no visible global function definition for
     ‘dev.cur’
    create.graphics.window: no visible global function definition for
     ‘dev.cur’
    e0PredTab: no visible global function definition for ‘packageVersion’
    e0Results.group: no visible binding for global variable ‘png’
    popPredTab: no visible global function definition for ‘packageVersion’
    popResults.group: no visible binding for global variable ‘png’
    saveGraph : <anonymous>: no visible global function definition for
     ‘dev.set’
    tfrPredTab: no visible global function definition for ‘packageVersion’
    Undefined global functions or variables:
     dev.cur dev.off dev.set packageVersion png
    Consider adding
     importFrom("grDevices", "dev.cur", "dev.off", "dev.set", "png")
     importFrom("utils", "packageVersion")
    to your NAMESPACE.
Flavors: r-devel-linux-x86_64-debian-gcc, r-devel-linux-x86_64-fedora-clang, r-devel-linux-x86_64-fedora-gcc, r-devel-windows-ix86+x86_64