CRAN Package Check Results for Package bayesDem

Last updated on 2014-04-24 15:50:34.

Flavor Version Tinstall Tcheck Ttotal Status Flags
r-devel-linux-x86_64-debian-clang 2.3-2 5.18 72.52 77.70 NOTE
r-devel-linux-x86_64-debian-gcc 2.3-2 4.90 71.99 76.88 NOTE
r-devel-linux-x86_64-fedora-clang 2.3-2 165.70 NOTE
r-devel-linux-x86_64-fedora-gcc 2.3-2 159.16 NOTE
r-devel-osx-x86_64-clang 2.3-2 135.37 NOTE
r-devel-osx-x86_64-gcc 2.3-2 ERROR
r-devel-windows-ix86+x86_64 2.3-2 16.00 93.00 109.00 NOTE
r-patched-linux-x86_64 2.3-2 4.89 72.28 77.17 NOTE
r-patched-solaris-sparc 2.3-2 882.50 NOTE
r-patched-solaris-x86 2.3-2 214.20 NOTE
r-release-linux-ix86 2.3-2 8.00 112.00 120.00 NOTE
r-release-linux-x86_64 2.3-2 4.95 71.94 76.89 NOTE
r-release-osx-x86_64-mavericks 2.3-2 ERROR
r-release-osx-x86_64-snowleopard 2.3-2 NOTE
r-release-windows-ix86+x86_64 2.3-2 15.00 106.00 121.00 NOTE
r-oldrel-windows-ix86+x86_64 2.3-2 16.00 111.00 127.00 NOTE

Check Details

Version: 2.3-2
Check: dependencies in R code
Result: NOTE
    Packages in Depends field not imported from:
     ‘bayesLife’ ‘bayesPop’ ‘bayesTFR’ ‘gWidgets’ ‘gWidgetsRGtk2’
     These packages need to be imported from (in the NAMESPACE file)
     for when this namespace is loaded but not attached.
    ':::' calls which should be '::':
     ‘bayesLife:::e0.parameter.names.cs.extended’
     ‘bayesTFR:::get.nr.countries’ ‘bayesTFR:::get.nr.countries.est’
     See the note in ?`:::` about the use of this operator.
    See the information on DESCRIPTION files in the chapter ‘Creating R
    packages’ of the ‘Writing R Extensions’ manual.
Flavors: r-devel-linux-x86_64-debian-clang, r-devel-linux-x86_64-debian-gcc, r-devel-linux-x86_64-fedora-clang, r-devel-linux-x86_64-fedora-gcc, r-devel-osx-x86_64-clang, r-devel-windows-ix86+x86_64, r-patched-linux-x86_64, r-patched-solaris-sparc, r-patched-solaris-x86, r-release-linux-ix86, r-release-linux-x86_64, r-release-windows-ix86+x86_64, r-oldrel-windows-ix86+x86_64

Version: 2.3-2
Check: package dependencies
Result: ERROR
    Packages required but not available: ‘bayesLife’ ‘bayesPop’
    
    See the information on DESCRIPTION files in the chapter ‘Creating R
    packages’ of the ‘Writing R Extensions’ manual.
Flavor: r-devel-osx-x86_64-gcc

Version: 2.3-2
Check: package dependencies
Result: ERROR
    Packages required but not available: ‘gWidgetsRGtk2’ ‘RGtk2’
    
    See the information on DESCRIPTION files in the chapter ‘Creating R
    packages’ of the ‘Writing R Extensions’ manual.
Flavor: r-release-osx-x86_64-mavericks

Version: 2.3-2
Check: dependencies in R code
Result: NOTE
    Packages in Depends field not imported from:
     'bayesLife' 'bayesPop' 'bayesTFR' 'gWidgets' 'gWidgetsRGtk2'
     These packages need to be imported from for the case when
     this namespace is loaded but not attached.
    See the information on DESCRIPTION files in the chapter 'Creating R
    packages' of the 'Writing R Extensions' manual.
Flavor: r-release-osx-x86_64-snowleopard