CRAN Package Check Results for Package bayesDem

Last updated on 2014-10-26 07:49:55.

Flavor Version Tinstall Tcheck Ttotal Status Flags
r-devel-linux-x86_64-debian-clang 2.4-1 4.36 66.85 71.22 OK
r-devel-linux-x86_64-debian-gcc 2.4-1 5.04 67.83 72.87 OK
r-devel-linux-x86_64-fedora-clang 2.4-1 161.01 OK
r-devel-linux-x86_64-fedora-gcc 2.4-1 155.62 OK
r-devel-osx-x86_64-clang 2.4-1 133.94 OK
r-devel-windows-ix86+x86_64 2.4-1 17.00 94.00 111.00 OK
r-patched-linux-x86_64 2.4-1 4.59 71.16 75.75 OK
r-patched-solaris-sparc 2.4-1 866.40 OK
r-patched-solaris-x86 2.4-1 216.70 OK
r-release-linux-ix86 2.4-1 5.92 93.18 99.10 OK
r-release-linux-x86_64 2.4-1 4.85 74.11 78.96 OK
r-release-osx-x86_64-mavericks 2.4-1 ERROR
r-release-osx-x86_64-snowleopard 2.4-1 OK
r-release-windows-ix86+x86_64 2.4-1 16.00 110.00 126.00 OK
r-oldrel-windows-ix86+x86_64 2.4-1 22.00 112.00 134.00 OK

Check Details

Version: 2.4-1
Check: package dependencies
Result: ERROR
    Packages required but not available: ‘gWidgetsRGtk2’ ‘RGtk2’
    
    See the information on DESCRIPTION files in the chapter ‘Creating R
    packages’ of the ‘Writing R Extensions’ manual.
Flavor: r-release-osx-x86_64-mavericks