CRAN Package Check Results for Package bayesDem

Last updated on 2015-05-29 21:46:31.

Flavor Version Tinstall Tcheck Ttotal Status Flags
r-devel-linux-x86_64-debian-clang 2.4-1 6.51 81.66 88.18 NOTE
r-devel-linux-x86_64-debian-gcc 2.4-1 7.06 79.64 86.70 NOTE
r-devel-linux-x86_64-fedora-clang 2.4-1 189.71 NOTE
r-devel-linux-x86_64-fedora-gcc 2.4-1 170.69 NOTE
r-devel-osx-x86_64-clang 2.4-1 148.32 NOTE
r-devel-windows-ix86+x86_64 2.4-1 19.00 119.00 138.00 NOTE
r-patched-linux-x86_64 2.4-1 6.30 82.30 88.61 NOTE
r-patched-solaris-sparc 2.4-1 1076.50 NOTE
r-patched-solaris-x86 2.4-1 252.80 NOTE
r-release-linux-x86_64 2.4-1 6.74 81.48 88.21 NOTE
r-release-osx-x86_64-mavericks 2.4-1 NOTE
r-release-osx-x86_64-snowleopard 2.4-1 ERROR
r-release-windows-ix86+x86_64 2.4-1 19.00 122.00 141.00 NOTE
r-oldrel-windows-ix86+x86_64 2.4-1 33.00 181.00 214.00 OK

Check Details

Version: 2.4-1
Check: DESCRIPTION meta-information
Result: NOTE
    Malformed Description field: should contain one or more complete sentences.
Flavors: r-devel-linux-x86_64-debian-clang, r-devel-linux-x86_64-debian-gcc, r-devel-linux-x86_64-fedora-clang, r-devel-linux-x86_64-fedora-gcc, r-devel-osx-x86_64-clang, r-devel-windows-ix86+x86_64, r-patched-linux-x86_64, r-patched-solaris-sparc, r-patched-solaris-x86, r-release-linux-x86_64, r-release-osx-x86_64-mavericks, r-release-windows-ix86+x86_64

Version: 2.4-1
Check: package dependencies
Result: ERROR
    Packages required but not available: ‘bayesLife’ ‘bayesPop’
    
    See section ‘The DESCRIPTION file’ in the ‘Writing R Extensions’
    manual.
Flavor: r-release-osx-x86_64-snowleopard