CRAN Package Check Results for Package bayesDem

Last updated on 2014-07-22 23:48:15.

Flavor Version Tinstall Tcheck Ttotal Status Flags
r-devel-linux-x86_64-debian-clang 2.4-1 4.44 70.30 74.75 OK
r-devel-linux-x86_64-debian-gcc 2.4-1 4.39 70.23 74.62 OK
r-devel-linux-x86_64-fedora-clang 2.4-1 177.51 OK
r-devel-linux-x86_64-fedora-gcc 2.4-1 168.54 OK
r-devel-osx-x86_64-clang 2.4-1 141.44 OK
r-devel-windows-ix86+x86_64 2.4-1 17.00 112.00 129.00 OK
r-patched-linux-x86_64 2.4-1 4.50 70.79 75.29 OK
r-patched-solaris-sparc 2.4-1 921.70 OK
r-patched-solaris-x86 2.4-1 210.10 OK
r-release-linux-ix86 2.4-1 5.92 89.38 95.30 OK
r-release-linux-x86_64 2.4-1 4.88 73.17 78.05 OK
r-release-osx-x86_64-mavericks 2.4-1 ERROR
r-release-osx-x86_64-snowleopard 2.4-1 OK
r-release-windows-ix86+x86_64 2.4-1 16.00 113.00 129.00 OK
r-oldrel-windows-ix86+x86_64 2.4-1 18.00 114.00 132.00 OK

Check Details

Version: 2.4-1
Check: package dependencies
Result: ERROR
    Packages required but not available: ‘gWidgetsRGtk2’ ‘RGtk2’
    
    See the information on DESCRIPTION files in the chapter ‘Creating R
    packages’ of the ‘Writing R Extensions’ manual.
Flavor: r-release-osx-x86_64-mavericks