CRAN Package Check Results for Package bayesDem

Last updated on 2014-08-21 08:48:58.

Flavor Version Tinstall Tcheck Ttotal Status Flags
r-devel-linux-x86_64-debian-clang 2.4-1 4.29 68.22 72.52 OK
r-devel-linux-x86_64-debian-gcc 2.4-1 4.30 68.22 72.52 OK
r-devel-linux-x86_64-fedora-clang 2.4-1 168.69 OK
r-devel-linux-x86_64-fedora-gcc 2.4-1 153.02 OK
r-devel-osx-x86_64-clang 2.4-1 131.51 OK
r-devel-windows-ix86+x86_64 2.4-1 18.00 98.00 116.00 OK
r-patched-linux-x86_64 2.4-1 4.59 69.73 74.32 OK
r-patched-solaris-sparc 2.4-1 866.40 OK
r-patched-solaris-x86 2.4-1 211.80 OK
r-release-linux-ix86 2.4-1 5.90 89.44 95.34 OK
r-release-linux-x86_64 2.4-1 4.84 73.18 78.02 OK
r-release-osx-x86_64-mavericks 2.4-1 ERROR
r-release-osx-x86_64-snowleopard 2.4-1 OK
r-release-windows-ix86+x86_64 2.4-1 15.00 108.00 123.00 OK
r-oldrel-windows-ix86+x86_64 2.4-1 18.00 107.00 125.00 OK

Check Details

Version: 2.4-1
Check: package dependencies
Result: ERROR
    Packages required but not available: ‘gWidgetsRGtk2’ ‘RGtk2’
    
    See the information on DESCRIPTION files in the chapter ‘Creating R
    packages’ of the ‘Writing R Extensions’ manual.
Flavor: r-release-osx-x86_64-mavericks