CRAN Package Check Results for Package bayesDem

Last updated on 2017-08-21 06:46:32.

Flavor Version Tinstall Tcheck Ttotal Status Flags
r-devel-linux-x86_64-debian-clang 2.5-1 7.48 91.36 98.85 OK
r-devel-linux-x86_64-debian-gcc 2.5-1 7.27 90.06 97.33 OK
r-devel-linux-x86_64-fedora-clang 2.5-1 197.64 OK
r-devel-linux-x86_64-fedora-gcc 2.5-1 203.14 OK
r-devel-windows-ix86+x86_64 2.5-1 20.00 147.00 167.00 OK
r-patched-linux-x86_64 2.5-1 7.72 95.36 103.09 OK
r-patched-solaris-x86 2.5-1 280.00 OK
r-release-linux-x86_64 2.5-1 7.58 94.65 102.23 OK
r-release-windows-ix86+x86_64 2.5-1 30.00 161.00 191.00 OK
r-release-osx-x86_64 2.5-1 ERROR
r-oldrel-windows-ix86+x86_64 2.5-1 20.00 139.00 159.00 OK
r-oldrel-osx-x86_64 2.5-1 OK

Check Details

Version: 2.5-1
Check: package dependencies
Result: ERROR
    Packages required but not available: ‘gWidgetsRGtk2’ ‘RGtk2’
    
    See section ‘The DESCRIPTION file’ in the ‘Writing R Extensions’
    manual.
Flavor: r-release-osx-x86_64