CRAN Package Check Results for Package bayesDem

Last updated on 2016-06-28 14:48:16.

Flavor Version Tinstall Tcheck Ttotal Status Flags
r-devel-linux-x86_64-debian-gcc 2.5-0 7.51 87.25 94.76 OK
r-devel-linux-x86_64-fedora-clang 2.5-0 189.12 OK
r-devel-linux-x86_64-fedora-gcc 2.5-0 182.31 OK
r-devel-osx-x86_64-clang 2.5-0 147.87 OK
r-devel-windows-ix86+x86_64 2.5-0 27.00 205.00 232.00 OK
r-patched-linux-x86_64 2.5-0 7.82 92.68 100.51 OK
r-patched-solaris-sparc 2.5-0 1150.40 OK
r-patched-solaris-x86 2.5-0 246.80 OK
r-release-linux-x86_64 2.5-0 7.42 89.43 96.85 OK
r-release-osx-x86_64-mavericks 2.5-0 ERROR
r-release-windows-ix86+x86_64 2.5-0 31.00 212.00 243.00 OK
r-oldrel-windows-ix86+x86_64 2.5-0 31.00 151.00 182.00 OK

Check Details

Version: 2.5-0
Check: whether package can be installed
Result: ERROR
    Installation failed.
Flavor: r-release-osx-x86_64-mavericks