CRAN Package Check Results for Package bayesDem

Last updated on 2015-01-26 03:52:17.

Flavor Version Tinstall Tcheck Ttotal Status Flags
r-devel-linux-x86_64-debian-clang 2.4-1 4.06 59.53 63.58 OK
r-devel-linux-x86_64-debian-gcc 2.4-1 3.95 55.56 59.51 OK
r-devel-linux-x86_64-fedora-clang 2.4-1 164.15 OK
r-devel-linux-x86_64-fedora-gcc 2.4-1 169.54 OK
r-devel-osx-x86_64-clang 2.4-1 137.82 OK
r-devel-windows-ix86+x86_64 2.4-1 17.00 145.00 162.00 OK
r-patched-linux-x86_64 2.4-1 4.66 71.15 75.81 OK
r-patched-solaris-sparc 2.4-1 920.20 OK
r-patched-solaris-x86 2.4-1 222.80 OK
r-release-linux-ix86 2.4-1 5.36 83.00 88.36 OK
r-release-linux-x86_64 2.4-1 4.96 72.17 77.12 OK
r-release-osx-x86_64-mavericks 2.4-1 ERROR
r-release-osx-x86_64-snowleopard 2.4-1 OK
r-release-windows-ix86+x86_64 2.4-1 16.00 116.00 132.00 OK
r-oldrel-windows-ix86+x86_64 2.4-1 20.00 115.00 135.00 OK

Check Details

Version: 2.4-1
Check: package dependencies
Result: ERROR
    Packages required but not available: ‘gWidgetsRGtk2’ ‘RGtk2’
    
    See the information on DESCRIPTION files in the chapter ‘Creating R
    packages’ of the ‘Writing R Extensions’ manual.
Flavor: r-release-osx-x86_64-mavericks