CRAN Package Check Results for Package bayesGARCH

Last updated on 2014-09-20 19:47:13.

Flavor Version Tinstall Tcheck Ttotal Status Flags
r-devel-linux-x86_64-debian-clang 2.0.1 1.02 20.47 21.48 NOTE
r-devel-linux-x86_64-debian-gcc 2.0.1 1.00 20.26 21.26 NOTE
r-devel-linux-x86_64-fedora-clang 2.0.1 43.68 NOTE
r-devel-linux-x86_64-fedora-gcc 2.0.1 41.37 NOTE
r-devel-osx-x86_64-clang 2.0.1 44.75 NOTE
r-devel-windows-ix86+x86_64 2.0.1 6.00 47.00 53.00 NOTE
r-patched-linux-x86_64 2.0.1 1.02 21.20 22.22 NOTE
r-patched-solaris-sparc 2.0.1 240.20 NOTE
r-patched-solaris-x86 2.0.1 57.10 NOTE
r-release-linux-ix86 2.0.1 1.61 44.86 46.47 NOTE
r-release-linux-x86_64 2.0.1 1.05 21.66 22.72 NOTE
r-release-osx-x86_64-mavericks 2.0.1 NOTE
r-release-osx-x86_64-snowleopard 2.0.1 OK
r-release-windows-ix86+x86_64 2.0.1 6.00 50.00 56.00 NOTE
r-oldrel-windows-ix86+x86_64 2.0.1 6.00 50.00 56.00 NOTE

Check Details

Version: 2.0.1
Check: dependencies in R code
Result: NOTE
    Packages in Depends field not imported from:
     ‘coda’ ‘mvtnorm’
     These packages need to be imported from (in the NAMESPACE file)
     for when this namespace is loaded but not attached.
    See the information on DESCRIPTION files in the chapter ‘Creating R
    packages’ of the ‘Writing R Extensions’ manual.
Flavors: r-devel-linux-x86_64-debian-clang, r-devel-linux-x86_64-debian-gcc, r-devel-linux-x86_64-fedora-clang, r-devel-linux-x86_64-fedora-gcc, r-devel-osx-x86_64-clang, r-devel-windows-ix86+x86_64, r-patched-linux-x86_64, r-patched-solaris-sparc, r-patched-solaris-x86, r-release-linux-ix86, r-release-linux-x86_64, r-release-osx-x86_64-mavericks, r-release-windows-ix86+x86_64, r-oldrel-windows-ix86+x86_64

Version: 2.0.1
Check: R code for possible problems
Result: NOTE
    fn.alpha.full: no visible global function definition for ‘rmvnorm’
    fn.alpha.full: no visible global function definition for ‘dmvnorm’
    fn.initializeChain: no visible global function definition for ‘mcmc’
    formSmpl: no visible global function definition for ‘mcmc’
Flavors: r-devel-linux-x86_64-debian-clang, r-devel-linux-x86_64-debian-gcc, r-devel-linux-x86_64-fedora-clang, r-devel-linux-x86_64-fedora-gcc, r-devel-osx-x86_64-clang, r-devel-windows-ix86+x86_64