CRAN Package Check Results for Package bayesGARCH

Last updated on 2015-08-03 19:48:57.

Flavor Version Tinstall Tcheck Ttotal Status Flags
r-devel-linux-x86_64-debian-clang 2.0.1 0.96 19.68 20.64 NOTE
r-devel-linux-x86_64-debian-gcc 2.0.1 0.94 19.16 20.10 NOTE
r-devel-linux-x86_64-fedora-clang 2.0.1 39.73 NOTE
r-devel-linux-x86_64-fedora-gcc 2.0.1 38.97 NOTE
r-devel-osx-x86_64-clang 2.0.1 35.04 NOTE
r-devel-windows-ix86+x86_64 2.0.1 7.00 72.00 79.00 NOTE
r-patched-linux-x86_64 2.0.1 0.99 19.86 20.85 NOTE
r-patched-solaris-sparc 2.0.1 237.80 NOTE
r-patched-solaris-x86 2.0.1 52.30 NOTE
r-release-linux-x86_64 2.0.1 0.96 20.50 21.46 NOTE
r-release-osx-x86_64-mavericks 2.0.1 NOTE
r-release-windows-ix86+x86_64 2.0.1 9.00 47.00 56.00 NOTE
r-oldrel-windows-ix86+x86_64 2.0.1 7.00 58.00 65.00 NOTE

Check Details

Version: 2.0.1
Check: dependencies in R code
Result: NOTE
    Packages in Depends field not imported from:
     ‘coda’ ‘mvtnorm’
     These packages need to be imported from (in the NAMESPACE file)
     for when this namespace is loaded but not attached.
Flavors: r-devel-linux-x86_64-debian-clang, r-devel-linux-x86_64-debian-gcc, r-devel-linux-x86_64-fedora-clang, r-devel-linux-x86_64-fedora-gcc, r-devel-osx-x86_64-clang, r-devel-windows-ix86+x86_64, r-patched-linux-x86_64, r-patched-solaris-sparc, r-patched-solaris-x86, r-release-linux-x86_64, r-release-osx-x86_64-mavericks, r-release-windows-ix86+x86_64, r-oldrel-windows-ix86+x86_64

Version: 2.0.1
Check: R code for possible problems
Result: NOTE
    fn.alpha.full: no visible global function definition for ‘rmvnorm’
    fn.alpha.full: no visible global function definition for ‘dmvnorm’
    fn.alpha.full: no visible global function definition for ‘runif’
    fn.beta.full: no visible global function definition for ‘rnorm’
    fn.beta.full: no visible global function definition for ‘dnorm’
    fn.beta.full: no visible global function definition for ‘runif’
    fn.initializeChain: no visible global function definition for ‘mcmc’
    fn.nu.full: no visible global function definition for ‘uniroot’
    fn.nu.full: no visible global function definition for ‘rexp’
    fn.nu.full: no visible global function definition for ‘runif’
    fn.w.full: no visible global function definition for ‘rgamma’
    formSmpl: no visible global function definition for ‘mcmc’
    Undefined global functions or variables:
     dmvnorm dnorm mcmc rexp rgamma rmvnorm rnorm runif uniroot
    Consider adding
     importFrom("stats", "dnorm", "rexp", "rgamma", "rnorm", "runif",
     "uniroot")
    to your NAMESPACE.
Flavors: r-devel-linux-x86_64-debian-clang, r-devel-linux-x86_64-debian-gcc, r-devel-linux-x86_64-fedora-clang, r-devel-linux-x86_64-fedora-gcc, r-devel-windows-ix86+x86_64

Version: 2.0.1
Check: R code for possible problems
Result: NOTE
    fn.alpha.full: no visible global function definition for ‘rmvnorm’
    fn.alpha.full: no visible global function definition for ‘dmvnorm’
    fn.initializeChain: no visible global function definition for ‘mcmc’
    formSmpl: no visible global function definition for ‘mcmc’
    Undefined global functions or variables:
     dmvnorm mcmc rmvnorm
Flavor: r-devel-osx-x86_64-clang

Version: 2.0.1
Check: R code for possible problems
Result: NOTE
    fn.alpha.full: no visible global function definition for ‘rmvnorm’
    fn.alpha.full: no visible global function definition for ‘dmvnorm’
    fn.initializeChain: no visible global function definition for ‘mcmc’
    formSmpl: no visible global function definition for ‘mcmc’
Flavors: r-patched-linux-x86_64, r-patched-solaris-sparc, r-patched-solaris-x86, r-release-linux-x86_64, r-release-osx-x86_64-mavericks, r-release-windows-ix86+x86_64, r-oldrel-windows-ix86+x86_64