CRAN Package Check Results for Package bayesGARCH

Last updated on 2017-04-27 05:51:31.

Flavor Version Tinstall Tcheck Ttotal Status Flags
r-devel-linux-x86_64-debian-clang 2.1.3 1.25 18.78 20.03 NOTE
r-devel-linux-x86_64-debian-gcc 2.1.3 1.16 18.35 19.51 NOTE
r-devel-linux-x86_64-fedora-clang 2.1.3 32.90 NOTE --no-stop-on-test-error
r-devel-linux-x86_64-fedora-gcc 2.1.3 32.07 NOTE --no-stop-on-test-error
r-devel-windows-ix86+x86_64 2.1.3 6.00 74.00 80.00 OK
r-patched-linux-x86_64 2.1.3 1.16 18.28 19.44 NOTE
r-patched-solaris-sparc 2.1.3 199.50 OK
r-patched-solaris-x86 2.1.3 45.00 OK
r-release-linux-x86_64 2.1.3 1.11 18.19 19.31 NOTE
r-release-windows-ix86+x86_64 2.1.3 6.00 50.00 56.00 OK
r-release-osx-x86_64 2.1.3 OK
r-oldrel-windows-ix86+x86_64 2.1.3 5.00 59.00 64.00 OK
r-oldrel-osx-x86_64 2.1.3 OK

Check Details

Version: 2.1.3
Check: compiled code
Result: NOTE
    File ‘bayesGARCH/libs/bayesGARCH.so’:
     Found no calls to: ‘R_registerRoutines’, ‘R_useDynamicSymbols’
    
    It is good practice to register native routines and to disable symbol
    search.
    
    See ‘Writing portable packages’ in the ‘Writing R Extensions’ manual.
Flavors: r-devel-linux-x86_64-debian-clang, r-devel-linux-x86_64-debian-gcc, r-patched-linux-x86_64, r-release-linux-x86_64

Version: 2.1.3
Flags: --no-stop-on-test-error
Check: compiled code
Result: NOTE
    File ‘bayesGARCH/libs/bayesGARCH.so’:
     Found no calls to: ‘R_registerRoutines’, ‘R_useDynamicSymbols’
    
    It is good practice to register native routines and to disable symbol
    search.
    
    See ‘Writing portable packages’ in the ‘Writing R Extensions’ manual.
Flavors: r-devel-linux-x86_64-fedora-clang, r-devel-linux-x86_64-fedora-gcc