CRAN Package Check Results for Package bayesGARCH

Last updated on 2017-03-27 13:55:20.

Flavor Version Tinstall Tcheck Ttotal Status Flags
r-devel-linux-x86_64-debian-clang 2.1.3 1.27 19.05 20.32 NOTE
r-devel-linux-x86_64-debian-gcc 2.1.3 1.15 18.15 19.30 NOTE
r-devel-linux-x86_64-fedora-clang 2.1.3 33.12 NOTE --no-stop-on-test-error
r-devel-linux-x86_64-fedora-gcc 2.1.3 33.25 NOTE --no-stop-on-test-error
r-devel-macos-x86_64-clang 2.1.3 27.21 NOTE --no-stop-on-test-error
r-devel-windows-ix86+x86_64 2.1.3 5.00 49.00 54.00 OK
r-patched-linux-x86_64 2.1.3 1.13 18.63 19.75 NOTE
r-patched-solaris-sparc 2.1.3 199.50 OK
r-patched-solaris-x86 2.1.3 45.40 OK
r-release-linux-x86_64 2.1.3 0.92 15.36 16.28 OK
r-release-osx-x86_64-mavericks 2.1.3 OK
r-release-windows-ix86+x86_64 2.1.3 11.00 45.00 56.00 OK
r-oldrel-windows-ix86+x86_64 2.1.3 5.00 42.00 47.00 OK

Check Details

Version: 2.1.3
Check: compiled code
Result: NOTE
    File ‘bayesGARCH/libs/bayesGARCH.so’:
     Found no calls to: ‘R_registerRoutines’, ‘R_useDynamicSymbols’
    
    It is good practice to register native routines and to disable symbol
    search.
    
    See ‘Writing portable packages’ in the ‘Writing R Extensions’ manual.
Flavors: r-devel-linux-x86_64-debian-clang, r-devel-linux-x86_64-debian-gcc, r-patched-linux-x86_64

Version: 2.1.3
Flags: --no-stop-on-test-error
Check: compiled code
Result: NOTE
    File ‘bayesGARCH/libs/bayesGARCH.so’:
     Found no calls to: ‘R_registerRoutines’, ‘R_useDynamicSymbols’
    
    It is good practice to register native routines and to disable symbol
    search.
    
    See ‘Writing portable packages’ in the ‘Writing R Extensions’ manual.
Flavors: r-devel-linux-x86_64-fedora-clang, r-devel-linux-x86_64-fedora-gcc, r-devel-macos-x86_64-clang