CRAN Package Check Results for Package bayesGARCH

Last updated on 2017-10-18 03:48:06.

Flavor Version Tinstall Tcheck Ttotal Status Flags
r-devel-linux-x86_64-debian-clang 2.1.3 1.27 19.73 21.01 NOTE
r-devel-linux-x86_64-debian-gcc 2.1.3 1.23 19.73 20.96 NOTE
r-devel-linux-x86_64-fedora-clang 2.1.3 34.98 NOTE
r-devel-linux-x86_64-fedora-gcc 2.1.3 34.03 NOTE
r-devel-windows-ix86+x86_64 2.1.3 8.00 48.00 56.00 OK
r-patched-linux-x86_64 2.1.3 1.18 18.72 19.90 NOTE
r-patched-solaris-x86 2.1.3 45.90 OK
r-release-linux-x86_64 2.1.3 1.16 19.23 20.39 NOTE
r-release-windows-ix86+x86_64 2.1.3 8.00 53.00 61.00 OK
r-release-osx-x86_64 2.1.3 OK
r-oldrel-windows-ix86+x86_64 2.1.3 6.00 59.00 65.00 OK
r-oldrel-osx-x86_64 2.1.3 OK

Check Details

Version: 2.1.3
Check: compiled code
Result: NOTE
    File ‘bayesGARCH/libs/bayesGARCH.so’:
     Found no calls to: ‘R_registerRoutines’, ‘R_useDynamicSymbols’
    
    It is good practice to register native routines and to disable symbol
    search.
    
    See ‘Writing portable packages’ in the ‘Writing R Extensions’ manual.
Flavors: r-devel-linux-x86_64-debian-clang, r-devel-linux-x86_64-debian-gcc, r-devel-linux-x86_64-fedora-clang, r-devel-linux-x86_64-fedora-gcc, r-patched-linux-x86_64, r-release-linux-x86_64