CRAN Package Check Results for Package bayesGARCH

Last updated on 2014-07-24 22:48:33.

Flavor Version Tinstall Tcheck Ttotal Status Flags
r-devel-linux-x86_64-debian-clang 2.0.1 0.98 19.63 20.61 NOTE
r-devel-linux-x86_64-debian-gcc 2.0.1 1.05 19.41 20.46 NOTE
r-devel-linux-x86_64-fedora-clang 2.0.1 46.64 NOTE
r-devel-linux-x86_64-fedora-gcc 2.0.1 44.50 NOTE
r-devel-osx-x86_64-clang 2.0.1 43.44 NOTE
r-devel-windows-ix86+x86_64 2.0.1 5.00 49.00 54.00 NOTE
r-patched-linux-x86_64 2.0.1 1.05 19.50 20.55 NOTE
r-patched-solaris-sparc 2.0.1 267.30 NOTE
r-patched-solaris-x86 2.0.1 60.90 NOTE
r-release-linux-ix86 2.0.1 1.64 28.31 29.94 NOTE
r-release-linux-x86_64 2.0.1 1.08 20.04 21.13 NOTE
r-release-osx-x86_64-mavericks 2.0.1 NOTE
r-release-osx-x86_64-snowleopard 2.0.1 OK
r-release-windows-ix86+x86_64 2.0.1 6.00 46.00 52.00 NOTE
r-oldrel-windows-ix86+x86_64 2.0.1 6.00 50.00 56.00 NOTE

Check Details

Version: 2.0.1
Check: dependencies in R code
Result: NOTE
    Packages in Depends field not imported from:
     ‘coda’ ‘mvtnorm’
     These packages need to be imported from (in the NAMESPACE file)
     for when this namespace is loaded but not attached.
    See the information on DESCRIPTION files in the chapter ‘Creating R
    packages’ of the ‘Writing R Extensions’ manual.
Flavors: r-devel-linux-x86_64-debian-clang, r-devel-linux-x86_64-debian-gcc, r-devel-linux-x86_64-fedora-clang, r-devel-linux-x86_64-fedora-gcc, r-devel-osx-x86_64-clang, r-devel-windows-ix86+x86_64, r-patched-linux-x86_64, r-patched-solaris-sparc, r-patched-solaris-x86, r-release-linux-ix86, r-release-linux-x86_64, r-release-osx-x86_64-mavericks, r-release-windows-ix86+x86_64, r-oldrel-windows-ix86+x86_64