CRAN Package Check Results for Package bayesGARCH

Last updated on 2015-03-02 19:52:08.

Flavor Version Tinstall Tcheck Ttotal Status Flags
r-devel-linux-x86_64-debian-clang 2.0.1 1.11 19.10 20.21 NOTE
r-devel-linux-x86_64-debian-gcc 2.0.1 1.05 18.39 19.44 NOTE
r-devel-linux-x86_64-fedora-clang 2.0.1 40.59 NOTE
r-devel-linux-x86_64-fedora-gcc 2.0.1 38.26 NOTE
r-devel-osx-x86_64-clang 2.0.1 38.93 NOTE
r-devel-windows-ix86+x86_64 2.0.1 10.00 57.00 67.00 NOTE
r-patched-linux-x86_64 2.0.1 1.09 22.33 23.42 NOTE
r-patched-solaris-sparc 2.0.1 288.40 NOTE
r-patched-solaris-x86 2.0.1 57.30 NOTE
r-release-linux-ix86 2.0.1 1.65 30.96 32.61 NOTE
r-release-linux-x86_64 2.0.1 1.04 22.15 23.18 NOTE
r-release-osx-x86_64-mavericks 2.0.1 NOTE
r-release-osx-x86_64-snowleopard 2.0.1 OK
r-release-windows-ix86+x86_64 2.0.1 15.00 54.00 69.00 NOTE
r-oldrel-windows-ix86+x86_64 2.0.1 7.00 54.00 61.00 NOTE

Check Details

Version: 2.0.1
Check: dependencies in R code
Result: NOTE
    Packages in Depends field not imported from:
     ‘coda’ ‘mvtnorm’
     These packages need to be imported from (in the NAMESPACE file)
     for when this namespace is loaded but not attached.
Flavors: r-devel-linux-x86_64-debian-clang, r-devel-linux-x86_64-debian-gcc, r-devel-linux-x86_64-fedora-clang, r-devel-linux-x86_64-fedora-gcc, r-devel-osx-x86_64-clang, r-devel-windows-ix86+x86_64, r-patched-linux-x86_64, r-patched-solaris-x86

Version: 2.0.1
Check: R code for possible problems
Result: NOTE
    fn.alpha.full: no visible global function definition for ‘rmvnorm’
    fn.alpha.full: no visible global function definition for ‘dmvnorm’
    fn.initializeChain: no visible global function definition for ‘mcmc’
    formSmpl: no visible global function definition for ‘mcmc’
Flavors: r-devel-linux-x86_64-debian-clang, r-devel-linux-x86_64-debian-gcc, r-devel-linux-x86_64-fedora-clang, r-devel-linux-x86_64-fedora-gcc, r-devel-osx-x86_64-clang, r-devel-windows-ix86+x86_64, r-patched-linux-x86_64, r-patched-solaris-sparc, r-patched-solaris-x86, r-release-linux-ix86, r-release-linux-x86_64, r-release-osx-x86_64-mavericks, r-release-windows-ix86+x86_64

Version: 2.0.1
Check: dependencies in R code
Result: NOTE
    Packages in Depends field not imported from:
     ‘coda’ ‘mvtnorm’
     These packages need to be imported from (in the NAMESPACE file)
     for when this namespace is loaded but not attached.
    See the information on DESCRIPTION files in the chapter ‘Creating R
    packages’ of the ‘Writing R Extensions’ manual.
Flavors: r-patched-solaris-sparc, r-release-linux-ix86, r-release-linux-x86_64, r-release-osx-x86_64-mavericks, r-release-windows-ix86+x86_64, r-oldrel-windows-ix86+x86_64