CRAN Package Check Results for Package bayesGARCH

Last updated on 2015-05-28 15:47:22.

Flavor Version Tinstall Tcheck Ttotal Status Flags
r-devel-linux-x86_64-debian-clang 2.0.1 1.04 19.30 20.34 NOTE
r-devel-linux-x86_64-debian-gcc 2.0.1 0.95 18.81 19.76 NOTE
r-devel-linux-x86_64-fedora-clang 2.0.1 39.79 NOTE
r-devel-linux-x86_64-fedora-gcc 2.0.1 37.89 NOTE
r-devel-osx-x86_64-clang 2.0.1 38.64 NOTE
r-devel-windows-ix86+x86_64 2.0.1 5.00 45.00 50.00 NOTE
r-patched-linux-x86_64 2.0.1 0.94 18.94 19.88 NOTE
r-patched-solaris-sparc 2.0.1 247.10 NOTE
r-patched-solaris-x86 2.0.1 49.80 NOTE
r-release-linux-x86_64 2.0.1 0.99 18.65 19.64 NOTE
r-release-osx-x86_64-mavericks 2.0.1 NOTE
r-release-osx-x86_64-snowleopard 2.0.1 NOTE
r-release-windows-ix86+x86_64 2.0.1 6.00 46.00 52.00 NOTE
r-oldrel-windows-ix86+x86_64 2.0.1 7.00 77.00 84.00 NOTE

Check Details

Version: 2.0.1
Check: dependencies in R code
Result: NOTE
    Packages in Depends field not imported from:
     ‘coda’ ‘mvtnorm’
     These packages need to be imported from (in the NAMESPACE file)
     for when this namespace is loaded but not attached.
Flavors: r-devel-linux-x86_64-debian-clang, r-devel-linux-x86_64-debian-gcc, r-devel-linux-x86_64-fedora-clang, r-devel-linux-x86_64-fedora-gcc, r-devel-osx-x86_64-clang, r-devel-windows-ix86+x86_64, r-patched-linux-x86_64, r-patched-solaris-sparc, r-patched-solaris-x86, r-release-linux-x86_64, r-release-osx-x86_64-mavericks, r-release-osx-x86_64-snowleopard, r-release-windows-ix86+x86_64, r-oldrel-windows-ix86+x86_64

Version: 2.0.1
Check: R code for possible problems
Result: NOTE
    fn.alpha.full: no visible global function definition for ‘rmvnorm’
    fn.alpha.full: no visible global function definition for ‘dmvnorm’
    fn.initializeChain: no visible global function definition for ‘mcmc’
    formSmpl: no visible global function definition for ‘mcmc’
Flavors: r-devel-linux-x86_64-debian-clang, r-devel-linux-x86_64-debian-gcc, r-devel-linux-x86_64-fedora-clang, r-devel-linux-x86_64-fedora-gcc, r-devel-osx-x86_64-clang, r-devel-windows-ix86+x86_64, r-patched-linux-x86_64, r-patched-solaris-sparc, r-patched-solaris-x86, r-release-linux-x86_64, r-release-osx-x86_64-mavericks, r-release-osx-x86_64-snowleopard, r-release-windows-ix86+x86_64, r-oldrel-windows-ix86+x86_64