CRAN Package Check Results for Package bayesGARCH

Last updated on 2015-02-01 17:50:02.

Flavor Version Tinstall Tcheck Ttotal Status Flags
r-devel-linux-x86_64-debian-clang 2.0.1 1.00 19.26 20.25 NOTE
r-devel-linux-x86_64-debian-gcc 2.0.1 0.97 19.70 20.68 NOTE
r-devel-linux-x86_64-fedora-clang 2.0.1 41.68 NOTE
r-devel-linux-x86_64-fedora-gcc 2.0.1 38.52 NOTE
r-devel-osx-x86_64-clang 2.0.1 46.77 NOTE
r-devel-windows-ix86+x86_64 2.0.1 8.00 47.00 55.00 NOTE
r-patched-linux-x86_64 2.0.1 1.10 21.64 22.75 NOTE
r-patched-solaris-sparc 2.0.1 288.40 NOTE
r-patched-solaris-x86 2.0.1 57.80 NOTE
r-release-linux-ix86 2.0.1 1.58 30.46 32.03 NOTE
r-release-linux-x86_64 2.0.1 1.09 21.04 22.14 NOTE
r-release-osx-x86_64-mavericks 2.0.1 NOTE
r-release-osx-x86_64-snowleopard 2.0.1 OK
r-release-windows-ix86+x86_64 2.0.1 7.00 49.00 56.00 NOTE
r-oldrel-windows-ix86+x86_64 2.0.1 7.00 57.00 64.00 NOTE

Check Details

Version: 2.0.1
Check: dependencies in R code
Result: NOTE
    Packages in Depends field not imported from:
     ‘coda’ ‘mvtnorm’
     These packages need to be imported from (in the NAMESPACE file)
     for when this namespace is loaded but not attached.
Flavors: r-devel-linux-x86_64-debian-clang, r-devel-linux-x86_64-debian-gcc, r-devel-linux-x86_64-fedora-clang, r-devel-linux-x86_64-fedora-gcc, r-devel-osx-x86_64-clang, r-devel-windows-ix86+x86_64

Version: 2.0.1
Check: R code for possible problems
Result: NOTE
    fn.alpha.full: no visible global function definition for ‘rmvnorm’
    fn.alpha.full: no visible global function definition for ‘dmvnorm’
    fn.initializeChain: no visible global function definition for ‘mcmc’
    formSmpl: no visible global function definition for ‘mcmc’
Flavors: r-devel-linux-x86_64-debian-clang, r-devel-linux-x86_64-debian-gcc, r-devel-linux-x86_64-fedora-clang, r-devel-linux-x86_64-fedora-gcc, r-devel-osx-x86_64-clang, r-devel-windows-ix86+x86_64, r-patched-linux-x86_64, r-patched-solaris-sparc, r-patched-solaris-x86, r-release-linux-ix86, r-release-linux-x86_64, r-release-osx-x86_64-mavericks, r-release-windows-ix86+x86_64

Version: 2.0.1
Check: dependencies in R code
Result: NOTE
    Packages in Depends field not imported from:
     ‘coda’ ‘mvtnorm’
     These packages need to be imported from (in the NAMESPACE file)
     for when this namespace is loaded but not attached.
    See the information on DESCRIPTION files in the chapter ‘Creating R
    packages’ of the ‘Writing R Extensions’ manual.
Flavors: r-patched-linux-x86_64, r-patched-solaris-sparc, r-patched-solaris-x86, r-release-linux-ix86, r-release-linux-x86_64, r-release-osx-x86_64-mavericks, r-release-windows-ix86+x86_64, r-oldrel-windows-ix86+x86_64