CRAN Package Check Results for Package bayesGARCH

Last updated on 2015-07-02 07:48:21.

Flavor Version Tinstall Tcheck Ttotal Status Flags
r-devel-linux-x86_64-debian-clang 2.0.1 0.93 18.58 19.52 NOTE
r-devel-linux-x86_64-debian-gcc 2.0.1 0.93 18.26 19.20 NOTE
r-devel-linux-x86_64-fedora-clang 2.0.1 38.31 NOTE
r-devel-linux-x86_64-fedora-gcc 2.0.1 37.06 NOTE
r-devel-osx-x86_64-clang 2.0.1 35.02 NOTE
r-devel-windows-ix86+x86_64 2.0.1 8.00 45.00 53.00 NOTE
r-patched-linux-x86_64 2.0.1 0.95 18.64 19.59 NOTE
r-patched-solaris-sparc 2.0.1 247.10 NOTE
r-patched-solaris-x86 2.0.1 50.20 NOTE
r-release-linux-x86_64 2.0.1 0.98 18.48 19.46 NOTE
r-release-osx-x86_64-mavericks 2.0.1 NOTE
r-release-windows-ix86+x86_64 2.0.1 5.00 43.00 48.00 NOTE
r-oldrel-windows-ix86+x86_64 2.0.1 7.00 78.00 85.00 NOTE

Check Details

Version: 2.0.1
Check: dependencies in R code
Result: NOTE
    Packages in Depends field not imported from:
     ‘coda’ ‘mvtnorm’
     These packages need to be imported from (in the NAMESPACE file)
     for when this namespace is loaded but not attached.
Flavors: r-devel-linux-x86_64-debian-clang, r-devel-linux-x86_64-debian-gcc, r-devel-linux-x86_64-fedora-clang, r-devel-linux-x86_64-fedora-gcc, r-devel-osx-x86_64-clang, r-devel-windows-ix86+x86_64, r-patched-linux-x86_64, r-patched-solaris-sparc, r-patched-solaris-x86, r-release-linux-x86_64, r-release-osx-x86_64-mavericks, r-release-windows-ix86+x86_64, r-oldrel-windows-ix86+x86_64

Version: 2.0.1
Check: R code for possible problems
Result: NOTE
    fn.alpha.full: no visible global function definition for ‘rmvnorm’
    fn.alpha.full: no visible global function definition for ‘dmvnorm’
    fn.alpha.full: no visible global function definition for ‘runif’
    fn.beta.full: no visible global function definition for ‘rnorm’
    fn.beta.full: no visible global function definition for ‘dnorm’
    fn.beta.full: no visible global function definition for ‘runif’
    fn.initializeChain: no visible global function definition for ‘mcmc’
    fn.nu.full: no visible global function definition for ‘uniroot’
    fn.nu.full: no visible global function definition for ‘rexp’
    fn.nu.full: no visible global function definition for ‘runif’
    fn.w.full: no visible global function definition for ‘rgamma’
    formSmpl: no visible global function definition for ‘mcmc’
Flavors: r-devel-linux-x86_64-debian-clang, r-devel-linux-x86_64-debian-gcc, r-devel-linux-x86_64-fedora-gcc, r-devel-windows-ix86+x86_64

Version: 2.0.1
Check: R code for possible problems
Result: NOTE
    fn.alpha.full: no visible global function definition for ‘rmvnorm’
    fn.alpha.full: no visible global function definition for ‘dmvnorm’
    fn.alpha.full: no visible global function definition for ‘runif’
    fn.beta.full: no visible global function definition for ‘rnorm’
    fn.beta.full: no visible global function definition for ‘dnorm’
    fn.beta.full: no visible global function definition for ‘runif’
    fn.initializeChain: no visible global function definition for ‘mcmc’
    fn.nu.full: no visible global function definition for ‘uniroot’
    fn.nu.full: no visible global function definition for ‘rexp’
    fn.nu.full: no visible global function definition for ‘runif’
    fn.w.full: no visible global function definition for ‘rgamma’
    formSmpl: no visible global function definition for ‘mcmc’
    Undefined global functions or variables:
     dmvnorm dnorm mcmc rexp rgamma rmvnorm rnorm runif uniroot
Flavor: r-devel-linux-x86_64-fedora-clang

Version: 2.0.1
Check: R code for possible problems
Result: NOTE
    fn.alpha.full: no visible global function definition for ‘rmvnorm’
    fn.alpha.full: no visible global function definition for ‘dmvnorm’
    fn.initializeChain: no visible global function definition for ‘mcmc’
    formSmpl: no visible global function definition for ‘mcmc’
Flavors: r-devel-osx-x86_64-clang, r-patched-linux-x86_64, r-patched-solaris-sparc, r-patched-solaris-x86, r-release-linux-x86_64, r-release-osx-x86_64-mavericks, r-release-windows-ix86+x86_64, r-oldrel-windows-ix86+x86_64