CRAN Package Check Results for Package bayesGARCH

Last updated on 2017-12-16 07:47:10 CET.

Flavor Version Tinstall Tcheck Ttotal Status Flags
r-devel-linux-x86_64-debian-clang 2.1.3 1.39 28.13 29.52 NOTE
r-devel-linux-x86_64-debian-gcc 2.1.3 1.10 22.73 23.83 NOTE
r-devel-linux-x86_64-fedora-clang 2.1.3 33.51 NOTE
r-devel-linux-x86_64-fedora-gcc 2.1.3 32.42 NOTE
r-devel-windows-ix86+x86_64 2.1.3 10.00 74.00 84.00 OK
r-patched-linux-x86_64 2.1.3 1.30 27.55 28.85 NOTE
r-patched-solaris-x86 2.1.3 46.30 OK
r-release-linux-x86_64 2.1.3 1.54 27.72 29.26 NOTE
r-release-windows-ix86+x86_64 2.1.3 6.00 71.00 77.00 OK
r-release-osx-x86_64 2.1.3 OK
r-oldrel-windows-ix86+x86_64 2.1.3 10.00 61.00 71.00 OK
r-oldrel-osx-x86_64 2.1.3 OK

Check Details

Version: 2.1.3
Check: compiled code
Result: NOTE
    File ‘bayesGARCH/libs/bayesGARCH.so’:
     Found no calls to: ‘R_registerRoutines’, ‘R_useDynamicSymbols’
    
    It is good practice to register native routines and to disable symbol
    search.
    
    See ‘Writing portable packages’ in the ‘Writing R Extensions’ manual.
Flavors: r-devel-linux-x86_64-debian-clang, r-devel-linux-x86_64-debian-gcc, r-devel-linux-x86_64-fedora-clang, r-devel-linux-x86_64-fedora-gcc, r-patched-linux-x86_64, r-release-linux-x86_64