CRAN Package Check Results for Package bayesGARCH

Last updated on 2014-04-23 07:54:55.

Flavor Version Tinstall Tcheck Ttotal Status Flags
r-devel-linux-x86_64-debian-clang 2.0.1 1.08 20.88 21.96 NOTE
r-devel-linux-x86_64-debian-gcc 2.0.1 1.08 20.50 21.58 NOTE
r-devel-linux-x86_64-fedora-clang 2.0.1 47.37 NOTE
r-devel-linux-x86_64-fedora-gcc 2.0.1 45.20 NOTE
r-devel-osx-x86_64-clang 2.0.1 41.59 NOTE
r-devel-osx-x86_64-gcc 2.0.1 NOTE
r-devel-windows-ix86+x86_64 2.0.1 6.00 47.00 53.00 NOTE
r-patched-linux-x86_64 2.0.1 1.13 20.73 21.86 NOTE
r-patched-solaris-sparc 2.0.1 267.30 NOTE
r-patched-solaris-x86 2.0.1 59.80 NOTE
r-release-linux-ix86 2.0.1 2.00 39.00 41.00 NOTE
r-release-linux-x86_64 2.0.1 1.08 20.58 21.66 NOTE
r-release-osx-x86_64-mavericks 2.0.1 WARN
r-release-osx-x86_64-snowleopard 2.0.1 OK
r-release-windows-ix86+x86_64 2.0.1 6.00 51.00 57.00 NOTE
r-oldrel-windows-ix86+x86_64 2.0.1 6.00 55.00 61.00 NOTE

Check Details

Version: 2.0.1
Check: dependencies in R code
Result: NOTE
    Packages in Depends field not imported from:
     ‘coda’ ‘mvtnorm’
     These packages need to be imported from (in the NAMESPACE file)
     for when this namespace is loaded but not attached.
    See the information on DESCRIPTION files in the chapter ‘Creating R
    packages’ of the ‘Writing R Extensions’ manual.
Flavors: r-devel-linux-x86_64-debian-clang, r-devel-linux-x86_64-debian-gcc, r-devel-linux-x86_64-fedora-clang, r-devel-linux-x86_64-fedora-gcc, r-devel-osx-x86_64-clang, r-devel-osx-x86_64-gcc, r-devel-windows-ix86+x86_64, r-patched-linux-x86_64, r-patched-solaris-sparc, r-patched-solaris-x86, r-release-linux-ix86, r-release-linux-x86_64, r-release-osx-x86_64-mavericks, r-release-windows-ix86+x86_64, r-oldrel-windows-ix86+x86_64

Version: 2.0.1
Check: PDF version of manual
Result: WARNING
    LaTeX errors when creating PDF version.
    This typically indicates Rd problems.
    LaTeX errors found:
    ! LaTeX Error: File `upquote.sty' not found.
    
    Type X to quit or <RETURN> to proceed,
    or enter new name. (Default extension: sty)
    
    e78504/Rd2.tex:8: ==> Fatal error occurred, no output PDF file produced!
Flavor: r-release-osx-x86_64-mavericks