CRAN Package Check Results for Package bayesGARCH

Last updated on 2017-02-22 07:48:02.

Flavor Version Tinstall Tcheck Ttotal Status Flags
r-devel-linux-x86_64-debian-clang 2.1.3 1.22 18.95 20.17 NOTE
r-devel-linux-x86_64-debian-gcc 2.1.3 1.14 18.14 19.28 NOTE
r-devel-linux-x86_64-fedora-clang 2.1.3 32.64 NOTE --no-stop-on-test-error
r-devel-linux-x86_64-fedora-gcc 2.1.3 31.54 NOTE --no-stop-on-test-error
r-devel-macos-x86_64-clang 2.1.3 28.01 NOTE --no-stop-on-test-error
r-devel-windows-ix86+x86_64 2.1.3 8.00 102.00 110.00 OK
r-patched-linux-x86_64 2.1.3 0.92 15.00 15.92 OK
r-patched-solaris-sparc 2.1.3 179.50 OK
r-patched-solaris-x86 2.1.3 38.70 OK
r-release-linux-x86_64 2.1.3 0.93 14.72 15.65 OK
r-release-osx-x86_64-mavericks 2.1.3 OK
r-release-windows-ix86+x86_64 2.1.3 18.00 60.00 78.00 OK
r-oldrel-windows-ix86+x86_64 2.1.3 14.00 55.00 69.00 OK

Check Details

Version: 2.1.3
Check: compiled code
Result: NOTE
    File ‘bayesGARCH/libs/bayesGARCH.so’:
     Found no calls to: ‘R_registerRoutines’, ‘R_useDynamicSymbols’
    
    It is good practice to register native routines and to disable symbol
    search.
    
    See ‘Writing portable packages’ in the ‘Writing R Extensions’ manual.
Flavors: r-devel-linux-x86_64-debian-clang, r-devel-linux-x86_64-debian-gcc

Version: 2.1.3
Flags: --no-stop-on-test-error
Check: compiled code
Result: NOTE
    File ‘bayesGARCH/libs/bayesGARCH.so’:
     Found no calls to: ‘R_registerRoutines’, ‘R_useDynamicSymbols’
    
    It is good practice to register native routines and to disable symbol
    search.
    
    See ‘Writing portable packages’ in the ‘Writing R Extensions’ manual.
Flavors: r-devel-linux-x86_64-fedora-clang, r-devel-linux-x86_64-fedora-gcc, r-devel-macos-x86_64-clang