CRAN Package Check Results for Package bayesGARCH

Last updated on 2017-06-23 16:47:24.

Flavor Version Tinstall Tcheck Ttotal Status Flags
r-devel-linux-x86_64-debian-clang 2.1.3 1.37 19.42 20.79 NOTE
r-devel-linux-x86_64-debian-gcc 2.1.3 1.19 19.23 20.43 NOTE
r-devel-linux-x86_64-fedora-clang 2.1.3 33.39 NOTE
r-devel-linux-x86_64-fedora-gcc 2.1.3 32.18 NOTE
r-devel-windows-ix86+x86_64 2.1.3 8.00 67.00 75.00 OK
r-patched-linux-x86_64 2.1.3 1.11 18.24 19.35 NOTE
r-patched-solaris-sparc 2.1.3 199.50 OK
r-patched-solaris-x86 2.1.3 44.90 OK
r-release-linux-x86_64 2.1.3 1.19 18.43 19.63 NOTE
r-release-windows-ix86+x86_64 2.1.3 7.00 65.00 72.00 OK
r-release-osx-x86_64 2.1.3 OK
r-oldrel-windows-ix86+x86_64 2.1.3 10.00 62.00 72.00 OK
r-oldrel-osx-x86_64 2.1.3 OK

Check Details

Version: 2.1.3
Check: compiled code
Result: NOTE
    File ‘bayesGARCH/libs/bayesGARCH.so’:
     Found no calls to: ‘R_registerRoutines’, ‘R_useDynamicSymbols’
    
    It is good practice to register native routines and to disable symbol
    search.
    
    See ‘Writing portable packages’ in the ‘Writing R Extensions’ manual.
Flavors: r-devel-linux-x86_64-debian-clang, r-devel-linux-x86_64-debian-gcc, r-devel-linux-x86_64-fedora-clang, r-devel-linux-x86_64-fedora-gcc, r-patched-linux-x86_64, r-release-linux-x86_64