CRAN Package Check Results for Package bayesGDS

Last updated on 2015-04-01 23:49:08.

Flavor Version Tinstall Tcheck Ttotal Status Flags
r-devel-linux-x86_64-debian-clang 0.6.1 2.64 38.82 41.46 OK
r-devel-linux-x86_64-debian-gcc 0.6.1 2.80 38.22 41.02 OK
r-devel-linux-x86_64-fedora-clang 0.6.1 47.85 OK
r-devel-linux-x86_64-fedora-gcc 0.6.1 46.13 OK
r-devel-osx-x86_64-clang 0.6.1 48.72 OK
r-prerel-windows-ix86+x86_64 0.6.1 10.00 72.00 82.00 OK
r-prerel-linux-x86_64 0.6.0 2.54 34.49 37.03 NOTE
r-prerel-solaris-sparc 0.6.1 427.80 OK
r-prerel-solaris-x86 0.6.1 88.90 OK
r-release-linux-x86_64 0.6.1 3.42 47.41 50.83 OK
r-release-osx-x86_64-mavericks 0.6.1 OK
r-release-osx-x86_64-snowleopard 0.6.1 ERROR
r-release-windows-ix86+x86_64 0.6.1 10.00 66.00 76.00 OK
r-oldrel-windows-ix86+x86_64 0.6.0 9.00 55.00 64.00 OK

Check Details

Version: 0.6.0
Check: dependencies in R code
Result: NOTE
    Package in Depends field not imported from: ‘compiler’
     These packages need to be imported from (in the NAMESPACE file)
     for when this namespace is loaded but not attached.
Flavor: r-prerel-linux-x86_64

Version: 0.6.0
Check: R code for possible problems
Result: NOTE
    demo.get.hess.struct: no visible global function definition for
     ‘Diagonal’
    demo.get.hess.struct: no visible global function definition for
     ‘Matrix’
    demo.get.hess.struct: no visible global function definition for ‘cBind’
    demo.get.hess.struct: no visible global function definition for ‘rBind’
    demo.get.hess.struct: no visible global function definition for
     ‘Matrix.to.Coord’
Flavor: r-prerel-linux-x86_64

Version: 0.6.1
Check: tests
Result: ERROR
    Running the tests in ‘tests/testthat.R’ failed.
    Last 13 lines of output:
     1. Error: small ----------------------------------------------------------------
     could not find function "sparseHessianFD.new"
     1: withCallingHandlers(eval(code, new_test_environment), error = capture_calls)
     2: eval(code, new_test_environment)
     3: eval(expr, envir, enclos)
     4: .handleSimpleError(function (e)
     {
     e$calls <- head(sys.calls()[-seq_len(frame + 7)], -2)
     signalCondition(e)
     }, "could not find function \"sparseHessianFD.new\"", quote(eval(expr, envir, enclos))) at test_binary.R:45
    
     Error: Test failures
     Execution halted
Flavor: r-release-osx-x86_64-snowleopard