CRAN Package Check Results for Package bayesGDS

Last updated on 2015-07-07 23:47:36.

Flavor Version Tinstall Tcheck Ttotal Status Flags
r-devel-linux-x86_64-debian-clang 0.6.1 2.63 40.66 43.29 NOTE
r-devel-linux-x86_64-debian-gcc 0.6.1 2.52 37.36 39.89 NOTE
r-devel-linux-x86_64-fedora-clang 0.6.1 83.11 NOTE
r-devel-linux-x86_64-fedora-gcc 0.6.1 77.59 NOTE
r-devel-osx-x86_64-clang 0.6.1 68.06 OK
r-devel-windows-ix86+x86_64 0.6.1 10.00 56.00 66.00 NOTE
r-patched-linux-x86_64 0.6.1 2.52 37.73 40.25 OK
r-patched-solaris-sparc 0.6.1 503.10 OK
r-patched-solaris-x86 0.6.1 109.50 OK
r-release-linux-x86_64 0.6.1 3.31 37.46 40.77 OK
r-release-osx-x86_64-mavericks 0.6.1 OK
r-release-windows-ix86+x86_64 0.6.1 10.00 58.00 68.00 OK
r-oldrel-windows-ix86+x86_64 0.6.1 10.00 71.00 81.00 OK

Check Details

Version: 0.6.1
Check: R code for possible problems
Result: NOTE
    get.cutoffs: no visible global function definition for ‘runif’
    Undefined global functions or variables:
     runif
Flavors: r-devel-linux-x86_64-debian-clang, r-devel-linux-x86_64-debian-gcc, r-devel-linux-x86_64-fedora-clang, r-devel-linux-x86_64-fedora-gcc, r-devel-windows-ix86+x86_64