CRAN Package Check Results for Package bayesGDS

Last updated on 2014-11-21 16:46:26.

Flavor Version Tinstall Tcheck Ttotal Status Flags
r-devel-linux-x86_64-debian-clang 0.6.0 3.48 39.56 43.05 NOTE
r-devel-linux-x86_64-debian-gcc 0.6.0 3.14 38.22 41.36 NOTE
r-devel-linux-x86_64-fedora-clang 0.6.0 100.51 NOTE
r-devel-linux-x86_64-fedora-gcc 0.6.0 94.04 NOTE
r-devel-osx-x86_64-clang 0.6.0 84.98 NOTE
r-devel-windows-ix86+x86_64 0.6.0 9.00 58.00 67.00 NOTE
r-patched-linux-x86_64 0.6.0 3.45 40.56 44.02 NOTE
r-patched-solaris-sparc 0.6.0 512.40 NOTE
r-patched-solaris-x86 0.6.0 125.80 NOTE
r-release-linux-ix86 0.6.0 3.96 47.51 51.47 NOTE
r-release-linux-x86_64 0.6.0 3.58 40.96 44.54 NOTE
r-release-osx-x86_64-mavericks 0.6.0 NOTE
r-release-osx-x86_64-snowleopard 0.6.0 NOTE
r-release-windows-ix86+x86_64 0.6.0 11.00 59.00 70.00 NOTE
r-oldrel-windows-ix86+x86_64 0.6.0 9.00 55.00 64.00 OK

Check Details

Version: 0.6.0
Check: dependencies in R code
Result: NOTE
    Package in Depends field not imported from: ‘compiler’
     These packages need to be imported from (in the NAMESPACE file)
     for when this namespace is loaded but not attached.
    See the information on DESCRIPTION files in the chapter ‘Creating R
    packages’ of the ‘Writing R Extensions’ manual.
Flavors: r-devel-linux-x86_64-debian-clang, r-devel-linux-x86_64-debian-gcc, r-devel-linux-x86_64-fedora-clang, r-devel-linux-x86_64-fedora-gcc, r-devel-osx-x86_64-clang, r-devel-windows-ix86+x86_64, r-patched-linux-x86_64, r-patched-solaris-sparc, r-patched-solaris-x86, r-release-linux-ix86, r-release-linux-x86_64, r-release-windows-ix86+x86_64

Version: 0.6.0
Check: R code for possible problems
Result: NOTE
    demo.get.hess.struct: no visible global function definition for
     ‘Diagonal’
    demo.get.hess.struct: no visible global function definition for
     ‘Matrix’
    demo.get.hess.struct: no visible global function definition for ‘cBind’
    demo.get.hess.struct: no visible global function definition for ‘rBind’
    demo.get.hess.struct: no visible global function definition for
     ‘Matrix.to.Coord’
Flavors: r-devel-linux-x86_64-debian-clang, r-devel-linux-x86_64-debian-gcc, r-devel-linux-x86_64-fedora-clang, r-devel-linux-x86_64-fedora-gcc, r-devel-osx-x86_64-clang, r-devel-windows-ix86+x86_64, r-patched-linux-x86_64, r-patched-solaris-sparc, r-patched-solaris-x86, r-release-linux-ix86, r-release-linux-x86_64, r-release-windows-ix86+x86_64

Version: 0.6.0
Check: re-building of vignette outputs
Result: NOTE
    Error in re-building vignettes:
     ...
    Error in texi2dvi(file = file, pdf = TRUE, clean = clean, quiet = quiet, :
     Running 'texi2dvi' on 'bayesGDS.tex' failed.
    LaTeX errors:
    ! LaTeX Error: File `appendix.sty' not found.
    
    Type X to quit or <RETURN> to proceed,
    or enter new name. (Default extension: sty)
    
    n_test/bayesGDS/vignettes/bayesGDS.tex:21: ==> Fatal error occurred, no output
     PDF file produced!
    Calls: buildVignettes -> texi2pdf -> texi2dvi
    Execution halted
Flavor: r-release-osx-x86_64-mavericks

Version: 0.6.0
Check: re-building of vignette outputs
Result: NOTE
    Error in re-building vignettes:
     ...
    Error in texi2dvi(file = file, pdf = TRUE, clean = clean, quiet = quiet, :
     Running 'texi2dvi' on 'bayesGDS.tex' failed.
    LaTeX errors:
    ! LaTeX Error: File `etoolbox.sty' not found.
    
    Type X to quit or <RETURN> to proceed,
    or enter new name. (Default extension: sty)
    
    bayesGDS.Rcheck/vign_test/bayesGDS/vignettes/bayesGDS.tex:5: ==> Fatal error o
    ccurred, no output PDF file produced!
    Calls: buildVignettes -> texi2pdf -> texi2dvi
    Execution halted
Flavor: r-release-osx-x86_64-snowleopard