CRAN Package Check Results for Package bayesGDS

Last updated on 2014-10-01 19:49:31.

Flavor Version Tinstall Tcheck Ttotal Status Flags
r-devel-linux-x86_64-debian-clang 0.6.0 3.26 38.69 41.95 NOTE
r-devel-linux-x86_64-debian-gcc 0.6.0 3.18 38.30 41.47 NOTE
r-devel-linux-x86_64-fedora-clang 0.6.0 103.09 NOTE
r-devel-linux-x86_64-fedora-gcc 0.6.0 97.82 NOTE
r-devel-osx-x86_64-clang 0.6.0 77.69 NOTE
r-devel-windows-ix86+x86_64 0.6.0 9.00 53.00 62.00 NOTE
r-patched-linux-x86_64 0.6.0 3.45 41.53 44.98 NOTE
r-patched-solaris-sparc 0.6.0 533.70 NOTE
r-patched-solaris-x86 0.6.0 131.90 NOTE
r-release-linux-ix86 0.6.0 4.16 57.82 61.98 OK
r-release-linux-x86_64 0.6.0 3.49 41.19 44.68 OK
r-release-osx-x86_64-mavericks 0.6.0 NOTE
r-release-osx-x86_64-snowleopard 0.6.0 NOTE
r-release-windows-ix86+x86_64 0.6.0 10.00 60.00 70.00 OK
r-oldrel-windows-ix86+x86_64 0.6.0 10.00 52.00 62.00 OK

Check Details

Version: 0.6.0
Check: dependencies in R code
Result: NOTE
    Package in Depends field not imported from: ‘compiler’
     These packages need to be imported from (in the NAMESPACE file)
     for when this namespace is loaded but not attached.
    See the information on DESCRIPTION files in the chapter ‘Creating R
    packages’ of the ‘Writing R Extensions’ manual.
Flavors: r-devel-linux-x86_64-debian-clang, r-devel-linux-x86_64-debian-gcc, r-devel-linux-x86_64-fedora-clang, r-devel-linux-x86_64-fedora-gcc, r-devel-osx-x86_64-clang, r-devel-windows-ix86+x86_64, r-patched-linux-x86_64, r-patched-solaris-sparc, r-patched-solaris-x86

Version: 0.6.0
Check: R code for possible problems
Result: NOTE
    demo.get.hess.struct: no visible global function definition for
     ‘Diagonal’
    demo.get.hess.struct: no visible global function definition for
     ‘Matrix’
    demo.get.hess.struct: no visible global function definition for ‘cBind’
    demo.get.hess.struct: no visible global function definition for ‘rBind’
    demo.get.hess.struct: no visible global function definition for
     ‘Matrix.to.Coord’
Flavors: r-devel-linux-x86_64-debian-clang, r-devel-linux-x86_64-debian-gcc, r-devel-linux-x86_64-fedora-clang, r-devel-linux-x86_64-fedora-gcc, r-devel-osx-x86_64-clang, r-devel-windows-ix86+x86_64

Version: 0.6.0
Check: re-building of vignette outputs
Result: NOTE
    Error in re-building vignettes:
     ...
    Error in texi2dvi(file = file, pdf = TRUE, clean = clean, quiet = quiet, :
     Running 'texi2dvi' on 'bayesGDS.tex' failed.
    LaTeX errors:
    ! LaTeX Error: File `appendix.sty' not found.
    
    Type X to quit or <RETURN> to proceed,
    or enter new name. (Default extension: sty)
    
    n_test/bayesGDS/vignettes/bayesGDS.tex:21: ==> Fatal error occurred, no output
     PDF file produced!
    Calls: buildVignettes -> texi2pdf -> texi2dvi
    Execution halted
Flavor: r-release-osx-x86_64-mavericks

Version: 0.6.0
Check: re-building of vignette outputs
Result: NOTE
    Error in re-building vignettes:
     ...
    Error in texi2dvi(file = file, pdf = TRUE, clean = clean, quiet = quiet, :
     Running 'texi2dvi' on 'bayesGDS.tex' failed.
    LaTeX errors:
    ! LaTeX Error: File `etoolbox.sty' not found.
    
    Type X to quit or <RETURN> to proceed,
    or enter new name. (Default extension: sty)
    
    bayesGDS.Rcheck/vign_test/bayesGDS/vignettes/bayesGDS.tex:5: ==> Fatal error o
    ccurred, no output PDF file produced!
    Calls: buildVignettes -> texi2pdf -> texi2dvi
    Execution halted
Flavor: r-release-osx-x86_64-snowleopard