CRAN Package Check Results for Package bayesGDS

Last updated on 2015-09-02 05:46:58.

Flavor Version Tinstall Tcheck Ttotal Status Flags
r-devel-linux-x86_64-debian-clang 0.6.1 2.58 37.84 40.42 NOTE
r-devel-linux-x86_64-debian-gcc 0.6.1 2.40 36.84 39.23 NOTE
r-devel-linux-x86_64-fedora-clang 0.6.1 79.55 NOTE
r-devel-linux-x86_64-fedora-gcc 0.6.1 73.75 NOTE
r-devel-osx-x86_64-clang 0.6.1 60.30 OK
r-devel-windows-ix86+x86_64 0.6.1 11.00 67.00 78.00 NOTE
r-patched-linux-x86_64 0.6.1 2.76 37.71 40.47 OK
r-patched-solaris-sparc 0.6.1 505.60 OK
r-patched-solaris-x86 0.6.1 114.70 OK
r-release-linux-x86_64 0.6.1 2.71 38.68 41.39 OK
r-release-osx-x86_64-mavericks 0.6.1 OK
r-release-windows-ix86+x86_64 0.6.1 10.00 58.00 68.00 OK
r-oldrel-windows-ix86+x86_64 0.6.1 13.00 76.00 89.00 OK

Check Details

Version: 0.6.1
Check: R code for possible problems
Result: NOTE
    get.cutoffs: no visible global function definition for ‘runif’
    Undefined global functions or variables:
     runif
    Consider adding
     importFrom("stats", "runif")
    to your NAMESPACE.
Flavors: r-devel-linux-x86_64-debian-clang, r-devel-linux-x86_64-debian-gcc, r-devel-linux-x86_64-fedora-clang, r-devel-linux-x86_64-fedora-gcc, r-devel-windows-ix86+x86_64