CRAN Package Check Results for Package bayesGDS

Last updated on 2016-02-10 09:47:15.

Flavor Version Tinstall Tcheck Ttotal Status Flags
r-devel-linux-x86_64-debian-gcc 0.6.1 2.60 34.37 36.97 NOTE
r-devel-linux-x86_64-fedora-clang 0.6.1 73.18 NOTE
r-devel-linux-x86_64-fedora-gcc 0.6.1 71.97 NOTE
r-devel-osx-x86_64-clang 0.6.1 75.82 NOTE
r-devel-windows-ix86+x86_64 0.6.1 10.00 82.00 92.00 NOTE
r-patched-linux-x86_64 0.6.1 2.86 37.60 40.47 OK
r-patched-solaris-sparc 0.6.1 469.00 OK
r-patched-solaris-x86 0.6.1 99.30 OK
r-release-linux-x86_64 0.6.1 2.78 38.25 41.03 OK
r-release-osx-x86_64-mavericks 0.6.1 OK
r-release-windows-ix86+x86_64 0.6.1 10.00 92.00 102.00 OK
r-oldrel-windows-ix86+x86_64 0.6.1 13.00 83.00 96.00 OK

Check Details

Version: 0.6.1
Check: R code for possible problems
Result: NOTE
    get.cutoffs: no visible global function definition for ‘runif’
    Undefined global functions or variables:
     runif
    Consider adding
     importFrom("stats", "runif")
    to your NAMESPACE file.
Flavors: r-devel-linux-x86_64-debian-gcc, r-devel-linux-x86_64-fedora-clang, r-devel-linux-x86_64-fedora-gcc, r-devel-osx-x86_64-clang, r-devel-windows-ix86+x86_64