CRAN Package Check Results for Package bayesGDS

Last updated on 2015-05-30 21:46:26.

Flavor Version Tinstall Tcheck Ttotal Status Flags
r-devel-linux-x86_64-debian-clang 0.6.1 2.72 38.53 41.24 OK
r-devel-linux-x86_64-debian-gcc 0.6.1 2.56 38.65 41.21 OK
r-devel-linux-x86_64-fedora-clang 0.6.1 83.73 OK
r-devel-linux-x86_64-fedora-gcc 0.6.1 78.95 OK
r-devel-osx-x86_64-clang 0.6.1 71.61 OK
r-devel-windows-ix86+x86_64 0.6.1 8.00 61.00 69.00 OK
r-patched-linux-x86_64 0.6.1 2.63 38.00 40.64 OK
r-patched-solaris-sparc 0.6.1 503.10 OK
r-patched-solaris-x86 0.6.1 111.00 OK
r-release-linux-x86_64 0.6.1 3.38 39.62 43.00 OK
r-release-osx-x86_64-mavericks 0.6.1 OK
r-release-osx-x86_64-snowleopard 0.6.1 ERROR
r-release-windows-ix86+x86_64 0.6.1 7.00 61.00 68.00 OK
r-oldrel-windows-ix86+x86_64 0.6.1 12.00 61.00 73.00 OK

Check Details

Version: 0.6.1
Check: package dependencies
Result: NOTE
    Packages suggested but not available for checking: ‘dplyr’ ‘knitr’
Flavor: r-release-osx-x86_64-snowleopard

Version: 0.6.1
Check: tests
Result: ERROR
    Running the tests in ‘tests/testthat.R’ failed.
    Last 13 lines of output:
     binary : 1
    
    
     1. Error: small ----------------------------------------------------------------
     could not find function "sparseHessianFD.new"
     1: .handleSimpleError(function (e)
     {
     e$calls <- head(sys.calls()[-seq_len(frame + 7)], -2)
     signalCondition(e)
     }, "could not find function \"sparseHessianFD.new\"", quote(eval(expr, envir, enclos))) at test_binary.R:45
    
     Error: Test failures
     Execution halted
Flavor: r-release-osx-x86_64-snowleopard