CRAN Package Check Results for Package bayesGDS

Last updated on 2014-07-31 11:51:05.

Flavor Version Tinstall Tcheck Ttotal Status Flags
r-devel-linux-x86_64-debian-clang 0.6.0 3.50 39.48 42.98 OK
r-devel-linux-x86_64-debian-gcc 0.6.0 3.43 37.55 40.98 OK
r-devel-linux-x86_64-fedora-clang 0.6.0 105.93 OK
r-devel-linux-x86_64-fedora-gcc 0.6.0 100.65 OK
r-devel-osx-x86_64-clang 0.6.0 81.16 OK
r-devel-windows-ix86+x86_64 0.6.0 9.00 58.00 67.00 OK
r-patched-linux-x86_64 0.6.0 3.44 38.56 42.00 OK
r-patched-solaris-sparc 0.6.0 520.20 OK
r-patched-solaris-x86 0.6.0 137.40 OK
r-release-linux-ix86 0.6.0 4.03 47.64 51.66 OK
r-release-linux-x86_64 0.6.0 3.48 39.69 43.17 OK
r-release-osx-x86_64-mavericks 0.6.0 NOTE
r-release-osx-x86_64-snowleopard 0.6.0 NOTE
r-release-windows-ix86+x86_64 0.6.0 13.00 83.00 96.00 OK
r-oldrel-windows-ix86+x86_64 0.6.0 12.00 75.00 87.00 OK

Check Details

Version: 0.6.0
Check: re-building of vignette outputs
Result: NOTE
    Error in re-building vignettes:
     ...
    Error in texi2dvi(file = file, pdf = TRUE, clean = clean, quiet = quiet, :
     Running 'texi2dvi' on 'bayesGDS.tex' failed.
    LaTeX errors:
    ! LaTeX Error: File `appendix.sty' not found.
    
    Type X to quit or <RETURN> to proceed,
    or enter new name. (Default extension: sty)
    
    n_test/bayesGDS/vignettes/bayesGDS.tex:21: ==> Fatal error occurred, no output
     PDF file produced!
    Calls: buildVignettes -> texi2pdf -> texi2dvi
    Execution halted
Flavor: r-release-osx-x86_64-mavericks

Version: 0.6.0
Check: re-building of vignette outputs
Result: NOTE
    Error in re-building vignettes:
     ...
    Error in texi2dvi(file = file, pdf = TRUE, clean = clean, quiet = quiet, :
     Running 'texi2dvi' on 'bayesGDS.tex' failed.
    LaTeX errors:
    ! LaTeX Error: File `etoolbox.sty' not found.
    
    Type X to quit or <RETURN> to proceed,
    or enter new name. (Default extension: sty)
    
    bayesGDS.Rcheck/vign_test/bayesGDS/vignettes/bayesGDS.tex:5: ==> Fatal error o
    ccurred, no output PDF file produced!
    Calls: buildVignettes -> texi2pdf -> texi2dvi
    Execution halted
Flavor: r-release-osx-x86_64-snowleopard