CRAN Package Check Results for Package bayesGDS

Last updated on 2015-08-02 09:46:50.

Flavor Version Tinstall Tcheck Ttotal Status Flags
r-devel-linux-x86_64-debian-clang 0.6.1 2.77 37.86 40.63 NOTE
r-devel-linux-x86_64-debian-gcc 0.6.1 2.50 36.83 39.32 NOTE
r-devel-linux-x86_64-fedora-clang 0.6.1 82.29 NOTE
r-devel-linux-x86_64-fedora-gcc 0.6.1 81.69 NOTE
r-devel-osx-x86_64-clang 0.6.1 67.43 OK
r-devel-windows-ix86+x86_64 0.6.1 8.00 60.00 68.00 NOTE
r-patched-linux-x86_64 0.6.1 2.51 38.10 40.60 OK
r-patched-solaris-sparc 0.6.1 505.60 OK
r-patched-solaris-x86 0.6.1 109.10 OK
r-release-linux-x86_64 0.6.1 2.47 37.74 40.21 OK
r-release-osx-x86_64-mavericks 0.6.1 OK
r-release-windows-ix86+x86_64 0.6.1 10.00 64.00 74.00 OK
r-oldrel-windows-ix86+x86_64 0.6.1 14.00 77.00 91.00 OK

Check Details

Version: 0.6.1
Check: R code for possible problems
Result: NOTE
    get.cutoffs: no visible global function definition for ‘runif’
    Undefined global functions or variables:
     runif
    Consider adding
     importFrom("stats", "runif")
    to your NAMESPACE.
Flavors: r-devel-linux-x86_64-debian-clang, r-devel-linux-x86_64-debian-gcc, r-devel-linux-x86_64-fedora-clang, r-devel-linux-x86_64-fedora-gcc, r-devel-windows-ix86+x86_64