CRAN Package Check Results for Package bayesGDS

Last updated on 2014-09-01 11:48:50.

Flavor Version Tinstall Tcheck Ttotal Status Flags
r-devel-linux-x86_64-debian-clang 0.6.0 3.57 36.97 40.54 NOTE
r-devel-linux-x86_64-debian-gcc 0.6.0 3.39 36.33 39.72 NOTE
r-devel-linux-x86_64-fedora-clang 0.6.0 109.04 NOTE
r-devel-linux-x86_64-fedora-gcc 0.6.0 98.75 NOTE
r-devel-osx-x86_64-clang 0.6.0 80.77 NOTE
r-devel-windows-ix86+x86_64 0.6.0 9.00 58.00 67.00 NOTE
r-patched-linux-x86_64 0.6.0 3.40 38.27 41.67 NOTE
r-patched-solaris-sparc 0.6.0 533.70 NOTE
r-patched-solaris-x86 0.6.0 139.30 NOTE
r-release-linux-ix86 0.6.0 4.08 48.93 53.01 OK
r-release-linux-x86_64 0.6.0 4.78 38.49 43.27 OK
r-release-osx-x86_64-mavericks 0.6.0 NOTE
r-release-osx-x86_64-snowleopard 0.6.0 NOTE
r-release-windows-ix86+x86_64 0.6.0 8.00 67.00 75.00 OK
r-oldrel-windows-ix86+x86_64 0.6.0 9.00 53.00 62.00 OK

Check Details

Version: 0.6.0
Check: dependencies in R code
Result: NOTE
    Package in Depends field not imported from: ‘compiler’
     These packages need to be imported from (in the NAMESPACE file)
     for when this namespace is loaded but not attached.
    See the information on DESCRIPTION files in the chapter ‘Creating R
    packages’ of the ‘Writing R Extensions’ manual.
Flavors: r-devel-linux-x86_64-debian-clang, r-devel-linux-x86_64-debian-gcc, r-devel-linux-x86_64-fedora-clang, r-devel-linux-x86_64-fedora-gcc, r-devel-osx-x86_64-clang, r-devel-windows-ix86+x86_64, r-patched-linux-x86_64, r-patched-solaris-sparc, r-patched-solaris-x86

Version: 0.6.0
Check: R code for possible problems
Result: NOTE
    demo.get.hess.struct: no visible global function definition for
     ‘Diagonal’
    demo.get.hess.struct: no visible global function definition for
     ‘Matrix’
    demo.get.hess.struct: no visible global function definition for ‘cBind’
    demo.get.hess.struct: no visible global function definition for ‘rBind’
    demo.get.hess.struct: no visible global function definition for
     ‘Matrix.to.Coord’
Flavors: r-devel-linux-x86_64-debian-clang, r-devel-linux-x86_64-debian-gcc, r-devel-linux-x86_64-fedora-clang, r-devel-linux-x86_64-fedora-gcc, r-devel-osx-x86_64-clang, r-devel-windows-ix86+x86_64

Version: 0.6.0
Check: re-building of vignette outputs
Result: NOTE
    Error in re-building vignettes:
     ...
    Error in texi2dvi(file = file, pdf = TRUE, clean = clean, quiet = quiet, :
     Running 'texi2dvi' on 'bayesGDS.tex' failed.
    LaTeX errors:
    ! LaTeX Error: File `appendix.sty' not found.
    
    Type X to quit or <RETURN> to proceed,
    or enter new name. (Default extension: sty)
    
    n_test/bayesGDS/vignettes/bayesGDS.tex:21: ==> Fatal error occurred, no output
     PDF file produced!
    Calls: buildVignettes -> texi2pdf -> texi2dvi
    Execution halted
Flavor: r-release-osx-x86_64-mavericks

Version: 0.6.0
Check: re-building of vignette outputs
Result: NOTE
    Error in re-building vignettes:
     ...
    Error in texi2dvi(file = file, pdf = TRUE, clean = clean, quiet = quiet, :
     Running 'texi2dvi' on 'bayesGDS.tex' failed.
    LaTeX errors:
    ! LaTeX Error: File `etoolbox.sty' not found.
    
    Type X to quit or <RETURN> to proceed,
    or enter new name. (Default extension: sty)
    
    bayesGDS.Rcheck/vign_test/bayesGDS/vignettes/bayesGDS.tex:5: ==> Fatal error o
    ccurred, no output PDF file produced!
    Calls: buildVignettes -> texi2pdf -> texi2dvi
    Execution halted
Flavor: r-release-osx-x86_64-snowleopard