CRAN Package Check Results for Package bayesGDS

Last updated on 2014-04-18 11:47:14.

Flavor Version Tinstall Tcheck Ttotal Status Flags
r-devel-linux-x86_64-debian-clang 0.6.0 3.67 39.42 43.09 OK
r-devel-linux-x86_64-debian-gcc OK
r-devel-linux-x86_64-fedora-clang 0.6.0 108.88 OK
r-devel-linux-x86_64-fedora-gcc 0.6.0 105.77 OK
r-devel-macosx-x86_64-clang 0.6.0 83.33 OK
r-devel-macosx-x86_64-gcc 0.6.0 OK
r-devel-windows-ix86+x86_64 0.6.0 10.00 56.00 66.00 OK
r-patched-linux-x86_64 0.6.0 3.65 40.05 43.70 OK
r-patched-solaris-sparc 0.6.0 541.80 OK
r-patched-solaris-x86 0.6.0 133.70 OK
r-release-linux-ix86 0.6.0 8.00 66.00 74.00 OK
r-release-linux-x86_64 0.6.0 3.70 40.96 44.66 OK
r-release-macosx-x86_64 0.6.0 NOTE
r-release-windows-ix86+x86_64 0.6.0 9.00 59.00 68.00 OK
r-oldrel-windows-ix86+x86_64 0.6.0 8.00 54.00 62.00 OK

Check Details

Version: 0.6.0
Check: re-building of vignette outputs
Result: NOTE
    Error in re-building vignettes:
     ...
    Error in texi2dvi(file = file, pdf = TRUE, clean = clean, quiet = quiet, :
     Running 'texi2dvi' on 'bayesGDS.tex' failed.
    LaTeX errors:
    ! LaTeX Error: File `etoolbox.sty' not found.
    
    Type X to quit or <RETURN> to proceed,
    or enter new name. (Default extension: sty)
    
    bayesGDS.Rcheck/vign_test/bayesGDS/vignettes/bayesGDS.tex:5: ==> Fatal error o
    ccurred, no output PDF file produced!
    Calls: buildVignettes -> texi2pdf -> texi2dvi
    Execution halted
Flavor: r-release-macosx-x86_64