CRAN Package Check Results for Package bayesLife

Last updated on 2014-12-19 17:50:18.

Flavor Version Tinstall Tcheck Ttotal Status Flags
r-devel-linux-x86_64-debian-clang 2.1-3 3.04 33.87 36.91 NOTE
r-devel-linux-x86_64-debian-gcc 2.1-3 3.42 32.25 35.68 NOTE
r-devel-linux-x86_64-fedora-clang 2.1-3 69.12 NOTE
r-devel-linux-x86_64-fedora-gcc 2.1-3 65.45 NOTE
r-devel-osx-x86_64-clang 2.1-3 68.63 NOTE
r-devel-windows-ix86+x86_64 2.1-3 21.00 73.00 94.00 OK
r-patched-linux-x86_64 2.1-3 3.21 34.71 37.92 NOTE
r-patched-solaris-sparc 2.1-3 384.30 OK
r-patched-solaris-x86 2.1-3 91.50 OK
r-release-linux-ix86 2.1-3 3.93 45.12 49.04 NOTE
r-release-linux-x86_64 2.1-3 3.06 34.37 37.43 NOTE
r-release-osx-x86_64-mavericks 2.1-3 NOTE
r-release-osx-x86_64-snowleopard 2.1-3 NOTE
r-release-windows-ix86+x86_64 2.1-3 20.00 72.00 92.00 OK
r-oldrel-windows-ix86+x86_64 2.1-3 20.00 75.00 95.00 OK

Check Details

Version: 2.1-3
Check: installed package size
Result: NOTE
     installed size is 5.5Mb
     sub-directories of 1Mb or more:
     ex-data 5.0Mb
Flavors: r-devel-linux-x86_64-debian-clang, r-devel-linux-x86_64-debian-gcc, r-devel-linux-x86_64-fedora-clang, r-devel-linux-x86_64-fedora-gcc, r-devel-osx-x86_64-clang, r-patched-linux-x86_64, r-release-linux-ix86, r-release-linux-x86_64, r-release-osx-x86_64-mavericks, r-release-osx-x86_64-snowleopard