CRAN Package Check Results for Package bayesLife

Last updated on 2014-07-31 11:51:05.

Flavor Version Tinstall Tcheck Ttotal Status Flags
r-devel-linux-x86_64-debian-clang 2.1-1 3.04 35.38 38.42 NOTE
r-devel-linux-x86_64-debian-gcc 2.1-1 2.99 33.71 36.70 NOTE
r-devel-linux-x86_64-fedora-clang 2.1-1 71.36 NOTE
r-devel-linux-x86_64-fedora-gcc 2.1-1 64.73 NOTE
r-devel-osx-x86_64-clang 2.1-1 67.27 NOTE
r-devel-windows-ix86+x86_64 2.1-1 13.00 69.00 82.00 OK
r-patched-linux-x86_64 2.1-1 3.04 33.78 36.81 NOTE
r-patched-solaris-sparc 2.1-1 397.50 OK
r-patched-solaris-x86 2.1-1 91.00 OK
r-release-linux-ix86 2.1-1 4.10 44.74 48.84 NOTE
r-release-linux-x86_64 2.1-1 3.04 35.29 38.33 NOTE
r-release-osx-x86_64-mavericks 2.1-1 NOTE
r-release-osx-x86_64-snowleopard 2.1-1 NOTE
r-release-windows-ix86+x86_64 2.1-1 35.00 100.00 135.00 OK
r-oldrel-windows-ix86+x86_64 2.1-1 22.00 103.00 125.00 OK

Check Details

Version: 2.1-1
Check: installed package size
Result: NOTE
     installed size is 5.5Mb
     sub-directories of 1Mb or more:
     ex-data 5.0Mb
Flavors: r-devel-linux-x86_64-debian-clang, r-devel-linux-x86_64-debian-gcc, r-devel-linux-x86_64-fedora-clang, r-devel-linux-x86_64-fedora-gcc, r-devel-osx-x86_64-clang, r-patched-linux-x86_64, r-release-linux-ix86, r-release-linux-x86_64, r-release-osx-x86_64-mavericks, r-release-osx-x86_64-snowleopard

Version: 2.1-1
Check: Rd cross-references
Result: NOTE
    Package unavailable to check Rd xrefs: rworldmap
Flavor: r-release-osx-x86_64-mavericks