CRAN Package Check Results for Package bayesLife

Last updated on 2015-02-28 05:47:54.

Flavor Version Tinstall Tcheck Ttotal Status Flags
r-devel-linux-x86_64-debian-clang 2.1-3 6.01 58.05 64.06 NOTE
r-devel-linux-x86_64-debian-gcc 2.1-3 5.29 56.68 61.97 NOTE
r-devel-linux-x86_64-fedora-clang 2.1-3 129.39 NOTE
r-devel-linux-x86_64-fedora-gcc 2.1-3 122.00 NOTE
r-devel-osx-x86_64-clang 2.1-3 116.25 NOTE
r-devel-windows-ix86+x86_64 2.1-3 49.00 124.00 173.00 OK
r-patched-linux-x86_64 2.1-3 8.54 79.20 87.74 NOTE
r-patched-solaris-sparc 2.1-3 449.20 OK
r-release-linux-ix86 2.1-3 8.84 99.04 107.87 NOTE
r-release-linux-x86_64 2.1-3 8.29 78.91 87.20 NOTE
r-release-osx-x86_64-mavericks 2.1-3 NOTE
r-release-osx-x86_64-snowleopard 2.1-3 NOTE
r-release-windows-ix86+x86_64 2.1-3 30.00 167.00 197.00 OK
r-oldrel-windows-ix86+x86_64 2.1-3 30.00 158.00 188.00 OK

Check Details

Version: 2.1-3
Check: installed package size
Result: NOTE
     installed size is 5.5Mb
     sub-directories of 1Mb or more:
     ex-data 5.0Mb
Flavors: r-devel-linux-x86_64-debian-clang, r-devel-linux-x86_64-debian-gcc, r-devel-linux-x86_64-fedora-clang, r-devel-linux-x86_64-fedora-gcc, r-devel-osx-x86_64-clang, r-patched-linux-x86_64, r-release-linux-ix86, r-release-linux-x86_64, r-release-osx-x86_64-mavericks, r-release-osx-x86_64-snowleopard