CRAN Package Check Results for Package bayesLife

Last updated on 2015-05-03 11:47:29.

Flavor Version Tinstall Tcheck Ttotal Status Flags
r-devel-linux-x86_64-debian-clang 2.2-0 5.66 59.73 65.38 NOTE
r-devel-linux-x86_64-debian-gcc 2.2-0 5.46 58.53 63.99 NOTE
r-devel-linux-x86_64-fedora-clang 2.2-0 133.04 NOTE
r-devel-linux-x86_64-fedora-gcc 2.2-0 121.16 NOTE
r-devel-osx-x86_64-clang 2.2-0 111.34 NOTE
r-devel-windows-ix86+x86_64 2.2-0 32.00 133.00 165.00 OK
r-patched-linux-x86_64 2.2-0 5.24 57.97 63.21 NOTE
r-patched-solaris-sparc 2.2-0 699.40 OK
r-patched-solaris-x86 2.2-0 171.60 OK
r-release-linux-x86_64 2.2-0 5.31 58.78 64.09 NOTE
r-release-osx-x86_64-mavericks 2.2-0 NOTE
r-release-osx-x86_64-snowleopard 2.2-0 ERROR
r-release-windows-ix86+x86_64 2.2-0 27.00 127.00 154.00 OK
r-oldrel-windows-ix86+x86_64 2.2-0 23.00 167.00 190.00 OK

Check Details

Version: 2.2-0
Check: installed package size
Result: NOTE
     installed size is 5.5Mb
     sub-directories of 1Mb or more:
     ex-data 5.0Mb
Flavors: r-devel-linux-x86_64-debian-clang, r-devel-linux-x86_64-debian-gcc, r-devel-linux-x86_64-fedora-clang, r-devel-linux-x86_64-fedora-gcc, r-devel-osx-x86_64-clang, r-patched-linux-x86_64, r-release-linux-x86_64, r-release-osx-x86_64-mavericks

Version: 2.2-0
Check: package dependencies
Result: ERROR
    Package required but not available: ‘car’
    
    See section ‘The DESCRIPTION file’ in the ‘Writing R Extensions’
    manual.
Flavor: r-release-osx-x86_64-snowleopard