CRAN Package Check Results for Package bayesLife

Last updated on 2015-09-01 21:46:52.

Flavor Version Tinstall Tcheck Ttotal Status Flags
r-devel-linux-x86_64-debian-clang 2.2-0 5.49 61.08 66.57 NOTE
r-devel-linux-x86_64-debian-gcc 2.2-0 6.21 59.12 65.33 NOTE
r-devel-linux-x86_64-fedora-clang 2.2-0 128.74 NOTE
r-devel-linux-x86_64-fedora-gcc 2.2-0 121.47 NOTE
r-devel-osx-x86_64-clang 2.2-0 100.59 NOTE
r-devel-windows-ix86+x86_64 2.2-0 72.00 134.00 206.00 NOTE
r-patched-linux-x86_64 2.2-0 5.44 61.98 67.42 NOTE
r-patched-solaris-sparc 2.2-0 799.50 OK
r-patched-solaris-x86 2.2-0 176.30 OK
r-release-linux-x86_64 2.2-0 5.78 62.05 67.83 NOTE
r-release-osx-x86_64-mavericks 2.2-0 NOTE
r-release-windows-ix86+x86_64 2.2-0 43.00 143.00 186.00 OK
r-oldrel-windows-ix86+x86_64 2.2-0 52.00 202.00 254.00 OK

Check Details

Version: 2.2-0
Check: installed package size
Result: NOTE
     installed size is 5.5Mb
     sub-directories of 1Mb or more:
     ex-data 5.0Mb
Flavors: r-devel-linux-x86_64-debian-clang, r-devel-linux-x86_64-debian-gcc, r-devel-linux-x86_64-fedora-clang, r-devel-linux-x86_64-fedora-gcc, r-devel-osx-x86_64-clang, r-patched-linux-x86_64, r-release-linux-x86_64, r-release-osx-x86_64-mavericks

Version: 2.2-0
Check: R code for possible problems
Result: NOTE
    .do.e0GoF.dl: no visible binding for global variable ‘quantile’
    .do.e0GoF.dl: no visible binding for global variable ‘median’
    .do.jmale.predict : predict.one.trajectory: no visible global function
     definition for ‘rt’
    .do.jmale.predict : predict.one.trajectory: no visible global function
     definition for ‘rnorm’
    .do.jmale.predict: no visible binding for global variable ‘quantile’
    .do.jmale.predict: no visible binding for global variable ‘sd’
    dnorm.trunc: no visible global function definition for ‘dnorm’
    dnorm.trunc: no visible global function definition for ‘pnorm’
    e0.DLcurve.plot: no visible binding for global variable ‘quantile’
    e0.DLcurve.plot: no visible global function definition for ‘plot’
    e0.DLcurve.plot: no visible global function definition for ‘lines’
    e0.DLcurve.plot: no visible global function definition for ‘points’
    e0.DLcurve.plot: no visible global function definition for ‘legend’
    e0.gap.plot: no visible binding for global variable ‘quantile’
    e0.gap.plot: no visible global function definition for ‘plot’
    e0.gap.plot: no visible global function definition for ‘grid’
    e0.gap.plot: no visible global function definition for ‘lines’
    e0.get.dlcurves: no visible global function definition for ‘rnorm’
    e0.joint.plot: no visible global function definition for ‘plot’
    e0.joint.plot: no visible global function definition for ‘grid’
    e0.joint.plot: no visible global function definition for ‘abline’
    e0.joint.plot: no visible global function definition for ‘rainbow’
    e0.joint.plot: no visible global function definition for ‘points’
    e0.joint.plot: no visible global function definition for ‘lines’
    e0.joint.plot: no visible global function definition for ‘legend’
    e0.mcmc.ini: no visible global function definition for ‘runif’
    e0.mcmc.ini: no visible global function definition for ‘rnorm’
    e0.mcmc.ini.extra: no visible global function definition for ‘rnorm’
    e0.mcmc.sampling: no visible global function definition for ‘runif’
    e0.proj.le.SDPropToLoess: no visible global function definition for
     ‘rnorm’
    e0.trajectories.plot: no visible global function definition for ‘plot’
    e0.trajectories.plot: no visible global function definition for ‘grid’
    e0.trajectories.plot: no visible global function definition for
     ‘points’
    e0.trajectories.plot: no visible global function definition for ‘lines’
    get.e0.trajectories.object: no visible binding for global variable
     ‘quantile’
    get.e0.trajectories.object: no visible binding for global variable
     ‘median’
    lambdas.update: no visible global function definition for ‘runif’
    logdensity.lambda: no visible global function definition for ‘dgamma’
    logdensity.omega: no visible global function definition for ‘dnorm’
    logdensity.omega: no visible global function definition for ‘dunif’
    make.e0.prediction: no visible binding for global variable ‘quantile’
    make.e0.prediction: no visible global function definition for
     ‘quantile’
    make.e0.prediction: no visible binding for global variable ‘sd’
    par.integral: no visible global function definition for ‘pnorm’
    proposal.lambda: no visible global function definition for ‘rgamma’
    rgamma.ltrunc: no visible global function definition for ‘rgamma’
    rnorm.trunc: no visible global function definition for ‘rnorm’
    run.e0.mcmc : get.init.values.between.low.and.up: no visible global
     function definition for ‘runif’
    slice.sampling: no visible global function definition for ‘rexp’
    slice.sampling: no visible global function definition for ‘runif’
    Undefined global functions or variables:
     abline dgamma dnorm dunif grid legend lines median plot pnorm points
     quantile rainbow rexp rgamma rnorm rt runif sd
    Consider adding
     importFrom("grDevices", "rainbow")
     importFrom("graphics", "abline", "grid", "legend", "lines", "plot",
     "points")
     importFrom("stats", "dgamma", "dnorm", "dunif", "median", "pnorm",
     "quantile", "rexp", "rgamma", "rnorm", "rt", "runif", "sd")
    to your NAMESPACE.
Flavors: r-devel-linux-x86_64-debian-clang, r-devel-linux-x86_64-debian-gcc, r-devel-linux-x86_64-fedora-clang, r-devel-linux-x86_64-fedora-gcc, r-devel-windows-ix86+x86_64