CRAN Package Check Results for Package bayesLife

Last updated on 2014-08-31 09:48:13.

Flavor Version Tinstall Tcheck Ttotal Status Flags
r-devel-linux-x86_64-debian-clang 2.1-1 2.81 31.98 34.79 NOTE
r-devel-linux-x86_64-debian-gcc 2.1-1 2.76 32.44 35.20 NOTE
r-devel-linux-x86_64-fedora-clang 2.1-1 71.93 NOTE
r-devel-linux-x86_64-fedora-gcc 2.1-1 63.29 NOTE
r-devel-osx-x86_64-clang 2.1-1 64.51 NOTE
r-devel-windows-ix86+x86_64 2.1-1 15.00 69.00 84.00 OK
r-patched-linux-x86_64 2.1-1 3.33 33.04 36.38 NOTE
r-patched-solaris-sparc 2.1-1 397.50 OK
r-patched-solaris-x86 2.1-1 90.10 OK
r-release-linux-ix86 2.1-1 4.10 46.09 50.19 NOTE
r-release-linux-x86_64 2.1-1 3.05 33.92 36.97 NOTE
r-release-osx-x86_64-mavericks 2.1-1 NOTE
r-release-osx-x86_64-snowleopard 2.1-1 NOTE
r-release-windows-ix86+x86_64 2.1-1 11.00 73.00 84.00 OK
r-oldrel-windows-ix86+x86_64 2.1-1 17.00 72.00 89.00 OK

Check Details

Version: 2.1-1
Check: installed package size
Result: NOTE
     installed size is 5.5Mb
     sub-directories of 1Mb or more:
     ex-data 5.1Mb
Flavors: r-devel-linux-x86_64-debian-clang, r-devel-linux-x86_64-debian-gcc, r-devel-linux-x86_64-fedora-clang, r-devel-linux-x86_64-fedora-gcc, r-devel-osx-x86_64-clang, r-patched-linux-x86_64, r-release-linux-ix86, r-release-linux-x86_64, r-release-osx-x86_64-mavericks, r-release-osx-x86_64-snowleopard

Version: 2.1-1
Check: Rd cross-references
Result: NOTE
    Package unavailable to check Rd xrefs: ‘rworldmap’
Flavor: r-release-osx-x86_64-mavericks