CRAN Package Check Results for Package bayesLife

Last updated on 2017-03-28 15:47:56.

Flavor Version Tinstall Tcheck Ttotal Status Flags
r-devel-linux-x86_64-debian-clang 3.0-4 5.01 60.58 65.58 NOTE
r-devel-linux-x86_64-debian-gcc 3.0-4 4.82 59.93 64.75 NOTE
r-devel-linux-x86_64-fedora-clang 3.0-4 140.00 NOTE --no-stop-on-test-error
r-devel-linux-x86_64-fedora-gcc 3.0-4 138.82 NOTE --no-stop-on-test-error
r-devel-macos-x86_64-clang 3.0-4 106.02 NOTE --no-stop-on-test-error
r-devel-windows-ix86+x86_64 3.0-4 27.00 149.00 176.00 OK
r-patched-linux-x86_64 3.0-4 4.94 59.58 64.51 NOTE
r-patched-solaris-sparc 3.0-4 800.20 OK
r-patched-solaris-x86 3.0-4 178.60 OK
r-release-linux-x86_64 3.0-4 4.91 56.32 61.23 OK
r-release-osx-x86_64-mavericks 3.0-4 OK
r-release-windows-ix86+x86_64 3.0-4 37.00 129.00 166.00 OK
r-oldrel-windows-ix86+x86_64 3.0-4 27.00 140.00 167.00 OK

Check Details

Version: 3.0-4
Check: compiled code
Result: NOTE
    File ‘bayesLife/libs/bayesLife.so’:
     Found no calls to: ‘R_registerRoutines’, ‘R_useDynamicSymbols’
    
    It is good practice to register native routines and to disable symbol
    search.
    
    See ‘Writing portable packages’ in the ‘Writing R Extensions’ manual.
Flavors: r-devel-linux-x86_64-debian-clang, r-devel-linux-x86_64-debian-gcc, r-patched-linux-x86_64

Version: 3.0-4
Flags: --no-stop-on-test-error
Check: compiled code
Result: NOTE
    File ‘bayesLife/libs/bayesLife.so’:
     Found no calls to: ‘R_registerRoutines’, ‘R_useDynamicSymbols’
    
    It is good practice to register native routines and to disable symbol
    search.
    
    See ‘Writing portable packages’ in the ‘Writing R Extensions’ manual.
Flavors: r-devel-linux-x86_64-fedora-clang, r-devel-linux-x86_64-fedora-gcc, r-devel-macos-x86_64-clang