CRAN Package Check Results for Package bayesLife

Last updated on 2015-01-29 20:48:46.

Flavor Version Tinstall Tcheck Ttotal Status Flags
r-devel-linux-x86_64-debian-clang 2.1-3 3.08 30.80 33.88 NOTE
r-devel-linux-x86_64-debian-gcc 2.1-3 2.51 28.52 31.03 NOTE
r-devel-linux-x86_64-fedora-clang 2.1-3 63.27 NOTE
r-devel-linux-x86_64-fedora-gcc 2.1-3 60.74 NOTE
r-devel-osx-x86_64-clang 2.1-3 67.36 NOTE
r-devel-windows-ix86+x86_64 2.1-3 29.00 61.00 90.00 OK
r-patched-linux-x86_64 2.1-3 3.58 36.64 40.22 NOTE
r-patched-solaris-sparc 2.1-3 449.20 OK
r-patched-solaris-x86 2.1-3 92.40 OK
r-release-linux-ix86 2.1-3 4.01 44.65 48.66 NOTE
r-release-linux-x86_64 2.1-3 3.26 35.78 39.04 NOTE
r-release-osx-x86_64-mavericks 2.1-3 NOTE
r-release-osx-x86_64-snowleopard 2.1-3 NOTE
r-release-windows-ix86+x86_64 2.1-3 21.00 75.00 96.00 OK
r-oldrel-windows-ix86+x86_64 2.1-3 20.00 74.00 94.00 OK

Check Details

Version: 2.1-3
Check: installed package size
Result: NOTE
     installed size is 5.5Mb
     sub-directories of 1Mb or more:
     ex-data 5.0Mb
Flavors: r-devel-linux-x86_64-debian-clang, r-devel-linux-x86_64-debian-gcc, r-devel-linux-x86_64-fedora-clang, r-devel-linux-x86_64-fedora-gcc, r-devel-osx-x86_64-clang, r-patched-linux-x86_64, r-release-linux-ix86, r-release-linux-x86_64, r-release-osx-x86_64-mavericks, r-release-osx-x86_64-snowleopard