CRAN Package Check Results for Package bayesLife

Last updated on 2014-04-23 12:48:14.

Flavor Version Tinstall Tcheck Ttotal Status Flags
r-devel-linux-x86_64-debian-clang 2.1-0 3.30 34.70 38.00 NOTE
r-devel-linux-x86_64-debian-gcc 2.1-0 3.22 35.38 38.60 NOTE
r-devel-linux-x86_64-fedora-clang 2.1-0 69.10 NOTE
r-devel-linux-x86_64-fedora-gcc 2.1-0 66.07 NOTE
r-devel-osx-x86_64-clang 2.1-0 63.22 NOTE
r-devel-osx-x86_64-gcc 2.1-0 ERROR
r-devel-windows-ix86+x86_64 2.1-0 15.00 67.00 82.00 OK
r-patched-linux-x86_64 2.1-0 3.23 34.64 37.88 NOTE
r-patched-solaris-sparc 2.1-0 414.00 OK
r-patched-solaris-x86 2.1-0 89.40 OK
r-release-linux-ix86 2.1-0 6.00 64.00 70.00 NOTE
r-release-linux-x86_64 2.1-0 3.23 35.39 38.62 NOTE
r-release-osx-x86_64-mavericks 2.1-0 WARN
r-release-osx-x86_64-snowleopard 2.1-0 NOTE
r-release-windows-ix86+x86_64 2.1-0 14.00 76.00 90.00 OK
r-oldrel-windows-ix86+x86_64 2.1-0 15.00 75.00 90.00 OK

Check Details

Version: 2.1-0
Check: installed package size
Result: NOTE
     installed size is 5.5Mb
     sub-directories of 1Mb or more:
     ex-data 5.1Mb
Flavors: r-devel-linux-x86_64-debian-clang, r-devel-linux-x86_64-debian-gcc, r-devel-linux-x86_64-fedora-clang, r-devel-linux-x86_64-fedora-gcc, r-devel-osx-x86_64-clang, r-patched-linux-x86_64, r-release-linux-ix86, r-release-linux-x86_64, r-release-osx-x86_64-mavericks, r-release-osx-x86_64-snowleopard

Version: 2.1-0
Check: package dependencies
Result: ERROR
    Package required but not available: ‘car’
    
    See the information on DESCRIPTION files in the chapter ‘Creating R
    packages’ of the ‘Writing R Extensions’ manual.
Flavor: r-devel-osx-x86_64-gcc

Version: 2.1-0
Check: Rd cross-references
Result: NOTE
    Package unavailable to check Rd xrefs: ‘rworldmap’
Flavor: r-release-osx-x86_64-mavericks

Version: 2.1-0
Check: PDF version of manual
Result: WARNING
    LaTeX errors when creating PDF version.
    This typically indicates Rd problems.
    LaTeX errors found:
    ! LaTeX Error: File `upquote.sty' not found.
    
    Type X to quit or <RETURN> to proceed,
    or enter new name. (Default extension: sty)
    
    1579f71/Rd2.tex:8: ==> Fatal error occurred, no output PDF file produced!
Flavor: r-release-osx-x86_64-mavericks