CRAN Package Check Results for Package bayesLife

Last updated on 2015-04-01 23:49:08.

Flavor Version Tinstall Tcheck Ttotal Status Flags
r-devel-linux-x86_64-debian-clang 2.2-0 6.22 59.14 65.36 NOTE
r-devel-linux-x86_64-debian-gcc 2.2-0 5.42 57.66 63.07 NOTE
r-devel-linux-x86_64-fedora-clang 2.2-0 129.36 NOTE
r-devel-linux-x86_64-fedora-gcc 2.2-0 122.02 NOTE
r-devel-osx-x86_64-clang 2.2-0 121.39 NOTE
r-prerel-windows-ix86+x86_64 2.2-0 27.00 120.00 147.00 OK
r-prerel-linux-x86_64 2.2-0 5.34 57.64 62.98 NOTE
r-prerel-solaris-sparc 2.2-0 699.40 OK
r-prerel-solaris-x86 2.2-0 167.00 OK
r-release-linux-x86_64 2.2-0 8.00 78.87 86.88 NOTE
r-release-osx-x86_64-mavericks 2.2-0 NOTE
r-release-osx-x86_64-snowleopard 2.2-0 NOTE
r-release-windows-ix86+x86_64 2.2-0 32.00 170.00 202.00 OK
r-oldrel-windows-ix86+x86_64 2.2-0 29.00 170.00 199.00 OK

Check Details

Version: 2.2-0
Check: installed package size
Result: NOTE
     installed size is 5.5Mb
     sub-directories of 1Mb or more:
     ex-data 5.0Mb
Flavors: r-devel-linux-x86_64-debian-clang, r-devel-linux-x86_64-debian-gcc, r-devel-linux-x86_64-fedora-clang, r-devel-linux-x86_64-fedora-gcc, r-devel-osx-x86_64-clang, r-prerel-linux-x86_64, r-release-linux-x86_64, r-release-osx-x86_64-mavericks, r-release-osx-x86_64-snowleopard