CRAN Package Check Results for Package bayesLife

Last updated on 2017-02-24 10:47:21.

Flavor Version Tinstall Tcheck Ttotal Status Flags
r-devel-linux-x86_64-debian-clang 3.0-4 4.88 59.58 64.46 NOTE
r-devel-linux-x86_64-debian-gcc 3.0-4 5.06 58.96 64.02 NOTE
r-devel-linux-x86_64-fedora-clang 3.0-4 135.77 NOTE --no-stop-on-test-error
r-devel-linux-x86_64-fedora-gcc 3.0-4 134.20 NOTE --no-stop-on-test-error
r-devel-macos-x86_64-clang 3.0-4 106.22 NOTE --no-stop-on-test-error
r-devel-windows-ix86+x86_64 3.0-4 33.00 181.00 214.00 OK
r-patched-linux-x86_64 3.0-4 5.34 56.81 62.15 OK
r-patched-solaris-sparc 3.0-4 738.30 OK
r-patched-solaris-x86 3.0-4 160.60 OK
r-release-linux-x86_64 3.0-4 5.19 56.36 61.55 OK
r-release-osx-x86_64-mavericks 3.0-4 OK
r-release-windows-ix86+x86_64 3.0-4 36.00 170.00 206.00 OK
r-oldrel-windows-ix86+x86_64 3.0-4 36.00 285.00 321.00 OK

Check Details

Version: 3.0-4
Check: compiled code
Result: NOTE
    File ‘bayesLife/libs/bayesLife.so’:
     Found no calls to: ‘R_registerRoutines’, ‘R_useDynamicSymbols’
    
    It is good practice to register native routines and to disable symbol
    search.
    
    See ‘Writing portable packages’ in the ‘Writing R Extensions’ manual.
Flavors: r-devel-linux-x86_64-debian-clang, r-devel-linux-x86_64-debian-gcc

Version: 3.0-4
Flags: --no-stop-on-test-error
Check: compiled code
Result: NOTE
    File ‘bayesLife/libs/bayesLife.so’:
     Found no calls to: ‘R_registerRoutines’, ‘R_useDynamicSymbols’
    
    It is good practice to register native routines and to disable symbol
    search.
    
    See ‘Writing portable packages’ in the ‘Writing R Extensions’ manual.
Flavors: r-devel-linux-x86_64-fedora-clang, r-devel-linux-x86_64-fedora-gcc, r-devel-macos-x86_64-clang