CRAN Package Check Results for Package bayesLife

Last updated on 2014-11-22 03:49:24.

Flavor Version Tinstall Tcheck Ttotal Status Flags
r-devel-linux-x86_64-debian-clang 2.1-3 2.97 33.32 36.28 NOTE
r-devel-linux-x86_64-debian-gcc 2.1-3 2.69 33.91 36.60 NOTE
r-devel-linux-x86_64-fedora-clang 2.1-3 55.90 NOTE
r-devel-linux-x86_64-fedora-gcc 2.1-3 65.22 NOTE
r-devel-osx-x86_64-clang 2.1-3 58.06 NOTE
r-devel-windows-ix86+x86_64 2.1-3 14.00 72.00 86.00 OK
r-patched-linux-x86_64 2.1-2 3.15 34.70 37.85 NOTE
r-patched-solaris-sparc 2.1-3 384.30 OK
r-patched-solaris-x86 2.1-3 77.90 OK
r-release-linux-ix86 2.1-2 3.88 44.79 48.68 NOTE
r-release-linux-x86_64 2.1-3 3.04 34.34 37.39 NOTE
r-release-osx-x86_64-mavericks 2.1-3 NOTE
r-release-osx-x86_64-snowleopard 2.1-3 NOTE
r-release-windows-ix86+x86_64 2.1-3 14.00 76.00 90.00 OK
r-oldrel-windows-ix86+x86_64 2.1-3 13.00 71.00 84.00 OK

Check Details

Version: 2.1-3
Check: installed package size
Result: NOTE
     installed size is 5.5Mb
     sub-directories of 1Mb or more:
     ex-data 5.0Mb
Flavors: r-devel-linux-x86_64-debian-clang, r-devel-linux-x86_64-debian-gcc, r-devel-linux-x86_64-fedora-clang, r-devel-linux-x86_64-fedora-gcc, r-devel-osx-x86_64-clang, r-release-linux-x86_64, r-release-osx-x86_64-mavericks, r-release-osx-x86_64-snowleopard

Version: 2.1-2
Check: installed package size
Result: NOTE
     installed size is 5.5Mb
     sub-directories of 1Mb or more:
     ex-data 5.0Mb
Flavors: r-patched-linux-x86_64, r-release-linux-ix86