CRAN Package Check Results for Package bayesLife

Last updated on 2014-09-18 21:46:40.

Flavor Version Tinstall Tcheck Ttotal Status Flags
r-devel-linux-x86_64-debian-clang 2.1-1 2.89 33.02 35.91 NOTE
r-devel-linux-x86_64-debian-gcc 2.1-1 2.66 32.98 35.64 NOTE
r-devel-linux-x86_64-fedora-clang 2.1-1 67.76 NOTE
r-devel-linux-x86_64-fedora-gcc 2.1-1 65.05 NOTE
r-devel-osx-x86_64-clang 2.1-1 63.20 NOTE
r-devel-windows-ix86+x86_64 2.1-1 13.00 68.00 81.00 OK
r-patched-linux-x86_64 2.1-1 3.25 33.77 37.02 NOTE
r-patched-solaris-sparc 2.1-1 397.50 OK
r-patched-solaris-x86 2.1-1 89.10 OK
r-release-linux-ix86 2.1-1 4.07 46.20 50.27 NOTE
r-release-linux-x86_64 2.1-1 3.02 34.39 37.41 NOTE
r-release-osx-x86_64-mavericks 2.1-1 NOTE
r-release-osx-x86_64-snowleopard 2.1-1 NOTE
r-release-windows-ix86+x86_64 2.1-1 13.00 74.00 87.00 OK
r-oldrel-windows-ix86+x86_64 2.1-1 16.00 77.00 93.00 OK

Check Details

Version: 2.1-1
Check: installed package size
Result: NOTE
     installed size is 5.5Mb
     sub-directories of 1Mb or more:
     ex-data 5.0Mb
Flavors: r-devel-linux-x86_64-debian-clang, r-devel-linux-x86_64-debian-gcc, r-devel-linux-x86_64-fedora-clang, r-devel-linux-x86_64-fedora-gcc, r-devel-osx-x86_64-clang, r-patched-linux-x86_64, r-release-linux-ix86, r-release-linux-x86_64, r-release-osx-x86_64-mavericks, r-release-osx-x86_64-snowleopard

Version: 2.1-1
Check: Rd cross-references
Result: NOTE
    Package unavailable to check Rd xrefs: ‘rworldmap’
Flavor: r-release-osx-x86_64-mavericks