CRAN Package Check Results for Package bayesLopod

Last updated on 2018-02-17 23:47:36 CET.

Flavor Version Tinstall Tcheck Ttotal Status Flags
r-devel-linux-x86_64-debian-clang 1.0.1 267.39 106.73 374.12 OK
r-devel-linux-x86_64-debian-gcc 1.0.1 190.92 85.27 276.19 OK
r-devel-linux-x86_64-fedora-clang 1.0.1 498.30 NOTE
r-devel-linux-x86_64-fedora-gcc 1.0.1 436.91 NOTE
r-devel-windows-ix86+x86_64 1.0.1 379.00 195.00 574.00 NOTE
r-patched-linux-x86_64 1.0.1 218.00 119.84 337.84 OK
r-patched-solaris-x86 1.0.1 429.90 NOTE
r-release-linux-x86_64 1.0.1 206.64 118.64 325.28 OK
r-release-windows-ix86+x86_64 1.0.1 493.00 255.00 748.00 NOTE
r-release-osx-x86_64 1.0.1 NOTE
r-oldrel-windows-ix86+x86_64 1.0.1 382.00 195.00 577.00 NOTE
r-oldrel-osx-x86_64 1.0.1 NOTE

Check Details

Version: 1.0.1
Check: installed package size
Result: NOTE
     installed size is 58.0Mb
     sub-directories of 1Mb or more:
     libs 57.2Mb
Flavors: r-devel-linux-x86_64-fedora-clang, r-devel-linux-x86_64-fedora-gcc, r-devel-windows-ix86+x86_64, r-patched-solaris-x86, r-release-windows-ix86+x86_64, r-release-osx-x86_64, r-oldrel-windows-ix86+x86_64, r-oldrel-osx-x86_64

Version: 1.0.1
Check: dependencies in R code
Result: NOTE
    Namespace in Imports field not imported from: ‘inline’
     All declared Imports should be used.
Flavors: r-devel-linux-x86_64-fedora-clang, r-devel-linux-x86_64-fedora-gcc, r-patched-solaris-x86, r-release-osx-x86_64, r-oldrel-osx-x86_64