CRAN Package Check Results for Package bayesLopod

Last updated on 2018-08-17 10:50:33 CEST.

Flavor Version Tinstall Tcheck Ttotal Status Flags
r-devel-linux-x86_64-debian-clang 1.0.1 243.26 131.60 374.86 OK
r-devel-linux-x86_64-debian-gcc 1.0.1 260.40 110.62 371.02 OK
r-devel-linux-x86_64-fedora-clang 1.0.1 460.18 NOTE
r-devel-linux-x86_64-fedora-gcc 1.0.1 447.22 NOTE
r-devel-windows-ix86+x86_64 1.0.1 497.00 293.00 790.00 NOTE
r-patched-linux-x86_64 1.0.1 277.18 110.21 387.39 OK
r-patched-solaris-x86 1.0.1 451.10 NOTE
r-release-linux-x86_64 1.0.1 267.05 106.13 373.18 OK
r-release-windows-ix86+x86_64 1.0.1 421.00 274.00 695.00 NOTE
r-release-osx-x86_64 1.0.1 NOTE
r-oldrel-windows-ix86+x86_64 1.0.1 498.00 226.00 724.00 NOTE
r-oldrel-osx-x86_64 1.0.1 NOTE

Check Details

Version: 1.0.1
Check: installed package size
Result: NOTE
     installed size is 58.5Mb
     sub-directories of 1Mb or more:
     libs 57.7Mb
Flavors: r-devel-linux-x86_64-fedora-clang, r-devel-windows-ix86+x86_64, r-patched-solaris-x86, r-release-windows-ix86+x86_64, r-release-osx-x86_64, r-oldrel-windows-ix86+x86_64, r-oldrel-osx-x86_64

Version: 1.0.1
Check: dependencies in R code
Result: NOTE
    Namespace in Imports field not imported from: ‘inline’
     All declared Imports should be used.
Flavors: r-devel-linux-x86_64-fedora-clang, r-devel-linux-x86_64-fedora-gcc, r-patched-solaris-x86, r-release-osx-x86_64, r-oldrel-osx-x86_64