CRAN Package Check Results for Package bayesLopod

Last updated on 2018-05-22 20:49:09 CEST.

Flavor Version Tinstall Tcheck Ttotal Status Flags
r-devel-linux-x86_64-debian-clang 1.0.1 249.62 125.80 375.42 OK
r-devel-linux-x86_64-debian-gcc 1.0.1 203.67 101.08 304.75 OK
r-devel-linux-x86_64-fedora-clang 1.0.1 497.60 NOTE
r-devel-linux-x86_64-fedora-gcc 1.0.1 447.00 NOTE
r-devel-windows-ix86+x86_64 1.0.1 362.00 287.00 649.00 NOTE
r-patched-linux-x86_64 1.0.1 199.50 108.79 308.29 OK
r-patched-solaris-x86 1.0.1 436.00 NOTE
r-release-linux-x86_64 1.0.1 200.32 107.07 307.39 OK
r-release-windows-ix86+x86_64 1.0.1 491.00 259.00 750.00 NOTE
r-release-osx-x86_64 1.0.1 NOTE
r-oldrel-windows-ix86+x86_64 1.0.1 479.00 257.00 736.00 NOTE
r-oldrel-osx-x86_64 1.0.1 NOTE

Check Details

Version: 1.0.1
Check: installed package size
Result: NOTE
     installed size is 58.0Mb
     sub-directories of 1Mb or more:
     libs 57.2Mb
Flavors: r-devel-linux-x86_64-fedora-clang, r-devel-linux-x86_64-fedora-gcc, r-devel-windows-ix86+x86_64, r-patched-solaris-x86, r-release-windows-ix86+x86_64, r-release-osx-x86_64, r-oldrel-windows-ix86+x86_64, r-oldrel-osx-x86_64

Version: 1.0.1
Check: dependencies in R code
Result: NOTE
    Namespace in Imports field not imported from: ‘inline’
     All declared Imports should be used.
Flavors: r-devel-linux-x86_64-fedora-clang, r-devel-linux-x86_64-fedora-gcc, r-patched-solaris-x86, r-release-osx-x86_64, r-oldrel-osx-x86_64