CRAN Package Check Results for Package bayesLopod

Last updated on 2018-10-20 14:46:16 CEST.

Flavor Version Tinstall Tcheck Ttotal Status Flags
r-devel-linux-x86_64-debian-clang 1.0.1 292.90 145.14 438.04 OK
r-devel-linux-x86_64-debian-gcc 1.0.1 280.86 122.84 403.70 OK
r-devel-linux-x86_64-fedora-clang 1.0.1 574.32 NOTE
r-devel-linux-x86_64-fedora-gcc 1.0.1 411.69 NOTE
r-devel-windows-ix86+x86_64 1.0.1 518.00 320.00 838.00 NOTE
r-patched-linux-x86_64 1.0.1 299.14 112.42 411.56 OK
r-patched-solaris-x86 1.0.1 50.60 ERROR
r-release-linux-x86_64 1.0.1 277.19 121.29 398.48 OK
r-release-windows-ix86+x86_64 1.0.1 505.00 278.00 783.00 NOTE
r-release-osx-x86_64 1.0.1 NOTE
r-oldrel-windows-ix86+x86_64 1.0.1 367.00 285.00 652.00 NOTE
r-oldrel-osx-x86_64 1.0.1 NOTE

Check Details

Version: 1.0.1
Check: installed package size
Result: NOTE
     installed size is 63.1Mb
     sub-directories of 1Mb or more:
     libs 62.3Mb
Flavors: r-devel-linux-x86_64-fedora-clang, r-devel-windows-ix86+x86_64, r-release-windows-ix86+x86_64, r-release-osx-x86_64, r-oldrel-windows-ix86+x86_64, r-oldrel-osx-x86_64

Version: 1.0.1
Check: dependencies in R code
Result: NOTE
    Namespace in Imports field not imported from: ‘inline’
     All declared Imports should be used.
Flavors: r-devel-linux-x86_64-fedora-clang, r-devel-linux-x86_64-fedora-gcc, r-release-osx-x86_64, r-oldrel-osx-x86_64

Version: 1.0.1
Check: whether package can be installed
Result: ERROR
    Installation failed.
Flavor: r-patched-solaris-x86