CRAN Package Check Results for Package bayesMCClust

Last updated on 2014-07-24 17:48:57.

Flavor Version Tinstall Tcheck Ttotal Status Flags
r-devel-linux-x86_64-debian-clang 1.0 1.66 40.58 42.24 NOTE
r-devel-linux-x86_64-debian-gcc 1.0 1.45 40.30 41.75 NOTE
r-devel-linux-x86_64-fedora-clang 1.0 84.35 NOTE
r-devel-linux-x86_64-fedora-gcc 1.0 82.00 NOTE
r-devel-osx-x86_64-clang 1.0 75.39 NOTE
r-devel-windows-ix86+x86_64 1.0 5.00 60.00 65.00 NOTE
r-patched-linux-x86_64 1.0 1.44 41.43 42.87 NOTE
r-patched-solaris-sparc 1.0 482.30 NOTE
r-patched-solaris-x86 1.0 98.80 NOTE
r-release-linux-ix86 1.0 2.26 51.35 53.61 NOTE
r-release-linux-x86_64 1.0 1.50 40.39 41.89 NOTE
r-release-osx-x86_64-mavericks 1.0 NOTE
r-release-osx-x86_64-snowleopard 1.0 NOTE
r-release-windows-ix86+x86_64 1.0 7.00 63.00 70.00 NOTE
r-oldrel-windows-ix86+x86_64 1.0 8.00 62.00 70.00 NOTE

Check Details

Version: 1.0
Check: package dependencies
Result: NOTE
    Depends: includes the non-default packages:
     ‘gplots’ ‘xtable’ ‘mnormt’ ‘MASS’ ‘bayesm’ ‘boa’ ‘e1071’ ‘gtools’
    Adding so many packages to the search path is excessive and importing
    selectively is preferable.
Flavors: r-devel-linux-x86_64-debian-clang, r-devel-linux-x86_64-debian-gcc, r-devel-linux-x86_64-fedora-clang, r-devel-linux-x86_64-fedora-gcc, r-devel-osx-x86_64-clang, r-devel-windows-ix86+x86_64, r-patched-linux-x86_64, r-patched-solaris-sparc, r-patched-solaris-x86, r-release-linux-ix86, r-release-linux-x86_64, r-release-osx-x86_64-mavericks, r-release-osx-x86_64-snowleopard, r-release-windows-ix86+x86_64

Version: 1.0
Check: dependencies in R code
Result: NOTE
    Packages in Depends field not imported from:
     ‘MASS’ ‘bayesm’ ‘boa’ ‘e1071’ ‘gplots’ ‘gtools’ ‘mnormt’ ‘xtable’
     These packages need to be imported from (in the NAMESPACE file)
     for when this namespace is loaded but not attached.
    See the information on DESCRIPTION files in the chapter ‘Creating R
    packages’ of the ‘Writing R Extensions’ manual.
Flavors: r-devel-linux-x86_64-debian-clang, r-devel-linux-x86_64-debian-gcc, r-devel-linux-x86_64-fedora-clang, r-devel-linux-x86_64-fedora-gcc, r-devel-osx-x86_64-clang, r-devel-windows-ix86+x86_64, r-patched-linux-x86_64, r-patched-solaris-sparc, r-patched-solaris-x86, r-release-linux-ix86, r-release-linux-x86_64, r-release-osx-x86_64-mavericks, r-release-windows-ix86+x86_64, r-oldrel-windows-ix86+x86_64

Version: 1.0
Check: R code for possible problems
Result: NOTE
    calcMSCritDMC: warning in ls(all = TRUE): partial argument match of
     'all' to 'all.names'
    calcMSCritDMCExt: warning in ls(all = TRUE): partial argument match of
     'all' to 'all.names'
    calcMSCritMCC: warning in ls(all = TRUE): partial argument match of
     'all' to 'all.names'
    calcMSCritMCCExt: warning in ls(all = TRUE): partial argument match of
     'all' to 'all.names'
Flavors: r-devel-linux-x86_64-debian-clang, r-devel-linux-x86_64-debian-gcc, r-devel-linux-x86_64-fedora-clang, r-devel-linux-x86_64-fedora-gcc, r-devel-osx-x86_64-clang, r-devel-windows-ix86+x86_64, r-patched-linux-x86_64, r-patched-solaris-sparc, r-patched-solaris-x86, r-release-linux-ix86, r-release-linux-x86_64, r-release-osx-x86_64-mavericks, r-release-osx-x86_64-snowleopard, r-release-windows-ix86+x86_64, r-oldrel-windows-ix86+x86_64

Version: 1.0
Check: Rd line widths
Result: NOTE
    Rd file 'MNLAuxMix.Rd':
     \examples lines wider than 100 characters:
     X = cbind( intercept=1, alrateBezNew, unskilled, skilled, angStart ) ),
    
    These lines will be truncated in the PDF manual.
Flavors: r-devel-linux-x86_64-fedora-clang, r-devel-linux-x86_64-fedora-gcc