CRAN Package Check Results for Package bayesMCClust

Last updated on 2014-04-23 12:48:14.

Flavor Version Tinstall Tcheck Ttotal Status Flags
r-devel-linux-x86_64-debian-clang 1.0 1.57 42.84 44.42 NOTE
r-devel-linux-x86_64-debian-gcc 1.0 1.72 43.76 45.48 NOTE
r-devel-linux-x86_64-fedora-clang 1.0 83.67 NOTE
r-devel-linux-x86_64-fedora-gcc 1.0 81.37 NOTE
r-devel-osx-x86_64-clang 1.0 72.11 NOTE
r-devel-osx-x86_64-gcc 1.0 NOTE
r-devel-windows-ix86+x86_64 1.0 7.00 61.00 68.00 NOTE
r-patched-linux-x86_64 1.0 1.57 42.36 43.93 NOTE
r-patched-solaris-sparc 1.0 482.30 NOTE
r-patched-solaris-x86 1.0 101.80 NOTE
r-release-linux-ix86 1.0 3.00 70.00 73.00 NOTE
r-release-linux-x86_64 1.0 1.76 43.36 45.13 NOTE
r-release-osx-x86_64-mavericks 1.0 WARN
r-release-osx-x86_64-snowleopard 1.0 NOTE
r-release-windows-ix86+x86_64 1.0 7.00 64.00 71.00 NOTE
r-oldrel-windows-ix86+x86_64 1.0 9.00 66.00 75.00 NOTE

Check Details

Version: 1.0
Check: package dependencies
Result: NOTE
    Depends: includes the non-default packages:
     ‘gplots’ ‘xtable’ ‘mnormt’ ‘MASS’ ‘bayesm’ ‘boa’ ‘e1071’ ‘gtools’
    Adding so many packages to the search path is excessive and importing
    selectively is preferable.
Flavors: r-devel-linux-x86_64-debian-clang, r-devel-linux-x86_64-debian-gcc, r-devel-linux-x86_64-fedora-clang, r-devel-linux-x86_64-fedora-gcc, r-devel-osx-x86_64-clang, r-devel-osx-x86_64-gcc, r-devel-windows-ix86+x86_64, r-patched-linux-x86_64, r-patched-solaris-sparc, r-patched-solaris-x86, r-release-linux-ix86, r-release-linux-x86_64, r-release-osx-x86_64-mavericks, r-release-osx-x86_64-snowleopard, r-release-windows-ix86+x86_64

Version: 1.0
Check: dependencies in R code
Result: NOTE
    Packages in Depends field not imported from:
     ‘MASS’ ‘bayesm’ ‘boa’ ‘e1071’ ‘gplots’ ‘gtools’ ‘mnormt’ ‘xtable’
     These packages need to be imported from (in the NAMESPACE file)
     for when this namespace is loaded but not attached.
    See the information on DESCRIPTION files in the chapter ‘Creating R
    packages’ of the ‘Writing R Extensions’ manual.
Flavors: r-devel-linux-x86_64-debian-clang, r-devel-linux-x86_64-debian-gcc, r-devel-linux-x86_64-fedora-clang, r-devel-linux-x86_64-fedora-gcc, r-devel-osx-x86_64-clang, r-devel-osx-x86_64-gcc, r-devel-windows-ix86+x86_64, r-patched-linux-x86_64, r-patched-solaris-sparc, r-patched-solaris-x86, r-release-linux-ix86, r-release-linux-x86_64, r-release-osx-x86_64-mavericks, r-release-windows-ix86+x86_64, r-oldrel-windows-ix86+x86_64

Version: 1.0
Check: R code for possible problems
Result: NOTE
    calcMSCritDMC: warning in ls(all = TRUE): partial argument match of
     'all' to 'all.names'
    calcMSCritDMCExt: warning in ls(all = TRUE): partial argument match of
     'all' to 'all.names'
    calcMSCritMCC: warning in ls(all = TRUE): partial argument match of
     'all' to 'all.names'
    calcMSCritMCCExt: warning in ls(all = TRUE): partial argument match of
     'all' to 'all.names'
Flavors: r-devel-linux-x86_64-debian-clang, r-devel-linux-x86_64-debian-gcc, r-devel-linux-x86_64-fedora-clang, r-devel-linux-x86_64-fedora-gcc, r-devel-osx-x86_64-clang, r-devel-osx-x86_64-gcc, r-devel-windows-ix86+x86_64, r-patched-linux-x86_64, r-patched-solaris-sparc, r-patched-solaris-x86, r-release-linux-ix86, r-release-linux-x86_64, r-release-osx-x86_64-mavericks, r-release-osx-x86_64-snowleopard, r-release-windows-ix86+x86_64, r-oldrel-windows-ix86+x86_64

Version: 1.0
Check: Rd line widths
Result: NOTE
    Rd file 'MNLAuxMix.Rd':
     \examples lines wider than 100 characters:
     X = cbind( intercept=1, alrateBezNew, unskilled, skilled, angStart ) ),
    
    These lines will be truncated in the PDF manual.
Flavors: r-devel-linux-x86_64-fedora-clang, r-devel-linux-x86_64-fedora-gcc

Version: 1.0
Check: PDF version of manual
Result: WARNING
    LaTeX errors when creating PDF version.
    This typically indicates Rd problems.
    LaTeX errors found:
    ! LaTeX Error: File `upquote.sty' not found.
    
    Type X to quit or <RETURN> to proceed,
    or enter new name. (Default extension: sty)
    
    30a54c2/Rd2.tex:8: ==> Fatal error occurred, no output PDF file produced!
Flavor: r-release-osx-x86_64-mavericks