CRAN Package Check Results for Package bayesPO

Last updated on 2022-07-04 17:51:26 CEST.

Flavor Version Tinstall Tcheck Ttotal Status Flags
r-devel-linux-x86_64-debian-clang 0.3.1 87.64 72.63 160.27 OK
r-devel-linux-x86_64-debian-gcc 0.3.1 71.16 55.91 127.07 OK
r-devel-linux-x86_64-fedora-clang 0.3.1 237.85 NOTE
r-devel-linux-x86_64-fedora-gcc 0.3.1 213.02 OK
r-devel-windows-x86_64 0.3.1 82.00 122.00 204.00 OK
r-patched-linux-x86_64 0.3.1 77.14 73.08 150.22 OK
r-release-linux-x86_64 0.3.1 74.08 72.56 146.64 OK
r-release-macos-arm64 0.3.1 66.00 NOTE
r-release-macos-x86_64 0.3.1 79.00 NOTE
r-release-windows-x86_64 0.3.1 165.00 125.00 290.00 OK
r-oldrel-macos-arm64 0.3.1 57.00 NOTE
r-oldrel-macos-x86_64 0.3.1 94.00 NOTE
r-oldrel-windows-ix86+x86_64 0.3.1 217.00 145.00 362.00 OK

Check Details

Version: 0.3.1
Check: installed package size
Result: NOTE
     installed size is 8.8Mb
     sub-directories of 1Mb or more:
     libs 8.1Mb
Flavors: r-devel-linux-x86_64-fedora-clang, r-release-macos-arm64, r-release-macos-x86_64, r-oldrel-macos-arm64, r-oldrel-macos-x86_64