CRAN Package Check Results for Package bayesPop

Last updated on 2017-04-27 23:49:39.

Flavor Version Tinstall Tcheck Ttotal Status Flags
r-devel-linux-x86_64-debian-clang 6.0-4 6.68 95.89 102.57 NOTE
r-devel-linux-x86_64-debian-gcc 6.0-4 6.51 96.11 102.63 NOTE
r-devel-linux-x86_64-fedora-clang 6.0-4 208.30 NOTE --no-stop-on-test-error
r-devel-linux-x86_64-fedora-gcc 6.0-4 203.87 NOTE --no-stop-on-test-error
r-devel-windows-ix86+x86_64 6.0-4 23.00 339.00 362.00 OK
r-patched-linux-x86_64 6.0-4 6.41 94.85 101.26 NOTE
r-patched-solaris-sparc 6.0-4 987.40 OK --no-tests
r-patched-solaris-x86 6.0-4 261.20 OK
r-release-linux-x86_64 6.0-4 5.95 96.74 102.69 NOTE
r-release-windows-ix86+x86_64 6.0-4 24.00 249.00 273.00 OK
r-release-osx-x86_64 6.0-4 OK
r-oldrel-windows-ix86+x86_64 6.0-4 33.00 276.00 309.00 OK
r-oldrel-osx-x86_64 6.0-4 OK

Check Details

Version: 6.0-4
Check: compiled code
Result: NOTE
    File ‘bayesPop/libs/bayesPop.so’:
     Found no calls to: ‘R_registerRoutines’, ‘R_useDynamicSymbols’
    
    It is good practice to register native routines and to disable symbol
    search.
    
    See ‘Writing portable packages’ in the ‘Writing R Extensions’ manual.
Flavors: r-devel-linux-x86_64-debian-clang, r-devel-linux-x86_64-debian-gcc, r-patched-linux-x86_64, r-release-linux-x86_64

Version: 6.0-4
Flags: --no-stop-on-test-error
Check: compiled code
Result: NOTE
    File ‘bayesPop/libs/bayesPop.so’:
     Found no calls to: ‘R_registerRoutines’, ‘R_useDynamicSymbols’
    
    It is good practice to register native routines and to disable symbol
    search.
    
    See ‘Writing portable packages’ in the ‘Writing R Extensions’ manual.
Flavors: r-devel-linux-x86_64-fedora-clang, r-devel-linux-x86_64-fedora-gcc