CRAN Package Check Results for Package bayesPop

Last updated on 2015-04-27 19:47:08.

Flavor Version Tinstall Tcheck Ttotal Status Flags
r-devel-linux-x86_64-debian-clang 5.3-4 4.85 68.94 73.79 OK
r-devel-linux-x86_64-debian-gcc 5.3-4 4.63 69.26 73.89 OK
r-devel-linux-x86_64-fedora-clang 5.3-4 147.16 OK
r-devel-linux-x86_64-fedora-gcc 5.3-4 137.71 OK
r-devel-osx-x86_64-clang 5.3-4 124.35 OK
r-devel-windows-ix86+x86_64 5.3-4 16.00 154.00 170.00 OK
r-patched-linux-x86_64 5.3-4 4.72 67.89 72.61 OK
r-patched-solaris-sparc 5.3-4 667.00 OK --no-tests
r-patched-solaris-x86 5.3-4 191.60 OK
r-release-linux-x86_64 5.3-4 5.26 69.66 74.92 OK
r-release-osx-x86_64-mavericks 5.3-4 OK
r-release-osx-x86_64-snowleopard 5.3-4 ERROR
r-release-windows-ix86+x86_64 5.3-4 23.00 189.00 212.00 OK
r-oldrel-windows-ix86+x86_64 5.3-4 22.00 196.00 218.00 OK

Check Details

Version: 5.3-4
Check: package dependencies
Result: ERROR
    Package required but not available: ‘bayesLife’
    
    Packages suggested but not available for checking: ‘rworldmap’ ‘fields’
    
    See section ‘The DESCRIPTION file’ in the ‘Writing R Extensions’
    manual.
Flavor: r-release-osx-x86_64-snowleopard