CRAN Package Check Results for Package bayesPop

Last updated on 2014-08-02 08:48:32.

Flavor Version Tinstall Tcheck Ttotal Status Flags
r-devel-linux-x86_64-debian-clang 5.0-0 2.31 47.82 50.13 OK
r-devel-linux-x86_64-debian-gcc 5.0-0 2.41 47.19 49.60 OK
r-devel-linux-x86_64-fedora-clang 5.0-0 101.11 OK
r-devel-linux-x86_64-fedora-gcc 5.0-0 94.95 OK
r-devel-osx-x86_64-clang 5.0-0 87.99 OK
r-devel-windows-ix86+x86_64 5.0-0 10.00 95.00 105.00 OK
r-patched-linux-x86_64 5.0-0 2.91 47.96 50.87 OK
r-patched-solaris-sparc 5.0-0 461.70 OK --no-tests
r-patched-solaris-x86 5.0-0 124.10 OK
r-release-linux-ix86 5.0-0 3.71 59.57 63.28 OK
r-release-linux-x86_64 5.0-0 2.67 47.99 50.66 OK
r-release-osx-x86_64-mavericks 5.0-0 NOTE
r-release-osx-x86_64-snowleopard 5.0-0 OK
r-release-windows-ix86+x86_64 5.0-0 10.00 107.00 117.00 OK
r-oldrel-windows-ix86+x86_64 5.0-0 17.00 144.00 161.00 OK

Check Details

Version: 5.0-0
Check: package dependencies
Result: NOTE
    Package suggested but not available for checking: rworldmap
Flavor: r-release-osx-x86_64-mavericks

Version: 5.0-0
Check: Rd cross-references
Result: NOTE
    Package unavailable to check Rd xrefs: rworldmap
Flavor: r-release-osx-x86_64-mavericks