CRAN Package Check Results for Package bayesPop

Last updated on 2017-10-18 23:47:37.

Flavor Version Tinstall Tcheck Ttotal Status Flags
r-devel-linux-x86_64-debian-clang 6.2-2 6.57 99.31 105.88 OK
r-devel-linux-x86_64-debian-gcc 6.2-2 7.82 100.32 108.13 OK
r-devel-linux-x86_64-fedora-clang 6.2-2 221.07 OK
r-devel-linux-x86_64-fedora-gcc 6.2-2 165.80 OK
r-devel-windows-ix86+x86_64 6.2-2 20.00 225.00 245.00 OK
r-patched-linux-x86_64 6.2-2 6.60 96.93 103.53 OK
r-patched-solaris-x86 6.2-2 241.00 OK
r-release-linux-x86_64 6.2-2 6.48 98.35 104.82 OK
r-release-windows-ix86+x86_64 6.2-2 35.00 313.00 348.00 ERROR
r-release-osx-x86_64 6.2-2 OK
r-oldrel-windows-ix86+x86_64 6.2-2 31.00 308.00 339.00 OK
r-oldrel-osx-x86_64 6.2-2 OK

Check Details

Version: 6.2-2
Check: whether package can be installed
Result: ERROR
    Installation failed.
Flavor: r-release-windows-ix86+x86_64