CRAN Package Check Results for Package bayesPop

Last updated on 2014-04-24 23:47:59.

Flavor Version Tinstall Tcheck Ttotal Status Flags
r-devel-linux-x86_64-debian-clang 4.3-0 2.47 50.03 52.50 OK
r-devel-linux-x86_64-debian-gcc 4.3-0 2.72 49.31 52.03 OK
r-devel-linux-x86_64-fedora-clang 4.3-0 101.11 OK
r-devel-linux-x86_64-fedora-gcc 4.3-0 97.56 OK
r-devel-osx-x86_64-clang 4.3-0 85.85 OK
r-devel-osx-x86_64-gcc 4.3-0 ERROR
r-devel-windows-ix86+x86_64 4.3-0 10.00 99.00 109.00 OK
r-patched-linux-x86_64 4.3-0 2.73 49.50 52.23 OK
r-patched-solaris-sparc 4.3-0 438.20 OK --no-tests
r-patched-solaris-x86 4.3-0 124.60 OK
r-release-linux-ix86 4.3-0 5.00 81.00 86.00 OK
r-release-linux-x86_64 4.3-0 2.71 50.29 53.00 OK
r-release-osx-x86_64-mavericks 4.3-0 WARN
r-release-osx-x86_64-snowleopard 4.3-0 OK
r-release-windows-ix86+x86_64 4.3-0 11.00 103.00 114.00 OK
r-oldrel-windows-ix86+x86_64 4.3-0 12.00 102.00 114.00 OK

Check Details

Version: 4.3-0
Check: package dependencies
Result: ERROR
    Package required but not available: ‘bayesLife’
    
    Packages suggested but not available for checking: ‘rworldmap’ ‘fields’
    
    See the information on DESCRIPTION files in the chapter ‘Creating R
    packages’ of the ‘Writing R Extensions’ manual.
Flavor: r-devel-osx-x86_64-gcc

Version: 4.3-0
Check: package dependencies
Result: NOTE
    Package suggested but not available for checking: ‘rworldmap’
Flavor: r-release-osx-x86_64-mavericks

Version: 4.3-0
Check: Rd cross-references
Result: NOTE
    Package unavailable to check Rd xrefs: ‘rworldmap’
Flavor: r-release-osx-x86_64-mavericks

Version: 4.3-0
Check: PDF version of manual
Result: WARNING
    LaTeX errors when creating PDF version.
    This typically indicates Rd problems.
    LaTeX errors found:
    ! LaTeX Error: File `upquote.sty' not found.
    
    Type X to quit or <RETURN> to proceed,
    or enter new name. (Default extension: sty)
    
    /private/tmp/Rtmp9baP9U/Rd2pdf1279722ada584/Rd2.tex:8: ==> Fatal error occurre
    d, no output PDF file produced!
Flavor: r-release-osx-x86_64-mavericks