CRAN Package Check Results for Package bayesPop

Last updated on 2014-07-24 19:48:59.

Flavor Version Tinstall Tcheck Ttotal Status Flags
r-devel-linux-x86_64-debian-clang 5.0-0 2.30 47.38 49.67 OK
r-devel-linux-x86_64-debian-gcc 5.0-0 2.70 47.17 49.87 OK
r-devel-linux-x86_64-fedora-clang 5.0-0 103.36 OK
r-devel-linux-x86_64-fedora-gcc 5.0-0 97.29 OK
r-devel-osx-x86_64-clang 5.0-0 87.87 OK
r-devel-windows-ix86+x86_64 5.0-0 8.00 101.00 109.00 OK
r-patched-linux-x86_64 5.0-0 2.52 47.88 50.40 OK
r-patched-solaris-sparc 5.0-0 448.40 OK --no-tests
r-patched-solaris-x86 5.0-0 121.70 OK
r-release-linux-ix86 5.0-0 3.27 60.83 64.10 OK
r-release-linux-x86_64 5.0-0 2.58 47.79 50.37 OK
r-release-osx-x86_64-mavericks 5.0-0 NOTE
r-release-osx-x86_64-snowleopard 5.0-0 OK
r-release-windows-ix86+x86_64 5.0-0 10.00 106.00 116.00 OK
r-oldrel-windows-ix86+x86_64 5.0-0 12.00 103.00 115.00 OK

Check Details

Version: 5.0-0
Check: package dependencies
Result: NOTE
    Package suggested but not available for checking: ‘rworldmap’
Flavor: r-release-osx-x86_64-mavericks

Version: 5.0-0
Check: Rd cross-references
Result: NOTE
    Package unavailable to check Rd xrefs: ‘rworldmap’
Flavor: r-release-osx-x86_64-mavericks