CRAN Package Check Results for Package bayesPop

Last updated on 2017-02-27 19:50:22.

Flavor Version Tinstall Tcheck Ttotal Status Flags
r-devel-linux-x86_64-debian-clang 6.0-4 6.57 96.93 103.51 NOTE
r-devel-linux-x86_64-debian-gcc 6.0-4 6.68 96.75 103.43 NOTE
r-devel-linux-x86_64-fedora-clang 6.0-4 204.95 NOTE --no-stop-on-test-error
r-devel-linux-x86_64-fedora-gcc 6.0-4 202.49 NOTE --no-stop-on-test-error
r-devel-macos-x86_64-clang 6.0-4 161.69 NOTE --no-stop-on-test-error
r-devel-windows-ix86+x86_64 6.0-4 34.00 319.00 353.00 OK
r-patched-linux-x86_64 6.0-4 6.33 88.06 94.39 OK
r-patched-solaris-sparc 6.0-4 879.80 OK --no-tests
r-patched-solaris-x86 6.0-4 214.70 OK
r-release-linux-x86_64 6.0-4 6.12 88.86 94.98 OK
r-release-osx-x86_64-mavericks 6.0-4 OK
r-release-windows-ix86+x86_64 6.0-4 44.00 220.00 264.00 OK
r-oldrel-windows-ix86+x86_64 6.0-4 36.00 292.00 328.00 OK

Check Details

Version: 6.0-4
Check: compiled code
Result: NOTE
    File ‘bayesPop/libs/bayesPop.so’:
     Found no calls to: ‘R_registerRoutines’, ‘R_useDynamicSymbols’
    
    It is good practice to register native routines and to disable symbol
    search.
    
    See ‘Writing portable packages’ in the ‘Writing R Extensions’ manual.
Flavors: r-devel-linux-x86_64-debian-clang, r-devel-linux-x86_64-debian-gcc

Version: 6.0-4
Flags: --no-stop-on-test-error
Check: compiled code
Result: NOTE
    File ‘bayesPop/libs/bayesPop.so’:
     Found no calls to: ‘R_registerRoutines’, ‘R_useDynamicSymbols’
    
    It is good practice to register native routines and to disable symbol
    search.
    
    See ‘Writing portable packages’ in the ‘Writing R Extensions’ manual.
Flavors: r-devel-linux-x86_64-fedora-clang, r-devel-linux-x86_64-fedora-gcc, r-devel-macos-x86_64-clang