CRAN Package Check Results for Package bayesPop

Last updated on 2017-12-13 23:14:08 CET.

Flavor Version Tinstall Tcheck Ttotal Status Flags
r-devel-linux-x86_64-debian-clang 6.2-3 7.75 87.32 95.07 FAIL
r-devel-linux-x86_64-debian-gcc 6.2-3 6.73 78.37 85.10 FAIL
r-devel-linux-x86_64-fedora-clang 6.2-3 186.58 OK
r-devel-linux-x86_64-fedora-gcc 6.2-3 183.25 OK
r-devel-windows-ix86+x86_64 6.2-3 33.00 321.00 354.00 OK
r-patched-linux-x86_64 6.2-3 8.14 163.15 171.29 OK
r-patched-solaris-x86 6.2-3 277.50 OK
r-release-linux-x86_64 6.2-3 9.38 157.82 167.20 OK
r-release-windows-ix86+x86_64 6.2-3 23.00 245.00 268.00 OK
r-release-osx-x86_64 6.2-3 OK
r-oldrel-windows-ix86+x86_64 6.2-3 24.00 300.00 324.00 OK
r-oldrel-osx-x86_64 6.2-3 OK

Check Details

Version: 6.2-3
Check: pragmas in C/C++ headers and code
Result: FAIL
    
Flavors: r-devel-linux-x86_64-debian-clang, r-devel-linux-x86_64-debian-gcc