CRAN Package Check Results for Package bayesPop

Last updated on 2018-09-26 08:48:00 CEST.

Flavor Version Tinstall Tcheck Ttotal Status Flags
r-devel-linux-x86_64-debian-clang 6.2-4 12.09 125.96 138.05 OK
r-devel-linux-x86_64-debian-gcc 6.2-4 0.34 1.34 1.68 ERROR
r-devel-linux-x86_64-fedora-clang 6.2-4 142.54 OK
r-devel-linux-x86_64-fedora-gcc 6.2-4 130.00 OK
r-devel-windows-ix86+x86_64 6.2-4 38.00 284.00 322.00 OK
r-patched-linux-x86_64 6.2-4 12.50 104.66 117.16 OK
r-patched-solaris-x86 6.2-4 213.70 OK
r-release-linux-x86_64 6.2-4 12.57 103.50 116.07 OK
r-release-windows-ix86+x86_64 6.2-4 38.00 269.00 307.00 OK
r-release-osx-x86_64 6.2-4 OK
r-oldrel-windows-ix86+x86_64 6.2-4 19.00 279.00 298.00 OK
r-oldrel-osx-x86_64 6.2-4 OK

Check Details

Version: 6.2-4
Check: package dependencies
Result: ERROR
    Package required but not available: ‘bayesLife’
    
    See section ‘The DESCRIPTION file’ in the ‘Writing R Extensions’
    manual.
Flavor: r-devel-linux-x86_64-debian-gcc