CRAN Package Check Results for Package bayesPop

Last updated on 2015-07-01 13:47:05.

Flavor Version Tinstall Tcheck Ttotal Status Flags
r-devel-linux-x86_64-debian-clang 5.3-4 4.63 70.78 75.41 NOTE
r-devel-linux-x86_64-debian-gcc 5.3-4 4.68 67.40 72.08 NOTE
r-devel-linux-x86_64-fedora-clang 5.3-4 142.10 NOTE
r-devel-linux-x86_64-fedora-gcc 5.3-4 135.77 NOTE
r-devel-osx-x86_64-clang 5.3-4 132.80 OK
r-devel-windows-ix86+x86_64 5.3-4 15.00 145.00 160.00 NOTE
r-patched-linux-x86_64 5.3-4 4.92 68.16 73.08 OK
r-patched-solaris-sparc 5.3-4 746.50 OK --no-tests
r-patched-solaris-x86 5.3-4 190.90 OK
r-release-linux-x86_64 5.3-4 4.64 69.24 73.89 OK
r-release-osx-x86_64-mavericks 5.3-4 OK
r-release-windows-ix86+x86_64 5.3-4 14.00 141.00 155.00 OK
r-oldrel-windows-ix86+x86_64 5.3-4 23.00 292.00 315.00 OK

Check Details

Version: 5.3-4
Check: R code for possible problems
Result: NOTE
    .do.plot.pyramid.all: no visible global function definition for
     ‘dev.off’
    .load.wpp.traj: no visible global function definition for ‘reshape’
    .write.pop: no visible global function definition for ‘write.table’
    KannistoAxBx.joint: no visible global function definition for ‘lm’
    KannistoAxBx.joint: no visible global function definition for
     ‘coefficients’
    KannistoAxBx.joint: no visible global function definition for
     ‘smooth.spline’
    KannistoAxBx.joint: no visible global function definition for ‘approx’
    adjust.to.dataset: no visible global function definition for
     ‘read.table’
    do.pop.predict: no visible binding for global variable ‘median’
    do.pop.predict: no visible binding for global variable ‘quantile’
    do.pop.predict: no visible binding for global variable ‘sd’
    do.pop.trajectories.plot: no visible global function definition for
     ‘par’
    do.pop.trajectories.plot: no visible global function definition for
     ‘plot’
    do.pop.trajectories.plot: no visible global function definition for
     ‘grid’
    do.pop.trajectories.plot: no visible global function definition for
     ‘lines’
    get.country.inputs: no visible binding for global variable ‘quantile’
    get.pop.aggregation: no visible global function definition for ‘menu’
    get.pop.from.expression.all.countries: no visible global function
     definition for ‘read.table’
    get.pop.map.parameters: no visible global function definition for
     ‘rainbow’
    get.pop.traj.quantiles: no visible binding for global variable
     ‘quantile’
    get.pop.traj.quantiles.byage: no visible binding for global variable
     ‘quantile’
    get.popVE.trajectories.and.quantiles: no visible binding for global
     variable ‘quantile’
    kantorova.pasfr: no visible global function definition for ‘lm’
    load.inputs: no visible global function definition for ‘read.csv’
    pop.aggregate: no visible global function definition for ‘read.delim’
    pop.aggregate.countries: no visible binding for global variable
     ‘quantile’
    pop.aggregate.countries: no visible binding for global variable ‘sd’
    pop.byage.plot: no visible global function definition for ‘par’
    pop.pyramid.bayesPop.pyramid: no visible global function definition for
     ‘par’
    pop.trajectories.plot: no visible global function definition for ‘par’
    pop.trajectories.plot: no visible global function definition for
     ‘mtext’
    pop.trajectories.pyramid.bayesPop.pyramid: no visible binding for
     global variable ‘rainbow’
    pop.trajectories.pyramid.bayesPop.pyramid: no visible global function
     definition for ‘par’
    pop.trajectories.pyramid.bayesPop.pyramid: no visible global function
     definition for ‘plot’
    pop.trajectories.pyramid.bayesPop.pyramid: no visible global function
     definition for ‘mtext’
    pop.trajectories.pyramid.bayesPop.pyramid: no visible global function
     definition for ‘axis’
    pop.trajectories.pyramid.bayesPop.pyramid: no visible global function
     definition for ‘segments’
    pop.trajectories.pyramid.bayesPop.pyramid: no visible global function
     definition for ‘lines’
    read.pop.file: no visible global function definition for ‘read.delim’
    write.expression: no visible global function definition for
     ‘write.table’
Flavors: r-devel-linux-x86_64-debian-clang, r-devel-linux-x86_64-debian-gcc, r-devel-linux-x86_64-fedora-clang, r-devel-linux-x86_64-fedora-gcc, r-devel-windows-ix86+x86_64