CRAN Package Check Results for Package bayesPop

Last updated on 2015-05-23 09:48:18.

Flavor Version Tinstall Tcheck Ttotal Status Flags
r-devel-linux-x86_64-debian-clang 5.3-4 4.99 68.50 73.49 OK
r-devel-linux-x86_64-debian-gcc 5.3-4 4.80 67.71 72.52 OK
r-devel-linux-x86_64-fedora-clang 5.3-4 144.92 OK
r-devel-linux-x86_64-fedora-gcc 5.3-4 139.60 OK
r-devel-osx-x86_64-clang 5.3-4 128.84 OK
r-devel-windows-ix86+x86_64 5.3-4 14.00 137.00 151.00 OK
r-patched-linux-x86_64 5.3-4 5.10 67.58 72.68 OK
r-patched-solaris-sparc 5.3-4 746.50 OK --no-tests
r-patched-solaris-x86 5.3-4 196.10 OK
r-release-linux-x86_64 5.3-4 4.66 68.62 73.28 OK
r-release-osx-x86_64-mavericks 5.3-4 OK
r-release-osx-x86_64-snowleopard 5.3-4 ERROR
r-release-windows-ix86+x86_64 5.3-4 16.00 138.00 154.00 OK
r-oldrel-windows-ix86+x86_64 5.3-4 22.00 188.00 210.00 OK

Check Details

Version: 5.3-4
Check: package dependencies
Result: ERROR
    Package required but not available: ‘bayesLife’
    
    Packages suggested but not available for checking: ‘rworldmap’ ‘fields’
    
    See section ‘The DESCRIPTION file’ in the ‘Writing R Extensions’
    manual.
Flavor: r-release-osx-x86_64-snowleopard