CRAN Package Check Results for Package bayesPop

Last updated on 2017-06-27 16:46:37.

Flavor Version Tinstall Tcheck Ttotal Status Flags
r-devel-linux-x86_64-debian-clang 6.0-4 6.74 95.59 102.33 NOTE
r-devel-linux-x86_64-debian-gcc 6.0-4 6.15 92.84 98.99 NOTE
r-devel-linux-x86_64-fedora-clang 6.0-4 205.39 NOTE
r-devel-linux-x86_64-fedora-gcc 6.0-4 203.28 NOTE
r-devel-windows-ix86+x86_64 6.0-4 33.00 211.00 244.00 OK
r-patched-linux-x86_64 6.0-4 6.36 95.41 101.77 NOTE
r-patched-solaris-sparc 6.0-4 987.40 OK --no-tests
r-patched-solaris-x86 6.0-4 261.20 OK
r-release-linux-x86_64 6.0-4 6.40 95.38 101.78 NOTE
r-release-windows-ix86+x86_64 6.0-4 23.00 309.00 332.00 OK
r-release-osx-x86_64 6.0-4 OK
r-oldrel-windows-ix86+x86_64 6.0-4 30.00 274.00 304.00 OK
r-oldrel-osx-x86_64 6.0-4 OK

Check Details

Version: 6.0-4
Check: compiled code
Result: NOTE
    File ‘bayesPop/libs/bayesPop.so’:
     Found no calls to: ‘R_registerRoutines’, ‘R_useDynamicSymbols’
    
    It is good practice to register native routines and to disable symbol
    search.
    
    See ‘Writing portable packages’ in the ‘Writing R Extensions’ manual.
Flavors: r-devel-linux-x86_64-debian-clang, r-devel-linux-x86_64-debian-gcc, r-devel-linux-x86_64-fedora-clang, r-devel-linux-x86_64-fedora-gcc, r-patched-linux-x86_64, r-release-linux-x86_64