CRAN Package Check Results for Package bayesQR

Last updated on 2016-05-27 03:49:43.

Flavor Version Tinstall Tcheck Ttotal Status Flags
r-devel-linux-x86_64-debian-gcc 2.2 1.87 20.50 22.37 NOTE
r-devel-linux-x86_64-fedora-clang 2.2 38.36 NOTE
r-devel-linux-x86_64-fedora-gcc 2.2 35.77 NOTE
r-devel-osx-x86_64-clang 2.2 42.03 NOTE
r-devel-windows-ix86+x86_64 2.2 7.00 168.00 175.00 NOTE
r-patched-linux-x86_64 2.2 1.71 20.22 21.92 NOTE
r-patched-solaris-sparc 2.2 251.70 NOTE
r-patched-solaris-x86 2.2 56.70 NOTE
r-release-linux-x86_64 2.2 1.81 20.42 22.23 NOTE
r-release-osx-x86_64-mavericks 2.2 NOTE
r-release-windows-ix86+x86_64 2.2 10.00 172.00 182.00 NOTE
r-oldrel-windows-ix86+x86_64 2.2 9.00 56.00 65.00 OK

Check Details

Version: 2.2
Check: R code for possible problems
Result: NOTE
    bayesQR.single: no visible global function definition for ‘model.frame’
    bayesQR.single: no visible global function definition for
     ‘model.matrix’
    bayesQR.single: no visible global function definition for
     ‘model.response’
    plot.bayesQR: no visible global function definition for ‘plot’
    plot.bayesQR: no visible global function definition for ‘polygon’
    plot.bayesQR: no visible global function definition for ‘points’
    plot.bayesQR: no visible global function definition for ‘box’
    plot.bayesQR: no visible global function definition for ‘tail’
    plot.bayesQR: no visible global function definition for ‘hist’
    prior: no visible global function definition for ‘model.frame’
    prior: no visible global function definition for ‘model.matrix’
    prior: no visible global function definition for ‘model.response’
    summary.bayesQR.single: no visible global function definition for
     ‘quantile’
    Undefined global functions or variables:
     box hist model.frame model.matrix model.response plot points polygon
     quantile tail
    Consider adding
     importFrom("graphics", "box", "hist", "plot", "points", "polygon")
     importFrom("stats", "model.frame", "model.matrix", "model.response",
     "quantile")
     importFrom("utils", "tail")
    to your NAMESPACE file.
Flavors: r-devel-linux-x86_64-debian-gcc, r-devel-linux-x86_64-fedora-clang, r-devel-linux-x86_64-fedora-gcc, r-devel-osx-x86_64-clang, r-devel-windows-ix86+x86_64, r-patched-linux-x86_64, r-patched-solaris-sparc, r-patched-solaris-x86, r-release-linux-x86_64, r-release-osx-x86_64-mavericks, r-release-windows-ix86+x86_64