CRAN Package Check Results for Package bayesQR

Last updated on 2015-06-30 06:46:49.

Flavor Version Tinstall Tcheck Ttotal Status Flags
r-devel-linux-x86_64-debian-clang 2.2 1.69 20.26 21.94 NOTE
r-devel-linux-x86_64-debian-gcc 2.2 1.66 19.80 21.46 NOTE
r-devel-linux-x86_64-fedora-clang 2.2 39.75 OK
r-devel-linux-x86_64-fedora-gcc 2.2 36.98 OK
r-devel-osx-x86_64-clang 2.2 44.08 OK
r-devel-windows-ix86+x86_64 2.2 14.00 47.00 61.00 OK
r-patched-linux-x86_64 2.2 1.68 20.23 21.91 OK
r-patched-solaris-sparc 2.2 284.90 OK
r-patched-solaris-x86 2.2 65.80 OK
r-release-linux-x86_64 2.2 1.71 20.18 21.89 OK
r-release-osx-x86_64-mavericks 2.2 OK
r-release-windows-ix86+x86_64 2.2 8.00 60.00 68.00 OK
r-oldrel-windows-ix86+x86_64 2.2 12.00 53.00 65.00 OK

Check Details

Version: 2.2
Check: R code for possible problems
Result: NOTE
    bayesQR.single: no visible global function definition for ‘model.frame’
    bayesQR.single: no visible global function definition for
     ‘model.matrix’
    bayesQR.single: no visible global function definition for
     ‘model.response’
    plot.bayesQR: no visible global function definition for ‘plot’
    plot.bayesQR: no visible global function definition for ‘polygon’
    plot.bayesQR: no visible global function definition for ‘points’
    plot.bayesQR: no visible global function definition for ‘box’
    plot.bayesQR: no visible global function definition for ‘tail’
    plot.bayesQR: no visible global function definition for ‘hist’
    prior: no visible global function definition for ‘model.frame’
    prior: no visible global function definition for ‘model.matrix’
    prior: no visible global function definition for ‘model.response’
    summary.bayesQR.single: no visible global function definition for
     ‘quantile’
Flavors: r-devel-linux-x86_64-debian-clang, r-devel-linux-x86_64-debian-gcc