CRAN Package Check Results for Package bayesQR

Last updated on 2017-01-17 05:48:35.

Flavor Version Tinstall Tcheck Ttotal Status Flags
r-devel-linux-x86_64-debian-clang 2.2 1.92 26.32 28.24 NOTE
r-devel-linux-x86_64-debian-gcc 2.2 1.99 26.37 28.36 NOTE
r-devel-linux-x86_64-fedora-clang 2.2 46.25 NOTE --no-stop-on-test-error
r-devel-linux-x86_64-fedora-gcc 2.2 45.36 NOTE --no-stop-on-test-error
r-devel-macos-x86_64-clang 2.2 35.87 NOTE --no-stop-on-test-error
r-devel-windows-ix86+x86_64 2.2 14.00 167.00 181.00 NOTE
r-patched-linux-x86_64 2.2 1.78 24.64 26.42 NOTE
r-patched-solaris-sparc 2.2 253.20 NOTE
r-patched-solaris-x86 2.2 60.10 NOTE
r-release-linux-x86_64 2.2 1.71 24.41 26.12 NOTE
r-release-osx-x86_64-mavericks 2.2 NOTE
r-release-windows-ix86+x86_64 2.2 9.00 162.00 171.00 NOTE
r-oldrel-windows-ix86+x86_64 2.2 9.00 59.00 68.00 OK

Check Details

Version: 2.2
Check: R code for possible problems
Result: NOTE
    bayesQR.single: no visible global function definition for ‘model.frame’
    bayesQR.single: no visible global function definition for
     ‘model.matrix’
    bayesQR.single: no visible global function definition for
     ‘model.response’
    plot.bayesQR: no visible global function definition for ‘plot’
    plot.bayesQR: no visible global function definition for ‘polygon’
    plot.bayesQR: no visible global function definition for ‘points’
    plot.bayesQR: no visible global function definition for ‘box’
    plot.bayesQR: no visible global function definition for ‘tail’
    plot.bayesQR: no visible global function definition for ‘hist’
    prior: no visible global function definition for ‘model.frame’
    prior: no visible global function definition for ‘model.matrix’
    prior: no visible global function definition for ‘model.response’
    summary.bayesQR.single: no visible global function definition for
     ‘quantile’
    Undefined global functions or variables:
     box hist model.frame model.matrix model.response plot points polygon
     quantile tail
    Consider adding
     importFrom("graphics", "box", "hist", "plot", "points", "polygon")
     importFrom("stats", "model.frame", "model.matrix", "model.response",
     "quantile")
     importFrom("utils", "tail")
    to your NAMESPACE file.
Flavors: r-devel-linux-x86_64-debian-clang, r-devel-linux-x86_64-debian-gcc, r-devel-windows-ix86+x86_64, r-patched-linux-x86_64, r-patched-solaris-sparc, r-patched-solaris-x86, r-release-linux-x86_64, r-release-osx-x86_64-mavericks, r-release-windows-ix86+x86_64

Version: 2.2
Flags: --no-stop-on-test-error
Check: R code for possible problems
Result: NOTE
    bayesQR.single: no visible global function definition for ‘model.frame’
    bayesQR.single: no visible global function definition for
     ‘model.matrix’
    bayesQR.single: no visible global function definition for
     ‘model.response’
    plot.bayesQR: no visible global function definition for ‘plot’
    plot.bayesQR: no visible global function definition for ‘polygon’
    plot.bayesQR: no visible global function definition for ‘points’
    plot.bayesQR: no visible global function definition for ‘box’
    plot.bayesQR: no visible global function definition for ‘tail’
    plot.bayesQR: no visible global function definition for ‘hist’
    prior: no visible global function definition for ‘model.frame’
    prior: no visible global function definition for ‘model.matrix’
    prior: no visible global function definition for ‘model.response’
    summary.bayesQR.single: no visible global function definition for
     ‘quantile’
    Undefined global functions or variables:
     box hist model.frame model.matrix model.response plot points polygon
     quantile tail
    Consider adding
     importFrom("graphics", "box", "hist", "plot", "points", "polygon")
     importFrom("stats", "model.frame", "model.matrix", "model.response",
     "quantile")
     importFrom("utils", "tail")
    to your NAMESPACE file.
Flavors: r-devel-linux-x86_64-fedora-clang, r-devel-linux-x86_64-fedora-gcc, r-devel-macos-x86_64-clang

Version: 2.2
Flags: --no-stop-on-test-error
Check: compiled code
Result: NOTE
    File ‘bayesQR/libs/bayesQR.so’:
     Found no calls to: ‘R_registerRoutines’, ‘R_useDynamicSymbols’
    
    It is good practice to use registered native symbols and disable symbol
    search.
    
    See ‘Writing portable packages’ in the ‘Writing R Extensions’ manual.
Flavor: r-devel-linux-x86_64-fedora-gcc