CRAN Package Check Results for Package bayesQR

Last updated on 2017-08-21 02:48:44.

Flavor Version Tinstall Tcheck Ttotal Status Flags
r-devel-linux-x86_64-debian-clang 2.3 1.78 19.37 21.15 NOTE
r-devel-linux-x86_64-debian-gcc 2.3 1.92 18.61 20.53 NOTE
r-devel-linux-x86_64-fedora-clang 2.3 36.50 NOTE
r-devel-linux-x86_64-fedora-gcc 2.3 36.27 NOTE
r-devel-windows-ix86+x86_64 2.3 12.00 77.00 89.00 OK
r-patched-linux-x86_64 2.3 1.80 19.06 20.86 NOTE
r-patched-solaris-x86 2.3 60.70 OK
r-release-linux-x86_64 2.3 2.09 19.31 21.40 NOTE
r-release-windows-ix86+x86_64 2.3 11.00 83.00 94.00 OK
r-release-osx-x86_64 2.3 OK
r-oldrel-windows-ix86+x86_64 2.3 22.00 120.00 142.00 OK
r-oldrel-osx-x86_64 2.3 OK

Check Details

Version: 2.3
Check: compiled code
Result: NOTE
    File ‘bayesQR/libs/bayesQR.so’:
     Found no calls to: ‘R_registerRoutines’, ‘R_useDynamicSymbols’
    
    It is good practice to register native routines and to disable symbol
    search.
    
    See ‘Writing portable packages’ in the ‘Writing R Extensions’ manual.
Flavors: r-devel-linux-x86_64-debian-clang, r-devel-linux-x86_64-debian-gcc, r-devel-linux-x86_64-fedora-clang, r-devel-linux-x86_64-fedora-gcc, r-patched-linux-x86_64, r-release-linux-x86_64