CRAN Package Check Results for Package bayesQR

Last updated on 2017-02-25 07:48:52.

Flavor Version Tinstall Tcheck Ttotal Status Flags
r-devel-linux-x86_64-debian-clang 2.3 1.85 19.32 21.17 NOTE
r-devel-linux-x86_64-debian-gcc 2.3 1.94 18.81 20.76 NOTE
r-devel-linux-x86_64-fedora-clang 2.3 37.08 NOTE --no-stop-on-test-error
r-devel-linux-x86_64-fedora-gcc 2.3 35.48 NOTE --no-stop-on-test-error
r-devel-macos-x86_64-clang 2.3 31.12 NOTE --no-stop-on-test-error
r-devel-windows-ix86+x86_64 2.3 9.00 94.00 103.00 OK
r-patched-linux-x86_64 2.3 1.87 15.99 17.86 OK
r-patched-solaris-sparc 2.3 204.90 OK
r-patched-solaris-x86 2.3 48.80 OK
r-release-linux-x86_64 2.3 1.77 15.99 17.76 OK
r-release-osx-x86_64-mavericks 2.3 OK
r-release-windows-ix86+x86_64 2.3 22.00 120.00 142.00 OK
r-oldrel-windows-ix86+x86_64 2.3 22.00 115.00 137.00 OK

Check Details

Version: 2.3
Check: compiled code
Result: NOTE
    File ‘bayesQR/libs/bayesQR.so’:
     Found no calls to: ‘R_registerRoutines’, ‘R_useDynamicSymbols’
    
    It is good practice to register native routines and to disable symbol
    search.
    
    See ‘Writing portable packages’ in the ‘Writing R Extensions’ manual.
Flavors: r-devel-linux-x86_64-debian-clang, r-devel-linux-x86_64-debian-gcc

Version: 2.3
Flags: --no-stop-on-test-error
Check: compiled code
Result: NOTE
    File ‘bayesQR/libs/bayesQR.so’:
     Found no calls to: ‘R_registerRoutines’, ‘R_useDynamicSymbols’
    
    It is good practice to register native routines and to disable symbol
    search.
    
    See ‘Writing portable packages’ in the ‘Writing R Extensions’ manual.
Flavors: r-devel-linux-x86_64-fedora-clang, r-devel-linux-x86_64-fedora-gcc, r-devel-macos-x86_64-clang