CRAN Package Check Results for Package bayesQR

Last updated on 2016-12-05 14:47:01.

Flavor Version Tinstall Tcheck Ttotal Status Flags
r-devel-linux-x86_64-debian-clang 2.2 1.88 26.78 28.66 NOTE
r-devel-linux-x86_64-debian-gcc 2.2 1.84 26.55 28.40 NOTE
r-devel-linux-x86_64-fedora-clang 2.2 47.87 NOTE --no-stop-on-test-error
r-devel-linux-x86_64-fedora-gcc 2.2 46.44 NOTE --no-stop-on-test-error
r-devel-macos-x86_64-clang 2.2 36.56 NOTE
r-devel-windows-ix86+x86_64 2.2 17.00 174.00 191.00 NOTE
r-patched-linux-x86_64 2.2 1.70 24.58 26.28 NOTE
r-patched-solaris-sparc 2.2 252.50 NOTE
r-patched-solaris-x86 2.2 58.30 NOTE
r-release-linux-x86_64 2.2 1.68 24.82 26.50 NOTE
r-release-osx-x86_64-mavericks 2.2 NOTE
r-release-windows-ix86+x86_64 2.2 9.00 162.00 171.00 NOTE
r-oldrel-windows-ix86+x86_64 2.2 9.00 59.00 68.00 OK

Check Details

Version: 2.2
Check: R code for possible problems
Result: NOTE
    bayesQR.single: no visible global function definition for ‘model.frame’
    bayesQR.single: no visible global function definition for
     ‘model.matrix’
    bayesQR.single: no visible global function definition for
     ‘model.response’
    plot.bayesQR: no visible global function definition for ‘plot’
    plot.bayesQR: no visible global function definition for ‘polygon’
    plot.bayesQR: no visible global function definition for ‘points’
    plot.bayesQR: no visible global function definition for ‘box’
    plot.bayesQR: no visible global function definition for ‘tail’
    plot.bayesQR: no visible global function definition for ‘hist’
    prior: no visible global function definition for ‘model.frame’
    prior: no visible global function definition for ‘model.matrix’
    prior: no visible global function definition for ‘model.response’
    summary.bayesQR.single: no visible global function definition for
     ‘quantile’
    Undefined global functions or variables:
     box hist model.frame model.matrix model.response plot points polygon
     quantile tail
    Consider adding
     importFrom("graphics", "box", "hist", "plot", "points", "polygon")
     importFrom("stats", "model.frame", "model.matrix", "model.response",
     "quantile")
     importFrom("utils", "tail")
    to your NAMESPACE file.
Flavors: r-devel-linux-x86_64-debian-clang, r-devel-linux-x86_64-debian-gcc, r-devel-macos-x86_64-clang, r-devel-windows-ix86+x86_64, r-patched-linux-x86_64, r-patched-solaris-sparc, r-patched-solaris-x86, r-release-linux-x86_64, r-release-osx-x86_64-mavericks, r-release-windows-ix86+x86_64

Version: 2.2
Flags: --no-stop-on-test-error
Check: R code for possible problems
Result: NOTE
    bayesQR.single: no visible global function definition for ‘model.frame’
    bayesQR.single: no visible global function definition for
     ‘model.matrix’
    bayesQR.single: no visible global function definition for
     ‘model.response’
    plot.bayesQR: no visible global function definition for ‘plot’
    plot.bayesQR: no visible global function definition for ‘polygon’
    plot.bayesQR: no visible global function definition for ‘points’
    plot.bayesQR: no visible global function definition for ‘box’
    plot.bayesQR: no visible global function definition for ‘tail’
    plot.bayesQR: no visible global function definition for ‘hist’
    prior: no visible global function definition for ‘model.frame’
    prior: no visible global function definition for ‘model.matrix’
    prior: no visible global function definition for ‘model.response’
    summary.bayesQR.single: no visible global function definition for
     ‘quantile’
    Undefined global functions or variables:
     box hist model.frame model.matrix model.response plot points polygon
     quantile tail
    Consider adding
     importFrom("graphics", "box", "hist", "plot", "points", "polygon")
     importFrom("stats", "model.frame", "model.matrix", "model.response",
     "quantile")
     importFrom("utils", "tail")
    to your NAMESPACE file.
Flavors: r-devel-linux-x86_64-fedora-clang, r-devel-linux-x86_64-fedora-gcc