CRAN Package Check Results for Package bayesQR

Last updated on 2017-05-24 05:49:49.

Flavor Version Tinstall Tcheck Ttotal Status Flags
r-devel-linux-x86_64-debian-clang 2.3 1.96 19.49 21.45 NOTE
r-devel-linux-x86_64-debian-gcc 2.3 2.13 18.98 21.11 NOTE
r-devel-linux-x86_64-fedora-clang 2.3 37.11 NOTE --no-stop-on-test-error
r-devel-linux-x86_64-fedora-gcc 2.3 35.43 NOTE --no-stop-on-test-error
r-devel-windows-ix86+x86_64 2.3 20.00 110.00 130.00 OK
r-patched-linux-x86_64 2.3 1.74 18.74 20.49 NOTE
r-patched-solaris-sparc 2.3 230.20 OK
r-patched-solaris-x86 2.3 60.50 OK
r-release-linux-x86_64 2.3 1.89 18.94 20.83 NOTE
r-release-windows-ix86+x86_64 2.3 11.00 83.00 94.00 OK
r-release-osx-x86_64 2.3 OK
r-oldrel-windows-ix86+x86_64 2.3 22.00 120.00 142.00 OK
r-oldrel-osx-x86_64 2.3 OK

Check Details

Version: 2.3
Check: compiled code
Result: NOTE
    File ‘bayesQR/libs/bayesQR.so’:
     Found no calls to: ‘R_registerRoutines’, ‘R_useDynamicSymbols’
    
    It is good practice to register native routines and to disable symbol
    search.
    
    See ‘Writing portable packages’ in the ‘Writing R Extensions’ manual.
Flavors: r-devel-linux-x86_64-debian-clang, r-devel-linux-x86_64-debian-gcc, r-patched-linux-x86_64, r-release-linux-x86_64

Version: 2.3
Flags: --no-stop-on-test-error
Check: compiled code
Result: NOTE
    File ‘bayesQR/libs/bayesQR.so’:
     Found no calls to: ‘R_registerRoutines’, ‘R_useDynamicSymbols’
    
    It is good practice to register native routines and to disable symbol
    search.
    
    See ‘Writing portable packages’ in the ‘Writing R Extensions’ manual.
Flavors: r-devel-linux-x86_64-fedora-clang, r-devel-linux-x86_64-fedora-gcc