CRAN Package Check Results for Package bayesQR

Last updated on 2017-10-17 23:48:20.

Flavor Version Tinstall Tcheck Ttotal Status Flags
r-devel-linux-x86_64-debian-clang 2.3 1.99 18.92 20.91 NOTE
r-devel-linux-x86_64-debian-gcc 2.3 2.08 19.78 21.86 NOTE
r-devel-linux-x86_64-fedora-clang 2.3 36.08 NOTE
r-devel-linux-x86_64-fedora-gcc 2.3 35.34 NOTE
r-devel-windows-ix86+x86_64 2.3 15.00 79.00 94.00 OK
r-patched-linux-x86_64 2.3 1.85 28.97 30.82 NOTE
r-patched-solaris-x86 2.3 60.60 OK
r-release-linux-x86_64 2.3 1.83 18.92 20.75 NOTE
r-release-windows-ix86+x86_64 2.3 11.00 83.00 94.00 OK
r-release-osx-x86_64 2.3 OK
r-oldrel-windows-ix86+x86_64 2.3 22.00 120.00 142.00 OK
r-oldrel-osx-x86_64 2.3 OK

Check Details

Version: 2.3
Check: compiled code
Result: NOTE
    File ‘bayesQR/libs/bayesQR.so’:
     Found no calls to: ‘R_registerRoutines’, ‘R_useDynamicSymbols’
    
    It is good practice to register native routines and to disable symbol
    search.
    
    See ‘Writing portable packages’ in the ‘Writing R Extensions’ manual.
Flavors: r-devel-linux-x86_64-debian-clang, r-devel-linux-x86_64-debian-gcc, r-devel-linux-x86_64-fedora-clang, r-devel-linux-x86_64-fedora-gcc, r-patched-linux-x86_64, r-release-linux-x86_64