CRAN Package Check Results for Package bayesQR

Last updated on 2016-02-13 23:46:56.

Flavor Version Tinstall Tcheck Ttotal Status Flags
r-devel-linux-x86_64-debian-gcc 2.2 1.62 19.58 21.19 NOTE
r-devel-linux-x86_64-fedora-clang 2.2 37.21 NOTE
r-devel-linux-x86_64-fedora-gcc 2.2 35.78 NOTE
r-devel-osx-x86_64-clang 2.2 42.98 NOTE
r-devel-windows-ix86+x86_64 2.2 14.00 66.00 80.00 NOTE
r-patched-linux-x86_64 2.2 1.75 19.95 21.70 OK
r-patched-solaris-sparc 2.2 262.00 OK
r-patched-solaris-x86 2.2 59.30 OK
r-release-linux-x86_64 2.2 1.82 19.81 21.62 OK
r-release-osx-x86_64-mavericks 2.2 OK
r-release-windows-ix86+x86_64 2.2 9.00 56.00 65.00 OK
r-oldrel-windows-ix86+x86_64 2.2 12.00 53.00 65.00 OK

Check Details

Version: 2.2
Check: R code for possible problems
Result: NOTE
    bayesQR.single: no visible global function definition for ‘model.frame’
    bayesQR.single: no visible global function definition for
     ‘model.matrix’
    bayesQR.single: no visible global function definition for
     ‘model.response’
    plot.bayesQR: no visible global function definition for ‘plot’
    plot.bayesQR: no visible global function definition for ‘polygon’
    plot.bayesQR: no visible global function definition for ‘points’
    plot.bayesQR: no visible global function definition for ‘box’
    plot.bayesQR: no visible global function definition for ‘tail’
    plot.bayesQR: no visible global function definition for ‘hist’
    prior: no visible global function definition for ‘model.frame’
    prior: no visible global function definition for ‘model.matrix’
    prior: no visible global function definition for ‘model.response’
    summary.bayesQR.single: no visible global function definition for
     ‘quantile’
    Undefined global functions or variables:
     box hist model.frame model.matrix model.response plot points polygon
     quantile tail
    Consider adding
     importFrom("graphics", "box", "hist", "plot", "points", "polygon")
     importFrom("stats", "model.frame", "model.matrix", "model.response",
     "quantile")
     importFrom("utils", "tail")
    to your NAMESPACE file.
Flavors: r-devel-linux-x86_64-debian-gcc, r-devel-linux-x86_64-fedora-clang, r-devel-linux-x86_64-fedora-gcc, r-devel-osx-x86_64-clang, r-devel-windows-ix86+x86_64