CRAN Package Check Results for Package bayesQR

Last updated on 2015-09-02 06:47:49.

Flavor Version Tinstall Tcheck Ttotal Status Flags
r-devel-linux-x86_64-debian-clang 2.2 1.65 20.20 21.85 NOTE
r-devel-linux-x86_64-debian-gcc 2.2 1.72 20.58 22.30 NOTE
r-devel-linux-x86_64-fedora-clang 2.2 39.06 NOTE
r-devel-linux-x86_64-fedora-gcc 2.2 37.34 NOTE
r-devel-osx-x86_64-clang 2.2 39.36 OK
r-devel-windows-ix86+x86_64 2.2 9.00 57.00 66.00 NOTE
r-patched-linux-x86_64 2.2 1.77 20.80 22.57 OK
r-patched-solaris-sparc 2.2 285.70 OK
r-patched-solaris-x86 2.2 65.30 OK
r-release-linux-x86_64 2.2 1.72 20.07 21.79 OK
r-release-osx-x86_64-mavericks 2.2 OK
r-release-windows-ix86+x86_64 2.2 9.00 68.00 77.00 OK
r-oldrel-windows-ix86+x86_64 2.2 12.00 53.00 65.00 OK

Check Details

Version: 2.2
Check: R code for possible problems
Result: NOTE
    bayesQR.single: no visible global function definition for ‘model.frame’
    bayesQR.single: no visible global function definition for
     ‘model.matrix’
    bayesQR.single: no visible global function definition for
     ‘model.response’
    plot.bayesQR: no visible global function definition for ‘plot’
    plot.bayesQR: no visible global function definition for ‘polygon’
    plot.bayesQR: no visible global function definition for ‘points’
    plot.bayesQR: no visible global function definition for ‘box’
    plot.bayesQR: no visible global function definition for ‘tail’
    plot.bayesQR: no visible global function definition for ‘hist’
    prior: no visible global function definition for ‘model.frame’
    prior: no visible global function definition for ‘model.matrix’
    prior: no visible global function definition for ‘model.response’
    summary.bayesQR.single: no visible global function definition for
     ‘quantile’
    Undefined global functions or variables:
     box hist model.frame model.matrix model.response plot points polygon
     quantile tail
    Consider adding
     importFrom("graphics", "box", "hist", "plot", "points", "polygon")
     importFrom("stats", "model.frame", "model.matrix", "model.response",
     "quantile")
     importFrom("utils", "tail")
    to your NAMESPACE.
Flavors: r-devel-linux-x86_64-debian-clang, r-devel-linux-x86_64-debian-gcc, r-devel-linux-x86_64-fedora-clang, r-devel-linux-x86_64-fedora-gcc, r-devel-windows-ix86+x86_64