CRAN Package Check Results for Package bayesSurv

Last updated on 2017-07-23 14:46:50.

Flavor Version Tinstall Tcheck Ttotal Status Flags
r-devel-linux-x86_64-debian-clang 3.0 44.62 65.23 109.85 OK
r-devel-linux-x86_64-debian-gcc 3.0 48.64 64.76 113.40 OK
r-devel-linux-x86_64-fedora-clang 3.0 246.61 NOTE
r-devel-linux-x86_64-fedora-gcc 3.0 204.08 NOTE
r-devel-windows-ix86+x86_64 3.0 238.00 132.00 370.00 OK
r-patched-linux-x86_64 3.0 44.75 65.40 110.14 OK
r-patched-solaris-x86 3.0 223.20 OK
r-release-linux-x86_64 3.0 44.51 65.57 110.08 OK
r-release-windows-ix86+x86_64 3.0 185.00 151.00 336.00 OK
r-release-osx-x86_64 3.0 OK
r-oldrel-windows-ix86+x86_64 3.0 277.00 144.00 421.00 OK
r-oldrel-osx-x86_64 3.0 OK

Check Details

Version: 3.0
Check: installed package size
Result: NOTE
     installed size is 5.1Mb
     sub-directories of 1Mb or more:
     libs 4.1Mb
Flavors: r-devel-linux-x86_64-fedora-clang, r-devel-linux-x86_64-fedora-gcc