CRAN Package Check Results for Package bayesSurv

Last updated on 2017-03-30 19:47:31.

Flavor Version Tinstall Tcheck Ttotal Status Flags
r-devel-linux-x86_64-debian-clang 2.6 44.79 57.04 101.83 NOTE
r-devel-linux-x86_64-debian-gcc 2.6 44.90 56.14 101.05 NOTE
r-devel-linux-x86_64-fedora-clang 2.6 253.99 NOTE --no-stop-on-test-error
r-devel-linux-x86_64-fedora-gcc 2.6 196.16 NOTE --no-stop-on-test-error
r-devel-macos-x86_64-clang 2.6 166.27 NOTE --no-stop-on-test-error
r-devel-windows-ix86+x86_64 2.6 171.00 130.00 301.00 OK
r-patched-linux-x86_64 2.6 39.34 55.32 94.66 NOTE
r-patched-solaris-sparc 2.6 1109.40 OK
r-patched-solaris-x86 2.6 218.00 OK
r-release-linux-x86_64 2.6 39.67 51.99 91.65 OK
r-release-osx-x86_64-mavericks 2.6 OK
r-release-windows-ix86+x86_64 2.6 358.00 153.00 511.00 OK
r-oldrel-windows-ix86+x86_64 2.6 196.00 129.00 325.00 OK

Check Details

Version: 2.6
Check: compiled code
Result: NOTE
    File ‘bayesSurv/libs/bayesSurv.so’:
     Found no calls to: ‘R_registerRoutines’, ‘R_useDynamicSymbols’
    
    It is good practice to register native routines and to disable symbol
    search.
    
    See ‘Writing portable packages’ in the ‘Writing R Extensions’ manual.
Flavors: r-devel-linux-x86_64-debian-clang, r-devel-linux-x86_64-debian-gcc, r-patched-linux-x86_64

Version: 2.6
Flags: --no-stop-on-test-error
Check: installed package size
Result: NOTE
     installed size is 5.0Mb
     sub-directories of 1Mb or more:
     libs 4.1Mb
Flavors: r-devel-linux-x86_64-fedora-clang, r-devel-linux-x86_64-fedora-gcc

Version: 2.6
Flags: --no-stop-on-test-error
Check: compiled code
Result: NOTE
    File ‘bayesSurv/libs/bayesSurv.so’:
     Found no calls to: ‘R_registerRoutines’, ‘R_useDynamicSymbols’
    
    It is good practice to register native routines and to disable symbol
    search.
    
    See ‘Writing portable packages’ in the ‘Writing R Extensions’ manual.
Flavors: r-devel-linux-x86_64-fedora-clang, r-devel-linux-x86_64-fedora-gcc, r-devel-macos-x86_64-clang