CRAN Package Check Results for Package bayesSurv

Last updated on 2015-05-27 15:46:49.

Flavor Version Tinstall Tcheck Ttotal Status Flags
r-devel-linux-x86_64-debian-clang 2.4 31.95 34.61 66.56 NOTE
r-devel-linux-x86_64-debian-gcc 2.4 39.22 33.46 72.69 NOTE
r-devel-linux-x86_64-fedora-clang 2.4 169.06 NOTE
r-devel-linux-x86_64-fedora-gcc 2.4 133.99 NOTE
r-devel-osx-x86_64-clang 2.4 124.72 NOTE
r-devel-windows-ix86+x86_64 2.4 155.00 74.00 229.00 NOTE
r-patched-linux-x86_64 2.4 39.42 33.37 72.79 NOTE
r-patched-solaris-sparc 2.4 922.40 NOTE
r-patched-solaris-x86 2.4 176.60 NOTE
r-release-linux-x86_64 2.4 38.94 34.20 73.14 NOTE
r-release-osx-x86_64-mavericks 2.4 NOTE
r-release-osx-x86_64-snowleopard 2.4 NOTE
r-release-windows-ix86+x86_64 2.4 152.00 72.00 224.00 NOTE
r-oldrel-windows-ix86+x86_64 2.4 155.00 124.00 279.00 OK

Check Details

Version: 2.4
Check: DESCRIPTION meta-information
Result: NOTE
    Malformed Description field: should contain one or more complete sentences.
Flavors: r-devel-linux-x86_64-debian-clang, r-devel-linux-x86_64-debian-gcc, r-devel-linux-x86_64-fedora-clang, r-devel-linux-x86_64-fedora-gcc, r-devel-osx-x86_64-clang, r-devel-windows-ix86+x86_64, r-patched-linux-x86_64, r-patched-solaris-sparc, r-patched-solaris-x86, r-release-linux-x86_64, r-release-osx-x86_64-mavericks, r-release-osx-x86_64-snowleopard, r-release-windows-ix86+x86_64

Version: 2.4
Check: S3 generic/method consistency
Result: NOTE
    Found the following apparent S3 methods exported but not registered:
     plot.bayesDensity plot.bayesGspline plot.marginal.bayesGspline
     print.bayesDensity print.simult.pvalue
    See section ‘Registering S3 methods’ in the ‘Writing R Extensions’
    manual.
Flavors: r-devel-linux-x86_64-debian-clang, r-devel-linux-x86_64-debian-gcc, r-devel-linux-x86_64-fedora-clang, r-devel-linux-x86_64-fedora-gcc, r-devel-osx-x86_64-clang, r-patched-linux-x86_64, r-patched-solaris-sparc, r-patched-solaris-x86, r-release-linux-x86_64

Version: 2.4
Check: installed package size
Result: NOTE
     installed size is 6.1Mb
     sub-directories of 1Mb or more:
     libs 5.1Mb
Flavors: r-devel-linux-x86_64-debian-gcc, r-devel-linux-x86_64-fedora-clang, r-devel-linux-x86_64-fedora-gcc, r-patched-linux-x86_64, r-patched-solaris-sparc, r-patched-solaris-x86, r-release-linux-x86_64