CRAN Package Check Results for Package bayesSurv

Last updated on 2015-09-02 06:47:49.

Flavor Version Tinstall Tcheck Ttotal Status Flags
r-devel-linux-x86_64-debian-clang 2.6 32.33 37.58 69.91 OK
r-devel-linux-x86_64-debian-gcc 2.6 38.82 36.72 75.53 NOTE
r-devel-linux-x86_64-fedora-clang 2.6 173.85 NOTE
r-devel-linux-x86_64-fedora-gcc 2.6 139.48 NOTE
r-devel-osx-x86_64-clang 2.6 121.70 OK
r-devel-windows-ix86+x86_64 2.6 212.00 94.00 306.00 OK
r-patched-linux-x86_64 2.6 39.94 36.93 76.87 NOTE
r-patched-solaris-sparc 2.6 831.90 OK
r-patched-solaris-x86 2.6 184.80 OK
r-release-linux-x86_64 2.6 40.06 37.14 77.20 NOTE
r-release-osx-x86_64-mavericks 2.6 OK
r-release-windows-ix86+x86_64 2.6 187.00 99.00 286.00 OK
r-oldrel-windows-ix86+x86_64 2.6 229.00 96.00 325.00 OK

Check Details

Version: 2.6
Check: installed package size
Result: NOTE
     installed size is 6.2Mb
     sub-directories of 1Mb or more:
     libs 5.2Mb
Flavors: r-devel-linux-x86_64-debian-gcc, r-devel-linux-x86_64-fedora-clang, r-devel-linux-x86_64-fedora-gcc, r-patched-linux-x86_64, r-release-linux-x86_64