CRAN Package Check Results for Package bayesSurv

Last updated on 2016-07-25 07:46:58.

Flavor Version Tinstall Tcheck Ttotal Status Flags
r-devel-linux-x86_64-debian-clang 2.6 66.79 61.43 128.22 NOTE
r-devel-linux-x86_64-debian-gcc 2.6 70.31 65.43 135.74 NOTE
r-devel-linux-x86_64-fedora-clang 2.6 230.17 OK
r-devel-linux-x86_64-fedora-gcc 2.6 178.99 NOTE
r-devel-osx-x86_64-clang 2.6 164.24 OK
r-devel-windows-ix86+x86_64 2.6 197.00 142.00 339.00 OK
r-patched-linux-x86_64 2.6 47.22 60.00 107.22 NOTE
r-patched-solaris-sparc 2.6 1086.20 NOTE
r-patched-solaris-x86 2.6 201.50 OK
r-release-linux-x86_64 2.6 47.95 63.66 111.61 NOTE
r-release-osx-x86_64-mavericks 2.6 OK
r-release-windows-ix86+x86_64 2.6 158.00 135.00 293.00 OK
r-oldrel-windows-ix86+x86_64 2.6 215.00 122.00 337.00 OK

Check Details

Version: 2.6
Check: installed package size
Result: NOTE
     installed size is 5.0Mb
     sub-directories of 1Mb or more:
     libs 4.1Mb
Flavors: r-devel-linux-x86_64-debian-clang, r-devel-linux-x86_64-debian-gcc, r-devel-linux-x86_64-fedora-gcc, r-patched-linux-x86_64, r-patched-solaris-sparc, r-release-linux-x86_64