CRAN Package Check Results for Package bayesSurv

Last updated on 2017-11-24 18:50:05 CET.

Flavor Version Tinstall Tcheck Ttotal Status Flags
r-devel-linux-x86_64-debian-clang 3.1 58.97 119.58 178.55 OK
r-devel-linux-x86_64-debian-gcc 3.1 61.28 111.65 172.93 OK
r-devel-linux-x86_64-fedora-clang 3.1 232.49 NOTE
r-devel-linux-x86_64-fedora-gcc 3.1 199.36 NOTE
r-devel-windows-ix86+x86_64 3.1 170.00 160.00 330.00 OK
r-patched-linux-x86_64 3.1 64.81 132.63 197.44 OK
r-patched-solaris-x86 3.1 234.40 OK
r-release-linux-x86_64 3.1 64.87 133.37 198.24 OK
r-release-windows-ix86+x86_64 3.1 169.00 114.00 283.00 OK
r-release-osx-x86_64 3.1 OK
r-oldrel-windows-ix86+x86_64 3.1 175.00 122.00 297.00 OK
r-oldrel-osx-x86_64 3.1 OK

Check Details

Version: 3.1
Check: installed package size
Result: NOTE
     installed size is 5.2Mb
     sub-directories of 1Mb or more:
     libs 4.2Mb
Flavors: r-devel-linux-x86_64-fedora-clang, r-devel-linux-x86_64-fedora-gcc