CRAN Package Check Results for Package bayesSurv

Last updated on 2014-08-28 23:48:16.

Flavor Version Tinstall Tcheck Ttotal Status Flags
r-devel-linux-x86_64-debian-clang 2.3-1 28.54 36.20 64.74 OK
r-devel-linux-x86_64-debian-gcc 2.3-1 39.17 35.16 74.33 NOTE
r-devel-linux-x86_64-fedora-clang 2.3-1 166.21 OK
r-devel-linux-x86_64-fedora-gcc 2.3-1 134.83 NOTE
r-devel-osx-x86_64-clang 2.3-1 125.73 OK
r-devel-windows-ix86+x86_64 2.3-1 150.00 71.00 221.00 OK
r-patched-linux-x86_64 2.3-1 38.91 36.72 75.62 NOTE
r-patched-solaris-sparc 2.3-1 842.10 NOTE
r-patched-solaris-x86 2.3-1 184.30 NOTE
r-release-linux-ix86 2.3-1 53.59 47.02 100.61 OK
r-release-linux-x86_64 2.3-1 39.01 37.12 76.13 NOTE
r-release-osx-x86_64-mavericks 2.3-1 OK
r-release-osx-x86_64-snowleopard 2.3-1 OK
r-release-windows-ix86+x86_64 2.3-1 154.00 88.00 242.00 OK
r-oldrel-windows-ix86+x86_64 2.3-1 158.00 91.00 249.00 OK

Check Details

Version: 2.3-1
Check: installed package size
Result: NOTE
     installed size is 6.0Mb
     sub-directories of 1Mb or more:
     libs 5.1Mb
Flavors: r-devel-linux-x86_64-debian-gcc, r-devel-linux-x86_64-fedora-gcc, r-patched-linux-x86_64, r-patched-solaris-sparc, r-patched-solaris-x86, r-release-linux-x86_64