CRAN Package Check Results for Package bayesSurv

Last updated on 2016-05-29 11:47:48.

Flavor Version Tinstall Tcheck Ttotal Status Flags
r-devel-linux-x86_64-debian-gcc 2.6 59.30 56.31 115.61 NOTE
r-devel-linux-x86_64-fedora-clang 2.6 233.53 OK
r-devel-linux-x86_64-fedora-gcc 2.6 178.72 NOTE
r-devel-osx-x86_64-clang 2.6 208.76 OK
r-devel-windows-ix86+x86_64 2.6 145.00 103.00 248.00 OK
r-patched-linux-x86_64 2.6 40.46 55.51 95.97 NOTE
r-patched-solaris-sparc 2.6 1087.60 OK
r-patched-solaris-x86 2.6 204.40 OK
r-release-linux-x86_64 2.6 40.18 54.40 94.58 NOTE
r-release-osx-x86_64-mavericks 2.6 OK
r-release-windows-ix86+x86_64 2.6 233.00 113.00 346.00 OK
r-oldrel-windows-ix86+x86_64 2.6 164.00 153.00 317.00 OK

Check Details

Version: 2.6
Check: installed package size
Result: NOTE
     installed size is 6.7Mb
     sub-directories of 1Mb or more:
     libs 5.7Mb
Flavors: r-devel-linux-x86_64-debian-gcc, r-devel-linux-x86_64-fedora-gcc, r-patched-linux-x86_64, r-release-linux-x86_64