CRAN Package Check Results for Package bayesSurv

Last updated on 2016-02-14 10:46:36.

Flavor Version Tinstall Tcheck Ttotal Status Flags
r-devel-linux-x86_64-debian-gcc 2.6 36.95 37.57 74.52 NOTE
r-devel-linux-x86_64-fedora-clang 2.6 178.24 NOTE
r-devel-linux-x86_64-fedora-gcc 2.6 138.72 NOTE
r-devel-osx-x86_64-clang 2.6 156.90 OK
r-devel-windows-ix86+x86_64 2.6 203.00 85.00 288.00 OK
r-patched-linux-x86_64 2.6 37.29 38.93 76.23 NOTE
r-patched-solaris-sparc 2.6 850.20 OK
r-patched-solaris-x86 2.6 150.70 OK
r-release-linux-x86_64 2.6 37.21 38.67 75.88 NOTE
r-release-osx-x86_64-mavericks 2.6 OK
r-release-windows-ix86+x86_64 2.6 178.00 94.00 272.00 OK
r-oldrel-windows-ix86+x86_64 2.6 207.00 119.00 326.00 OK

Check Details

Version: 2.6
Check: installed package size
Result: NOTE
     installed size is 6.0Mb
     sub-directories of 1Mb or more:
     libs 5.0Mb
Flavors: r-devel-linux-x86_64-debian-gcc, r-devel-linux-x86_64-fedora-clang, r-devel-linux-x86_64-fedora-gcc, r-patched-linux-x86_64, r-release-linux-x86_64