CRAN Package Check Results for Package bayesSurv

Last updated on 2014-07-23 22:46:58.

Flavor Version Tinstall Tcheck Ttotal Status Flags
r-devel-linux-x86_64-debian-clang 2.3 29.08 36.93 66.01 OK
r-devel-linux-x86_64-debian-gcc 2.3 39.03 36.66 75.70 NOTE
r-devel-linux-x86_64-fedora-clang 2.3 163.51 OK
r-devel-linux-x86_64-fedora-gcc 2.3 137.91 NOTE
r-devel-osx-x86_64-clang 2.3 118.49 OK
r-devel-windows-ix86+x86_64 2.3 155.00 82.00 237.00 OK
r-patched-linux-x86_64 2.3 39.80 36.99 76.80 NOTE
r-patched-solaris-sparc 2.3 848.80 NOTE
r-patched-solaris-x86 2.3 183.00 NOTE
r-release-linux-ix86 2.3 53.45 47.26 100.71 OK
r-release-linux-x86_64 2.3 39.26 37.39 76.65 NOTE
r-release-osx-x86_64-mavericks 2.3 OK
r-release-osx-x86_64-snowleopard 2.3 OK
r-release-windows-ix86+x86_64 2.3 152.00 79.00 231.00 OK
r-oldrel-windows-ix86+x86_64 2.3 153.00 82.00 235.00 OK

Check Details

Version: 2.3
Check: installed package size
Result: NOTE
     installed size is 6.0Mb
     sub-directories of 1Mb or more:
     libs 5.1Mb
Flavors: r-devel-linux-x86_64-debian-gcc, r-devel-linux-x86_64-fedora-gcc, r-patched-linux-x86_64, r-patched-solaris-sparc, r-patched-solaris-x86, r-release-linux-x86_64