CRAN Package Check Results for Package bayesSurv

Last updated on 2018-02-23 22:47:47 CET.

Flavor Version Tinstall Tcheck Ttotal Status Flags
r-devel-linux-x86_64-debian-clang 3.2 69.13 88.56 157.69 OK
r-devel-linux-x86_64-debian-gcc 3.2 62.26 68.60 130.86 OK
r-devel-linux-x86_64-fedora-clang 3.2 256.34 NOTE
r-devel-linux-x86_64-fedora-gcc 3.2 206.76 NOTE
r-devel-windows-ix86+x86_64 3.2 227.00 167.00 394.00 OK
r-patched-linux-x86_64 3.2 68.50 89.72 158.22 OK
r-patched-solaris-x86 3.2 221.30 OK
r-release-linux-x86_64 3.2 68.06 89.10 157.16 OK
r-release-windows-ix86+x86_64 3.2 256.00 156.00 412.00 OK
r-release-osx-x86_64 3.2 OK
r-oldrel-windows-ix86+x86_64 3.2 174.00 150.00 324.00 OK
r-oldrel-osx-x86_64 3.1 OK

Check Details

Version: 3.2
Check: installed package size
Result: NOTE
     installed size is 5.6Mb
     sub-directories of 1Mb or more:
     libs 4.3Mb
Flavors: r-devel-linux-x86_64-fedora-clang, r-devel-linux-x86_64-fedora-gcc