CRAN Package Check Results for Package bayesSurv

Last updated on 2015-03-31 13:48:08.

Flavor Version Tinstall Tcheck Ttotal Status Flags
r-devel-linux-x86_64-debian-clang 2.4 31.92 33.10 65.02 NOTE
r-devel-linux-x86_64-debian-gcc 2.4 38.66 32.72 71.38 NOTE
r-devel-linux-x86_64-fedora-clang 2.4 171.12 NOTE
r-devel-linux-x86_64-fedora-gcc 2.4 133.29 NOTE
r-devel-osx-x86_64-clang 2.4 124.18 NOTE
r-prerel-windows-ix86+x86_64 2.4 149.00 74.00 223.00 NOTE
r-prerel-linux-x86_64 2.4 38.87 33.37 72.24 NOTE
r-prerel-solaris-sparc 2.4 939.70 NOTE
r-prerel-solaris-x86 2.4 174.00 NOTE
r-release-linux-x86_64 2.4 39.12 37.56 76.68 NOTE
r-release-osx-x86_64-mavericks 2.4 OK
r-release-osx-x86_64-snowleopard 2.4 OK
r-release-windows-ix86+x86_64 2.4 158.00 73.00 231.00 OK
r-oldrel-windows-ix86+x86_64 2.4 153.00 122.00 275.00 OK

Check Details

Version: 2.4
Check: DESCRIPTION meta-information
Result: NOTE
    Malformed Description field: should contain one or more complete sentences.
Flavors: r-devel-linux-x86_64-debian-clang, r-devel-linux-x86_64-debian-gcc, r-devel-linux-x86_64-fedora-clang, r-devel-linux-x86_64-fedora-gcc, r-devel-osx-x86_64-clang, r-prerel-windows-ix86+x86_64, r-prerel-linux-x86_64, r-prerel-solaris-sparc, r-prerel-solaris-x86

Version: 2.4
Check: S3 generic/method consistency
Result: NOTE
    Found the following apparent S3 methods exported but not registered:
     plot.bayesDensity plot.bayesGspline plot.marginal.bayesGspline
     print.bayesDensity print.simult.pvalue
    See section ‘Registering S3 methods’ in the ‘Writing R Extensions’
    manual.
Flavors: r-devel-linux-x86_64-debian-clang, r-devel-linux-x86_64-debian-gcc, r-devel-linux-x86_64-fedora-clang, r-devel-linux-x86_64-fedora-gcc, r-devel-osx-x86_64-clang, r-prerel-linux-x86_64

Version: 2.4
Check: installed package size
Result: NOTE
     installed size is 6.1Mb
     sub-directories of 1Mb or more:
     libs 5.1Mb
Flavors: r-devel-linux-x86_64-debian-gcc, r-devel-linux-x86_64-fedora-clang, r-devel-linux-x86_64-fedora-gcc, r-prerel-linux-x86_64, r-prerel-solaris-sparc, r-prerel-solaris-x86, r-release-linux-x86_64