CRAN Package Check Results for Package bayesSurv

Last updated on 2018-06-21 21:49:43 CEST.

Flavor Version Tinstall Tcheck Ttotal Status Flags
r-devel-linux-x86_64-debian-clang 3.2 96.22 83.16 179.38 OK
r-devel-linux-x86_64-debian-gcc 3.2 80.74 76.25 156.99 OK
r-devel-linux-x86_64-fedora-clang 3.2 267.82 NOTE
r-devel-linux-x86_64-fedora-gcc 3.2 212.24 OK
r-devel-windows-ix86+x86_64 3.2 239.00 169.00 408.00 OK
r-patched-linux-x86_64 3.2 103.00 89.48 192.48 OK
r-patched-solaris-x86 3.2 226.50 OK
r-release-linux-x86_64 3.2 99.74 88.66 188.40 OK
r-release-windows-ix86+x86_64 3.2 171.00 168.00 339.00 OK
r-release-osx-x86_64 3.2 NOTE
r-oldrel-windows-ix86+x86_64 3.2 230.00 123.00 353.00 OK
r-oldrel-osx-x86_64 3.2 OK

Check Details

Version: 3.2
Check: installed package size
Result: NOTE
     installed size is 5.6Mb
     sub-directories of 1Mb or more:
     libs 4.3Mb
Flavors: r-devel-linux-x86_64-fedora-clang, r-release-osx-x86_64