CRAN Package Check Results for Package bayesSurv

Last updated on 2016-08-28 13:50:10.

Flavor Version Tinstall Tcheck Ttotal Status Flags
r-devel-linux-x86_64-debian-clang 2.6 43.39 56.87 100.26 OK
r-devel-linux-x86_64-debian-gcc 2.6 44.83 56.19 101.02 NOTE
r-devel-linux-x86_64-fedora-clang 2.6 232.66 OK
r-devel-linux-x86_64-fedora-gcc 2.6 186.68 NOTE
r-devel-osx-x86_64-clang 2.6 163.49 OK
r-devel-windows-ix86+x86_64 2.6 224.00 147.00 371.00 OK
r-patched-linux-x86_64 2.6 39.96 55.14 95.10 NOTE
r-patched-solaris-sparc 2.6 1083.00 OK
r-patched-solaris-x86 2.6 201.70 OK
r-release-linux-x86_64 2.6 41.22 56.40 97.62 NOTE
r-release-osx-x86_64-mavericks 2.6 OK
r-release-windows-ix86+x86_64 2.6 238.00 147.00 385.00 OK
r-oldrel-windows-ix86+x86_64 2.6 248.00 206.00 454.00 OK

Check Details

Version: 2.6
Check: installed package size
Result: NOTE
     installed size is 6.1Mb
     sub-directories of 1Mb or more:
     libs 5.2Mb
Flavors: r-devel-linux-x86_64-debian-gcc, r-devel-linux-x86_64-fedora-gcc, r-patched-linux-x86_64, r-release-linux-x86_64