CRAN Package Check Results for Package bayesSurv

Last updated on 2018-04-21 16:46:22 CEST.

Flavor Version Tinstall Tcheck Ttotal Status Flags
r-devel-linux-x86_64-debian-clang 3.2 91.69 88.49 180.18 OK
r-devel-linux-x86_64-debian-gcc 3.2 81.52 69.17 150.69 OK
r-devel-linux-x86_64-fedora-clang 3.2 252.68 NOTE
r-devel-linux-x86_64-fedora-gcc 3.2 207.95 NOTE
r-devel-windows-ix86+x86_64 3.2 254.00 163.00 417.00 OK
r-devel-osx-x86_64 3.2 OK
r-patched-linux-x86_64 3.2 99.48 87.15 186.63 OK
r-patched-solaris-x86 3.2 245.10 OK
r-release-linux-x86_64 3.2 96.51 89.58 186.09 OK
r-release-windows-ix86+x86_64 3.2 172.00 155.00 327.00 OK
r-release-osx-x86_64 3.2 OK
r-oldrel-windows-ix86+x86_64 3.2 220.00 124.00 344.00 OK

Check Details

Version: 3.2
Check: installed package size
Result: NOTE
     installed size is 5.6Mb
     sub-directories of 1Mb or more:
     libs 4.3Mb
Flavors: r-devel-linux-x86_64-fedora-clang, r-devel-linux-x86_64-fedora-gcc