CRAN Package Check Results for Package bayesSurv

Last updated on 2014-12-19 03:47:28.

Flavor Version Tinstall Tcheck Ttotal Status Flags
r-devel-linux-x86_64-debian-clang 2.3-1 32.07 37.08 69.15 NOTE
r-devel-linux-x86_64-debian-gcc 2.3-1 39.42 35.88 75.30 NOTE
r-devel-linux-x86_64-fedora-clang 2.3-1 173.12 NOTE
r-devel-linux-x86_64-fedora-gcc 2.3-1 133.18 NOTE
r-devel-osx-x86_64-clang 2.3-1 124.25 OK
r-devel-windows-ix86+x86_64 2.3-1 151.00 82.00 233.00 OK
r-patched-linux-x86_64 2.3-1 39.52 37.69 77.21 NOTE
r-patched-solaris-sparc 2.3-1 842.10 NOTE
r-patched-solaris-x86 2.3-1 184.40 NOTE
r-release-linux-ix86 2.3-1 51.54 45.64 97.18 OK
r-release-linux-x86_64 2.3-1 38.78 37.53 76.31 NOTE
r-release-osx-x86_64-mavericks 2.3-1 OK
r-release-osx-x86_64-snowleopard 2.3-1 OK
r-release-windows-ix86+x86_64 2.3-1 146.00 91.00 237.00 OK
r-oldrel-windows-ix86+x86_64 2.3-1 156.00 91.00 247.00 OK

Check Details

Version: 2.3-1
Check: installed package size
Result: NOTE
     installed size is 5.5Mb
     sub-directories of 1Mb or more:
     libs 4.5Mb
Flavors: r-devel-linux-x86_64-debian-clang, r-devel-linux-x86_64-debian-gcc, r-devel-linux-x86_64-fedora-clang, r-devel-linux-x86_64-fedora-gcc, r-patched-linux-x86_64, r-patched-solaris-sparc, r-patched-solaris-x86, r-release-linux-x86_64