CRAN Package Check Results for Package bayesSurv

Last updated on 2015-01-31 04:47:48.

Flavor Version Tinstall Tcheck Ttotal Status Flags
r-devel-linux-x86_64-debian-clang 2.3-1 30.92 32.62 63.54 NOTE
r-devel-linux-x86_64-debian-gcc 2.3-1 38.50 33.12 71.62 NOTE
r-devel-linux-x86_64-fedora-clang 2.3-1 171.21 NOTE
r-devel-linux-x86_64-fedora-gcc 2.3-1 138.17 NOTE
r-devel-osx-x86_64-clang 2.3-1 124.37 NOTE
r-devel-windows-ix86+x86_64 2.3-1 211.00 73.00 284.00 OK
r-patched-linux-x86_64 2.3-1 38.86 37.70 76.57 NOTE
r-patched-solaris-sparc 2.3-1 965.30 NOTE
r-patched-solaris-x86 2.3-1 186.70 NOTE
r-release-linux-ix86 2.3-1 51.41 45.58 97.00 OK
r-release-linux-x86_64 2.3-1 39.45 38.60 78.05 NOTE
r-release-osx-x86_64-mavericks 2.3-1 OK
r-release-osx-x86_64-snowleopard 2.3-1 OK
r-release-windows-ix86+x86_64 2.3-1 159.00 86.00 245.00 OK
r-oldrel-windows-ix86+x86_64 2.3-1 166.00 121.00 287.00 OK

Check Details

Version: 2.3-1
Check: installed package size
Result: NOTE
     installed size is 5.5Mb
     sub-directories of 1Mb or more:
     libs 4.5Mb
Flavors: r-devel-linux-x86_64-debian-clang, r-devel-linux-x86_64-debian-gcc, r-devel-linux-x86_64-fedora-clang, r-devel-linux-x86_64-fedora-gcc, r-patched-linux-x86_64, r-patched-solaris-sparc, r-patched-solaris-x86, r-release-linux-x86_64

Version: 2.3-1
Check: S3 generic/method consistency
Result: NOTE
    Found the following apparent S3 methods exported but not registered:
     print.bayesDensity print.simult.pvalue plot.bayesDensity
     plot.bayesGspline plot.marginal.bayesGspline
    See section ‘Registering S3 methods’ in the ‘Writing R Extensions’
    manual.
Flavors: r-devel-linux-x86_64-debian-clang, r-devel-linux-x86_64-debian-gcc, r-devel-linux-x86_64-fedora-clang, r-devel-linux-x86_64-fedora-gcc, r-devel-osx-x86_64-clang