CRAN Package Check Results for Package bayesSurv

Last updated on 2017-09-19 20:46:56.

Flavor Version Tinstall Tcheck Ttotal Status Flags
r-devel-linux-x86_64-debian-clang 3.0 43.07 55.63 98.70 OK
r-devel-linux-x86_64-debian-gcc 3.0 49.07 54.35 103.42 OK
r-devel-linux-x86_64-fedora-clang 3.0 251.39 NOTE
r-devel-linux-x86_64-fedora-gcc 3.0 210.46 NOTE
r-devel-windows-ix86+x86_64 3.0 178.00 160.00 338.00 OK
r-patched-linux-x86_64 3.0 45.07 55.75 100.82 OK
r-patched-solaris-x86 3.0 221.40 OK
r-release-linux-x86_64 3.0 45.16 55.49 100.65 OK
r-release-windows-ix86+x86_64 3.0 175.00 127.00 302.00 OK
r-release-osx-x86_64 3.0 OK
r-oldrel-windows-ix86+x86_64 3.0 169.00 112.00 281.00 OK
r-oldrel-osx-x86_64 3.0 OK

Check Details

Version: 3.0
Check: installed package size
Result: NOTE
     installed size is 5.2Mb
     sub-directories of 1Mb or more:
     libs 4.2Mb
Flavors: r-devel-linux-x86_64-fedora-clang, r-devel-linux-x86_64-fedora-gcc