CRAN Package Check Results for Package bayesSurv

Last updated on 2014-10-23 05:46:36.

Flavor Version Tinstall Tcheck Ttotal Status Flags
r-devel-linux-x86_64-debian-clang 2.3-1 31.18 36.89 68.07 NOTE
r-devel-linux-x86_64-debian-gcc 2.3-1 39.41 36.98 76.38 NOTE
r-devel-linux-x86_64-fedora-clang 2.3-1 171.64 NOTE
r-devel-linux-x86_64-fedora-gcc 2.3-1 136.16 NOTE
r-devel-osx-x86_64-clang 2.3-1 124.79 OK
r-devel-windows-ix86+x86_64 2.3-1 147.00 81.00 228.00 OK
r-patched-linux-x86_64 2.3-1 39.24 38.17 77.41 NOTE
r-patched-solaris-sparc 2.3-1 842.10 NOTE
r-patched-solaris-x86 2.3-1 186.40 NOTE
r-release-linux-ix86 2.3-1 54.02 52.58 106.60 OK
r-release-linux-x86_64 2.3-1 39.93 38.34 78.27 NOTE
r-release-osx-x86_64-mavericks 2.3-1 OK
r-release-osx-x86_64-snowleopard 2.3-1 OK
r-release-windows-ix86+x86_64 2.3-1 150.00 89.00 239.00 OK
r-oldrel-windows-ix86+x86_64 2.3-1 154.00 90.00 244.00 OK

Check Details

Version: 2.3-1
Check: installed package size
Result: NOTE
     installed size is 5.5Mb
     sub-directories of 1Mb or more:
     libs 4.5Mb
Flavors: r-devel-linux-x86_64-debian-clang, r-devel-linux-x86_64-debian-gcc, r-devel-linux-x86_64-fedora-clang, r-devel-linux-x86_64-fedora-gcc, r-patched-linux-x86_64, r-patched-solaris-sparc, r-patched-solaris-x86, r-release-linux-x86_64