CRAN Package Check Results for Package bayesSurv

Last updated on 2015-02-27 23:47:43.

Flavor Version Tinstall Tcheck Ttotal Status Flags
r-devel-linux-x86_64-debian-clang 2.4 30.92 35.98 66.90 NOTE
r-devel-linux-x86_64-debian-gcc 2.4 38.42 32.77 71.19 NOTE
r-devel-linux-x86_64-fedora-clang 2.4 164.44 NOTE
r-devel-linux-x86_64-fedora-gcc 2.4 128.35 NOTE
r-devel-osx-x86_64-clang 2.4 119.55 NOTE
r-devel-windows-ix86+x86_64 2.4 227.00 70.00 297.00 NOTE
r-patched-linux-x86_64 2.4 38.72 38.14 76.86 NOTE
r-patched-solaris-sparc 2.4 956.90 NOTE
r-release-linux-ix86 2.4 51.69 50.85 102.54 OK
r-release-linux-x86_64 2.4 39.01 40.32 79.32 NOTE
r-release-osx-x86_64-mavericks 2.4 OK
r-release-osx-x86_64-snowleopard 2.4 OK
r-release-windows-ix86+x86_64 2.4 153.00 87.00 240.00 OK
r-oldrel-windows-ix86+x86_64 2.4 149.00 122.00 271.00 OK

Check Details

Version: 2.4
Check: installed package size
Result: NOTE
     installed size is 5.5Mb
     sub-directories of 1Mb or more:
     libs 4.5Mb
Flavors: r-devel-linux-x86_64-debian-clang, r-devel-linux-x86_64-debian-gcc, r-devel-linux-x86_64-fedora-clang, r-devel-linux-x86_64-fedora-gcc, r-patched-linux-x86_64, r-patched-solaris-sparc, r-release-linux-x86_64

Version: 2.4
Check: DESCRIPTION meta-information
Result: NOTE
    Malformed Description field: should contain one or more complete sentences.
Flavors: r-devel-linux-x86_64-debian-clang, r-devel-linux-x86_64-debian-gcc, r-devel-linux-x86_64-fedora-clang, r-devel-linux-x86_64-fedora-gcc, r-devel-osx-x86_64-clang, r-devel-windows-ix86+x86_64

Version: 2.4
Check: S3 generic/method consistency
Result: NOTE
    Found the following apparent S3 methods exported but not registered:
     plot.bayesDensity plot.bayesGspline plot.marginal.bayesGspline
     print.bayesDensity print.simult.pvalue
    See section ‘Registering S3 methods’ in the ‘Writing R Extensions’
    manual.
Flavors: r-devel-linux-x86_64-debian-clang, r-devel-linux-x86_64-debian-gcc, r-devel-linux-x86_64-fedora-clang, r-devel-linux-x86_64-fedora-gcc, r-devel-osx-x86_64-clang