CRAN Package Check Results for Package bayesSurv

Last updated on 2016-06-25 11:49:00.

Flavor Version Tinstall Tcheck Ttotal Status Flags
r-devel-linux-x86_64-debian-gcc 2.6 61.87 57.81 119.68 NOTE
r-devel-linux-x86_64-fedora-clang 2.6 228.97 OK
r-devel-linux-x86_64-fedora-gcc 2.6 179.36 NOTE
r-devel-osx-x86_64-clang 2.6 161.25 OK
r-devel-windows-ix86+x86_64 2.6 204.00 142.00 346.00 OK
r-patched-linux-x86_64 2.6 41.52 57.40 98.92 NOTE
r-patched-solaris-sparc 2.6 1086.20 NOTE
r-patched-solaris-x86 2.6 203.60 NOTE
r-release-linux-x86_64 2.6 42.20 57.21 99.41 NOTE
r-release-osx-x86_64-mavericks 2.6 OK
r-release-windows-ix86+x86_64 2.6 233.00 104.00 337.00 OK
r-oldrel-windows-ix86+x86_64 2.6 211.00 155.00 366.00 OK

Check Details

Version: 2.6
Check: installed package size
Result: NOTE
     installed size is 6.7Mb
     sub-directories of 1Mb or more:
     libs 5.7Mb
Flavors: r-devel-linux-x86_64-debian-gcc, r-devel-linux-x86_64-fedora-gcc, r-patched-linux-x86_64, r-patched-solaris-sparc, r-patched-solaris-x86, r-release-linux-x86_64