CRAN Package Check Results for Package bayesSurv

Last updated on 2017-05-27 20:46:07.

Flavor Version Tinstall Tcheck Ttotal Status Flags
r-devel-linux-x86_64-debian-clang 2.6 48.24 56.15 104.39 NOTE
r-devel-linux-x86_64-debian-gcc 2.6 48.59 56.94 105.53 NOTE
r-devel-linux-x86_64-fedora-clang 2.6 248.10 NOTE
r-devel-linux-x86_64-fedora-gcc 2.6 194.59 NOTE
r-devel-windows-ix86+x86_64 2.6 166.00 131.00 297.00 OK
r-patched-linux-x86_64 2.6 44.43 57.40 101.83 NOTE
r-patched-solaris-sparc 2.6 1109.40 OK
r-patched-solaris-x86 2.6 217.80 OK
r-release-linux-x86_64 2.6 41.68 55.40 97.08 NOTE
r-release-windows-ix86+x86_64 2.6 174.00 163.00 337.00 OK
r-release-osx-x86_64 2.6 OK
r-oldrel-windows-ix86+x86_64 2.6 273.00 115.00 388.00 OK
r-oldrel-osx-x86_64 2.6 OK

Check Details

Version: 2.6
Check: compiled code
Result: NOTE
    File ‘bayesSurv/libs/bayesSurv.so’:
     Found no calls to: ‘R_registerRoutines’, ‘R_useDynamicSymbols’
    
    It is good practice to register native routines and to disable symbol
    search.
    
    See ‘Writing portable packages’ in the ‘Writing R Extensions’ manual.
Flavors: r-devel-linux-x86_64-debian-clang, r-devel-linux-x86_64-debian-gcc, r-devel-linux-x86_64-fedora-clang, r-devel-linux-x86_64-fedora-gcc, r-patched-linux-x86_64, r-release-linux-x86_64

Version: 2.6
Check: installed package size
Result: NOTE
     installed size is 5.0Mb
     sub-directories of 1Mb or more:
     libs 4.1Mb
Flavors: r-devel-linux-x86_64-fedora-clang, r-devel-linux-x86_64-fedora-gcc