CRAN Package Check Results for Package bayesSurv

Last updated on 2016-09-25 23:46:40.

Flavor Version Tinstall Tcheck Ttotal Status Flags
r-devel-linux-x86_64-debian-clang 2.6 42.59 52.25 94.84 OK
r-devel-linux-x86_64-debian-gcc 2.6 44.50 50.96 95.46 NOTE
r-devel-linux-x86_64-fedora-clang 2.6 233.20 OK
r-devel-linux-x86_64-fedora-gcc 2.6 182.48 NOTE
r-devel-macos-x86_64-clang 2.6 158.43 OK
r-devel-windows-ix86+x86_64 2.6 152.00 144.00 296.00 OK
r-patched-linux-x86_64 2.6 39.12 52.07 91.20 NOTE
r-patched-solaris-sparc 2.6 1083.00 OK
r-patched-solaris-x86 2.6 199.50 OK
r-release-linux-x86_64 2.6 38.83 52.22 91.05 NOTE
r-release-osx-x86_64-mavericks 2.6 OK
r-release-windows-ix86+x86_64 2.6 214.00 142.00 356.00 OK
r-oldrel-windows-ix86+x86_64 2.6 239.00 147.00 386.00 OK

Check Details

Version: 2.6
Check: installed package size
Result: NOTE
     installed size is 6.1Mb
     sub-directories of 1Mb or more:
     libs 5.2Mb
Flavors: r-devel-linux-x86_64-debian-gcc, r-devel-linux-x86_64-fedora-gcc, r-patched-linux-x86_64, r-release-linux-x86_64