CRAN Package Check Results for Package bayesSurv

Last updated on 2015-08-02 17:47:36.

Flavor Version Tinstall Tcheck Ttotal Status Flags
r-devel-linux-x86_64-debian-clang 2.6 31.98 38.12 70.10 OK
r-devel-linux-x86_64-debian-gcc 2.6 38.82 38.68 77.51 NOTE
r-devel-linux-x86_64-fedora-clang 2.6 175.24 NOTE
r-devel-linux-x86_64-fedora-gcc 2.6 143.05 NOTE
r-devel-osx-x86_64-clang 2.6 129.43 OK
r-devel-windows-ix86+x86_64 2.6 157.00 76.00 233.00 OK
r-patched-linux-x86_64 2.6 39.33 37.71 77.04 NOTE
r-patched-solaris-sparc 2.6 831.90 OK
r-patched-solaris-x86 2.6 165.40 OK
r-release-linux-x86_64 2.6 39.35 37.40 76.75 NOTE
r-release-osx-x86_64-mavericks 2.6 OK
r-release-windows-ix86+x86_64 2.6 207.00 86.00 293.00 OK
r-oldrel-windows-ix86+x86_64 2.6 216.00 90.00 306.00 OK

Check Details

Version: 2.6
Check: installed package size
Result: NOTE
     installed size is 6.2Mb
     sub-directories of 1Mb or more:
     libs 5.2Mb
Flavors: r-devel-linux-x86_64-debian-gcc, r-devel-linux-x86_64-fedora-clang, r-devel-linux-x86_64-fedora-gcc, r-patched-linux-x86_64, r-release-linux-x86_64