CRAN Package Check Results for Package bayesSurv

Last updated on 2014-11-21 04:46:52.

Flavor Version Tinstall Tcheck Ttotal Status Flags
r-devel-linux-x86_64-debian-clang 2.3-1 31.22 36.87 68.09 NOTE
r-devel-linux-x86_64-debian-gcc 2.3-1 38.99 35.83 74.82 NOTE
r-devel-linux-x86_64-fedora-clang 2.3-1 171.47 NOTE
r-devel-linux-x86_64-fedora-gcc 2.3-1 133.99 NOTE
r-devel-osx-x86_64-clang 2.3-1 127.73 OK
r-devel-windows-ix86+x86_64 2.3-1 139.00 82.00 221.00 OK
r-patched-linux-x86_64 2.3-1 38.74 37.20 75.94 NOTE
r-patched-solaris-sparc 2.3-1 842.10 NOTE
r-patched-solaris-x86 2.3-1 185.60 NOTE
r-release-linux-ix86 2.3-1 51.42 45.27 96.69 OK
r-release-linux-x86_64 2.3-1 38.93 37.12 76.05 NOTE
r-release-osx-x86_64-mavericks 2.3-1 OK
r-release-osx-x86_64-snowleopard 2.3-1 OK
r-release-windows-ix86+x86_64 2.3-1 189.00 82.00 271.00 OK
r-oldrel-windows-ix86+x86_64 2.3-1 147.00 88.00 235.00 OK

Check Details

Version: 2.3-1
Check: installed package size
Result: NOTE
     installed size is 5.5Mb
     sub-directories of 1Mb or more:
     libs 4.5Mb
Flavors: r-devel-linux-x86_64-debian-clang, r-devel-linux-x86_64-debian-gcc, r-devel-linux-x86_64-fedora-clang, r-devel-linux-x86_64-fedora-gcc, r-patched-linux-x86_64, r-patched-solaris-sparc, r-patched-solaris-x86, r-release-linux-x86_64