CRAN Package Check Results for Package bayesSurv

Last updated on 2014-09-19 15:48:20.

Flavor Version Tinstall Tcheck Ttotal Status Flags
r-devel-linux-x86_64-debian-clang 2.3-1 31.24 36.38 67.62 NOTE
r-devel-linux-x86_64-debian-gcc 2.3-1 38.98 35.78 74.76 NOTE
r-devel-linux-x86_64-fedora-clang 2.3-1 169.47 NOTE
r-devel-linux-x86_64-fedora-gcc 2.3-1 133.88 NOTE
r-devel-osx-x86_64-clang 2.3-1 127.90 OK
r-devel-windows-ix86+x86_64 2.3-1 149.00 81.00 230.00 OK
r-patched-linux-x86_64 2.3-1 39.10 37.96 77.06 NOTE
r-patched-solaris-sparc 2.3-1 842.10 NOTE
r-patched-solaris-x86 2.3-1 184.10 NOTE
r-release-linux-ix86 2.3-1 53.94 47.46 101.41 OK
r-release-linux-x86_64 2.3-1 39.95 38.22 78.16 NOTE
r-release-osx-x86_64-mavericks 2.3-1 OK
r-release-osx-x86_64-snowleopard 2.3-1 OK
r-release-windows-ix86+x86_64 2.3-1 159.00 86.00 245.00 OK
r-oldrel-windows-ix86+x86_64 2.3-1 157.00 87.00 244.00 OK

Check Details

Version: 2.3-1
Check: installed package size
Result: NOTE
     installed size is 5.5Mb
     sub-directories of 1Mb or more:
     libs 4.5Mb
Flavors: r-devel-linux-x86_64-debian-clang, r-devel-linux-x86_64-debian-gcc, r-devel-linux-x86_64-fedora-clang, r-devel-linux-x86_64-fedora-gcc, r-patched-linux-x86_64, r-patched-solaris-sparc, r-patched-solaris-x86, r-release-linux-x86_64