CRAN Package Check Results for Package bayesSurv

Last updated on 2015-04-26 03:47:27.

Flavor Version Tinstall Tcheck Ttotal Status Flags
r-devel-linux-x86_64-debian-clang 2.4 32.19 34.64 66.84 NOTE
r-devel-linux-x86_64-debian-gcc 2.4 39.07 34.25 73.32 NOTE
r-devel-linux-x86_64-fedora-clang 2.4 170.15 NOTE
r-devel-linux-x86_64-fedora-gcc 2.4 140.30 NOTE
r-devel-osx-x86_64-clang 2.4 125.70 NOTE
r-devel-windows-ix86+x86_64 2.4 153.00 65.00 218.00 NOTE
r-patched-linux-x86_64 2.4 38.66 33.03 71.68 NOTE
r-patched-solaris-sparc 2.4 939.70 NOTE
r-patched-solaris-x86 2.4 176.90 NOTE
r-release-linux-x86_64 2.4 38.67 32.64 71.31 NOTE
r-release-osx-x86_64-mavericks 2.4 NOTE
r-release-osx-x86_64-snowleopard 2.4 NOTE
r-release-windows-ix86+x86_64 2.4 158.00 83.00 241.00 NOTE
r-oldrel-windows-ix86+x86_64 2.4 128.00 104.00 232.00 OK

Check Details

Version: 2.4
Check: DESCRIPTION meta-information
Result: NOTE
    Malformed Description field: should contain one or more complete sentences.
Flavors: r-devel-windows-ix86+x86_64, r-release-windows-ix86+x86_64