CRAN Package Check Results for Package bayesTFR

Last updated on 2014-07-30 11:49:45.

Flavor Version Tinstall Tcheck Ttotal Status Flags
r-devel-linux-x86_64-debian-clang 4.0-5 3.28 38.93 42.20 NOTE
r-devel-linux-x86_64-debian-gcc 4.0-5 2.86 37.81 40.68 NOTE
r-devel-linux-x86_64-fedora-clang 4.0-5 79.41 NOTE
r-devel-linux-x86_64-fedora-gcc 4.0-5 75.46 NOTE
r-devel-osx-x86_64-clang 4.0-5 69.35 NOTE
r-devel-windows-ix86+x86_64 4.0-5 14.00 70.00 84.00 NOTE
r-patched-linux-x86_64 4.0-5 3.10 38.85 41.96 NOTE
r-patched-solaris-sparc 4.0-5 461.90 OK
r-patched-solaris-x86 4.0-5 97.70 OK
r-release-linux-ix86 4.0-5 4.00 50.05 54.05 NOTE
r-release-linux-x86_64 4.0-5 3.00 38.53 41.54 NOTE
r-release-osx-x86_64-mavericks 4.0-5 NOTE
r-release-osx-x86_64-snowleopard 4.0-5 NOTE
r-release-windows-ix86+x86_64 4.0-5 14.00 74.00 88.00 NOTE
r-oldrel-windows-ix86+x86_64 4.0-5 15.00 67.00 82.00 NOTE

Check Details

Version: 4.0-5
Check: installed package size
Result: NOTE
     installed size is 6.5Mb
     sub-directories of 1Mb or more:
     ex-data 5.5Mb
Flavors: r-devel-linux-x86_64-debian-clang, r-devel-linux-x86_64-debian-gcc, r-devel-linux-x86_64-fedora-clang, r-devel-linux-x86_64-fedora-gcc, r-devel-osx-x86_64-clang, r-devel-windows-ix86+x86_64, r-patched-linux-x86_64, r-release-linux-ix86, r-release-linux-x86_64, r-release-osx-x86_64-mavericks, r-release-osx-x86_64-snowleopard, r-release-windows-ix86+x86_64, r-oldrel-windows-ix86+x86_64

Version: 4.0-5
Check: package dependencies
Result: NOTE
    Packages suggested but not available for checking: rworldmap rgdal
Flavor: r-release-osx-x86_64-mavericks

Version: 4.0-5
Check: R code for possible problems
Result: NOTE
    tfr.map: no visible global function definition for getMap
    tfr.map: no visible global function definition for mapCountryData
    tfr.map: no visible binding for global variable addMapLegend
Flavor: r-release-osx-x86_64-mavericks

Version: 4.0-5
Check: Rd cross-references
Result: NOTE
    Package unavailable to check Rd xrefs: rworldmap
Flavor: r-release-osx-x86_64-mavericks