CRAN Package Check Results for Package bayesTFR

Last updated on 2017-02-24 10:47:21.

Flavor Version Tinstall Tcheck Ttotal Status Flags
r-devel-linux-x86_64-debian-clang 5.0-5 3.19 42.83 46.02 NOTE
r-devel-linux-x86_64-debian-gcc 5.0-5 2.79 42.44 45.23 NOTE
r-devel-linux-x86_64-fedora-clang 5.0-5 76.51 NOTE --no-stop-on-test-error
r-devel-linux-x86_64-fedora-gcc 5.0-5 73.76 NOTE --no-stop-on-test-error
r-devel-macos-x86_64-clang 5.0-5 64.08 NOTE --no-stop-on-test-error
r-devel-windows-ix86+x86_64 5.0-5 77.00 113.00 190.00 OK
r-patched-linux-x86_64 5.0-5 2.78 40.97 43.75 OK
r-patched-solaris-sparc 5.0-5 448.80 OK
r-patched-solaris-x86 5.0-5 88.20 OK
r-release-linux-x86_64 5.0-5 2.90 41.61 44.50 OK
r-release-osx-x86_64-mavericks 5.0-5 NOTE
r-release-windows-ix86+x86_64 5.0-5 78.00 113.00 191.00 OK
r-oldrel-windows-ix86+x86_64 5.0-5 82.00 175.00 257.00 OK

Check Details

Version: 5.0-5
Check: compiled code
Result: NOTE
    File ‘bayesTFR/libs/bayesTFR.so’:
     Found no calls to: ‘R_registerRoutines’, ‘R_useDynamicSymbols’
    
    It is good practice to register native routines and to disable symbol
    search.
    
    See ‘Writing portable packages’ in the ‘Writing R Extensions’ manual.
Flavors: r-devel-linux-x86_64-debian-clang, r-devel-linux-x86_64-debian-gcc

Version: 5.0-5
Flags: --no-stop-on-test-error
Check: installed package size
Result: NOTE
     installed size is 6.5Mb
     sub-directories of 1Mb or more:
     ex-data 5.4Mb
Flavors: r-devel-linux-x86_64-fedora-clang, r-devel-linux-x86_64-fedora-gcc, r-devel-macos-x86_64-clang

Version: 5.0-5
Flags: --no-stop-on-test-error
Check: compiled code
Result: NOTE
    File ‘bayesTFR/libs/bayesTFR.so’:
     Found no calls to: ‘R_registerRoutines’, ‘R_useDynamicSymbols’
    
    It is good practice to register native routines and to disable symbol
    search.
    
    See ‘Writing portable packages’ in the ‘Writing R Extensions’ manual.
Flavors: r-devel-linux-x86_64-fedora-clang, r-devel-linux-x86_64-fedora-gcc, r-devel-macos-x86_64-clang

Version: 5.0-5
Check: installed package size
Result: NOTE
     installed size is 6.4Mb
     sub-directories of 1Mb or more:
     ex-data 5.4Mb
Flavor: r-release-osx-x86_64-mavericks