CRAN Package Check Results for Package bayesTFR

Last updated on 2016-05-03 08:48:50.

Flavor Version Tinstall Tcheck Ttotal Status Flags
r-devel-linux-x86_64-debian-gcc 5.0-1 2.76 39.34 42.10 NOTE
r-devel-linux-x86_64-fedora-clang 5.0-1 71.25 NOTE
r-devel-linux-x86_64-fedora-gcc 5.0-1 67.46 NOTE
r-devel-osx-x86_64-clang 5.0-1 82.33 NOTE
r-devel-windows-ix86+x86_64 5.0-1 28.00 83.00 111.00 OK
r-patched-linux-x86_64 5.0-1 3.03 39.31 42.34 NOTE
r-patched-solaris-sparc 5.0-1 448.70 NOTE
r-patched-solaris-x86 5.0-1 89.20 NOTE
r-release-linux-x86_64 5.0-1 2.96 40.19 43.15 NOTE
r-release-osx-x86_64-mavericks 5.0-1 NOTE
r-release-windows-ix86+x86_64 5.0-1 25.00 114.00 139.00 OK
r-oldrel-windows-ix86+x86_64 5.0-1 66.00 124.00 190.00 OK

Check Details

Version: 5.0-1
Check: installed package size
Result: NOTE
     installed size is 6.5Mb
     sub-directories of 1Mb or more:
     ex-data 5.4Mb
Flavors: r-devel-linux-x86_64-debian-gcc, r-devel-linux-x86_64-fedora-clang, r-devel-linux-x86_64-fedora-gcc, r-devel-osx-x86_64-clang, r-patched-linux-x86_64, r-release-linux-x86_64, r-release-osx-x86_64-mavericks

Version: 5.0-1
Check: S3 generic/method consistency
Result: NOTE
    Found the following apparent S3 methods exported but not registered:
     get.data.imputed.for.country get.nr.countries.est
    See section ‘Registering S3 methods’ in the ‘Writing R Extensions’
    manual.
Flavors: r-devel-linux-x86_64-debian-gcc, r-devel-linux-x86_64-fedora-clang, r-devel-linux-x86_64-fedora-gcc, r-devel-osx-x86_64-clang, r-patched-linux-x86_64, r-patched-solaris-sparc, r-patched-solaris-x86, r-release-linux-x86_64