CRAN Package Check Results for Package bayesTFR

Last updated on 2015-08-31 08:46:40.

Flavor Version Tinstall Tcheck Ttotal Status Flags
r-devel-linux-x86_64-debian-clang 4.2-0 4.11 36.91 41.02 NOTE
r-devel-linux-x86_64-debian-gcc 4.2-0 2.52 35.56 38.08 NOTE
r-devel-linux-x86_64-fedora-clang 4.2-0 71.26 NOTE
r-devel-linux-x86_64-fedora-gcc 4.2-0 67.61 NOTE
r-devel-osx-x86_64-clang 4.2-0 61.35 NOTE
r-devel-windows-ix86+x86_64 4.2-0 42.00 75.00 117.00 OK
r-patched-linux-x86_64 4.2-0 3.40 36.96 40.36 NOTE
r-patched-solaris-sparc 4.2-0 458.70 NOTE
r-patched-solaris-x86 4.2-0 94.50 NOTE
r-release-linux-x86_64 4.2-0 2.94 37.22 40.15 NOTE
r-release-osx-x86_64-mavericks 4.2-0 NOTE
r-release-windows-ix86+x86_64 4.2-0 26.00 75.00 101.00 NOTE
r-oldrel-windows-ix86+x86_64 4.2-0 37.00 91.00 128.00 NOTE

Check Details

Version: 4.2-0
Check: installed package size
Result: NOTE
     installed size is 6.5Mb
     sub-directories of 1Mb or more:
     ex-data 5.5Mb
Flavors: r-devel-linux-x86_64-debian-clang, r-devel-linux-x86_64-debian-gcc, r-devel-linux-x86_64-fedora-clang, r-devel-linux-x86_64-fedora-gcc, r-devel-osx-x86_64-clang, r-patched-linux-x86_64, r-release-linux-x86_64, r-release-osx-x86_64-mavericks, r-release-windows-ix86+x86_64, r-oldrel-windows-ix86+x86_64

Version: 4.2-0
Check: S3 generic/method consistency
Result: NOTE
    Found the following apparent S3 methods exported but not registered:
     get.data.imputed.for.country get.nr.countries.est
    See section ‘Registering S3 methods’ in the ‘Writing R Extensions’
    manual.
Flavors: r-devel-linux-x86_64-debian-clang, r-devel-linux-x86_64-debian-gcc, r-devel-linux-x86_64-fedora-clang, r-devel-linux-x86_64-fedora-gcc, r-devel-osx-x86_64-clang, r-patched-linux-x86_64, r-patched-solaris-sparc, r-patched-solaris-x86, r-release-linux-x86_64