CRAN Package Check Results for Package bayesTFR

Last updated on 2018-06-18 10:48:32 CEST.

Flavor Version Tinstall Tcheck Ttotal Status Flags
r-devel-linux-x86_64-debian-clang 6.1-2 10.23 63.04 73.27 OK
r-devel-linux-x86_64-debian-gcc 6.1-2 8.32 54.89 63.21 OK
r-devel-linux-x86_64-fedora-clang 6.1-2 95.34 NOTE
r-devel-linux-x86_64-fedora-gcc 6.1-2 91.10 OK
r-devel-windows-ix86+x86_64 6.1-2 38.00 109.00 147.00 OK
r-patched-linux-x86_64 6.1-2 10.43 70.46 80.89 OK
r-patched-solaris-x86 6.1-2 118.90 OK
r-release-linux-x86_64 6.1-2 11.80 68.39 80.19 OK
r-release-windows-ix86+x86_64 6.1-2 39.00 107.00 146.00 OK
r-release-osx-x86_64 6.1-2 NOTE
r-oldrel-windows-ix86+x86_64 6.1-2 16.00 142.00 158.00 OK
r-oldrel-osx-x86_64 6.1-2 NOTE

Check Details

Version: 6.1-2
Check: installed package size
Result: NOTE
     installed size is 6.1Mb
     sub-directories of 1Mb or more:
     ex-data 4.7Mb
Flavors: r-devel-linux-x86_64-fedora-clang, r-release-osx-x86_64, r-oldrel-osx-x86_64