CRAN Package Check Results for Package bayesTFR

Last updated on 2018-02-17 21:49:12 CET.

Flavor Version Tinstall Tcheck Ttotal Status Flags
r-devel-linux-x86_64-debian-clang 6.1-2 12.91 67.92 80.83 OK
r-devel-linux-x86_64-debian-gcc 6.1-2 11.39 52.01 63.40 OK
r-devel-linux-x86_64-fedora-clang 6.1-2 94.73 NOTE
r-devel-linux-x86_64-fedora-gcc 6.1-2 91.85 NOTE
r-devel-windows-ix86+x86_64 6.1-2 27.00 100.00 127.00 OK
r-patched-linux-x86_64 6.1-2 4.13 74.37 78.50 OK
r-patched-solaris-x86 6.1-2 105.00 OK
r-release-linux-x86_64 6.1-2 4.55 76.83 81.38 OK
r-release-windows-ix86+x86_64 6.1-2 29.00 111.00 140.00 OK
r-release-osx-x86_64 6.1-2 NOTE
r-oldrel-windows-ix86+x86_64 6.1-2 18.00 118.00 136.00 OK
r-oldrel-osx-x86_64 6.1-1 NOTE

Check Details

Version: 6.1-2
Check: installed package size
Result: NOTE
     installed size is 6.1Mb
     sub-directories of 1Mb or more:
     ex-data 4.7Mb
Flavors: r-devel-linux-x86_64-fedora-clang, r-devel-linux-x86_64-fedora-gcc, r-release-osx-x86_64

Version: 6.1-1
Check: installed package size
Result: NOTE
     installed size is 5.7Mb
     sub-directories of 1Mb or more:
     ex-data 4.6Mb
Flavor: r-oldrel-osx-x86_64