CRAN Package Check Results for Package bayesTFR

Last updated on 2016-07-27 06:47:49.

Flavor Version Tinstall Tcheck Ttotal Status Flags
r-devel-linux-x86_64-debian-clang 5.0-2 3.76 47.41 51.16 NOTE
r-devel-linux-x86_64-debian-gcc 5.0-2 3.11 46.38 49.49 NOTE
r-devel-linux-x86_64-fedora-clang 5.0-2 70.15 NOTE
r-devel-linux-x86_64-fedora-gcc 5.0-2 66.04 NOTE
r-devel-osx-x86_64-clang 5.0-2 61.67 NOTE
r-devel-windows-ix86+x86_64 5.0-2 29.00 83.00 112.00 OK
r-patched-linux-x86_64 5.0-2 3.98 46.08 50.06 NOTE
r-patched-solaris-sparc 5.0-2 456.90 NOTE
r-patched-solaris-x86 5.0-2 85.90 NOTE
r-release-linux-x86_64 5.0-2 3.82 47.41 51.22 NOTE
r-release-osx-x86_64-mavericks 5.0-2 NOTE
r-release-windows-ix86+x86_64 5.0-2 40.00 85.00 125.00 OK
r-oldrel-windows-ix86+x86_64 5.0-2 32.00 86.00 118.00 OK

Check Details

Version: 5.0-2
Check: installed package size
Result: NOTE
     installed size is 6.5Mb
     sub-directories of 1Mb or more:
     ex-data 5.4Mb
Flavors: r-devel-linux-x86_64-debian-clang, r-devel-linux-x86_64-debian-gcc, r-devel-linux-x86_64-fedora-clang, r-devel-linux-x86_64-fedora-gcc, r-devel-osx-x86_64-clang, r-patched-linux-x86_64, r-release-linux-x86_64, r-release-osx-x86_64-mavericks

Version: 5.0-2
Check: S3 generic/method consistency
Result: NOTE
    Found the following apparent S3 methods exported but not registered:
     get.data.imputed.for.country get.nr.countries.est
    See section ‘Registering S3 methods’ in the ‘Writing R Extensions’
    manual.
Flavors: r-devel-linux-x86_64-debian-clang, r-devel-linux-x86_64-debian-gcc, r-devel-linux-x86_64-fedora-clang, r-devel-linux-x86_64-fedora-gcc, r-devel-osx-x86_64-clang, r-patched-linux-x86_64, r-patched-solaris-sparc, r-patched-solaris-x86, r-release-linux-x86_64