CRAN Package Check Results for Package bayesTFR

Last updated on 2014-12-21 19:48:33.

Flavor Version Tinstall Tcheck Ttotal Status Flags
r-devel-linux-x86_64-debian-clang 4.0-11 2.85 39.20 42.05 NOTE
r-devel-linux-x86_64-debian-gcc 4.0-11 2.92 36.83 39.76 NOTE
r-devel-linux-x86_64-fedora-clang 4.0-11 78.03 NOTE
r-devel-linux-x86_64-fedora-gcc 4.0-11 69.89 NOTE
r-devel-osx-x86_64-clang 4.0-11 72.67 NOTE
r-devel-windows-ix86+x86_64 4.0-11 23.00 69.00 92.00 NOTE
r-patched-linux-x86_64 4.0-11 2.93 39.14 42.07 NOTE
r-patched-solaris-sparc 4.0-11 467.60 OK
r-patched-solaris-x86 4.0-11 98.20 OK
r-release-linux-ix86 4.0-11 3.99 48.77 52.76 NOTE
r-release-linux-x86_64 4.0-11 3.00 38.84 41.85 NOTE
r-release-osx-x86_64-mavericks 4.0-11 NOTE
r-release-osx-x86_64-snowleopard 4.0-11 NOTE
r-release-windows-ix86+x86_64 4.0-11 19.00 79.00 98.00 NOTE
r-oldrel-windows-ix86+x86_64 4.0-11 19.00 80.00 99.00 NOTE

Check Details

Version: 4.0-11
Check: installed package size
Result: NOTE
     installed size is 6.5Mb
     sub-directories of 1Mb or more:
     ex-data 5.5Mb
Flavors: r-devel-linux-x86_64-debian-clang, r-devel-linux-x86_64-debian-gcc, r-devel-linux-x86_64-fedora-clang, r-devel-linux-x86_64-fedora-gcc, r-devel-osx-x86_64-clang, r-devel-windows-ix86+x86_64, r-patched-linux-x86_64, r-release-linux-ix86, r-release-linux-x86_64, r-release-osx-x86_64-mavericks, r-release-osx-x86_64-snowleopard, r-release-windows-ix86+x86_64, r-oldrel-windows-ix86+x86_64

Version: 4.0-11
Check: package dependencies
Result: NOTE
    Package suggested but not available for checking: ‘rgdal’
Flavor: r-release-osx-x86_64-mavericks