CRAN Package Check Results for Package bayesTFR

Last updated on 2016-12-06 03:46:59.

Flavor Version Tinstall Tcheck Ttotal Status Flags
r-devel-linux-x86_64-debian-clang 5.0-4 3.00 44.76 47.76 OK
r-devel-linux-x86_64-debian-gcc 5.0-4 3.00 43.35 46.35 OK
r-devel-linux-x86_64-fedora-clang 5.0-4 82.57 NOTE --no-stop-on-test-error
r-devel-linux-x86_64-fedora-gcc 5.0-4 77.41 NOTE --no-stop-on-test-error
r-devel-macos-x86_64-clang 5.0-4 65.66 NOTE
r-devel-windows-ix86+x86_64 5.0-4 22.00 84.00 106.00 OK
r-patched-linux-x86_64 5.0-4 2.92 40.67 43.59 OK
r-patched-solaris-sparc 5.0-4 459.50 OK
r-patched-solaris-x86 5.0-4 87.90 OK
r-release-linux-x86_64 5.0-4 2.84 40.52 43.36 OK
r-release-osx-x86_64-mavericks 5.0-4 NOTE
r-release-windows-ix86+x86_64 5.0-4 36.00 89.00 125.00 OK
r-oldrel-windows-ix86+x86_64 5.0-4 29.00 89.00 118.00 OK

Check Details

Version: 5.0-4
Flags: --no-stop-on-test-error
Check: installed package size
Result: NOTE
     installed size is 6.5Mb
     sub-directories of 1Mb or more:
     ex-data 5.4Mb
Flavors: r-devel-linux-x86_64-fedora-clang, r-devel-linux-x86_64-fedora-gcc

Version: 5.0-4
Check: installed package size
Result: NOTE
     installed size is 6.4Mb
     sub-directories of 1Mb or more:
     ex-data 5.4Mb
Flavors: r-devel-macos-x86_64-clang, r-release-osx-x86_64-mavericks