CRAN Package Check Results for Package bayesTFR

Last updated on 2017-04-24 18:47:05.

Flavor Version Tinstall Tcheck Ttotal Status Flags
r-devel-linux-x86_64-debian-clang 6.0-0 3.08 46.97 50.04 OK
r-devel-linux-x86_64-debian-gcc 6.0-0 3.02 45.92 48.94 OK
r-devel-linux-x86_64-fedora-clang 6.0-0 85.94 NOTE --no-stop-on-test-error
r-devel-linux-x86_64-fedora-gcc 6.0-0 81.64 NOTE --no-stop-on-test-error
r-devel-windows-ix86+x86_64 6.0-0 OK
r-patched-linux-x86_64 6.0-0 2.98 46.27 49.25 OK
r-patched-solaris-sparc 6.0-0 494.30 OK
r-patched-solaris-x86 6.0-0 101.70 OK
r-release-linux-x86_64 6.0-0 2.75 45.83 48.58 OK
r-release-windows-ix86+x86_64 6.0-0 21.00 97.00 118.00 OK
r-release-osx-x86_64 6.0-0 NOTE
r-oldrel-windows-ix86+x86_64 6.0-0 20.00 96.00 116.00 OK
r-oldrel-osx-x86_64 6.0-0 NOTE

Check Details

Version: 6.0-0
Flags: --no-stop-on-test-error
Check: installed package size
Result: NOTE
     installed size is 5.8Mb
     sub-directories of 1Mb or more:
     ex-data 4.7Mb
Flavors: r-devel-linux-x86_64-fedora-clang, r-devel-linux-x86_64-fedora-gcc

Version: 6.0-0
Check: package dependencies
Result: NOTE
    Package suggested but not available for checking: ‘rgdal’
Flavor: r-release-osx-x86_64

Version: 6.0-0
Check: installed package size
Result: NOTE
     installed size is 5.7Mb
     sub-directories of 1Mb or more:
     ex-data 4.6Mb
Flavors: r-release-osx-x86_64, r-oldrel-osx-x86_64