CRAN Package Check Results for Package bayesTFR

Last updated on 2016-06-24 21:46:53.

Flavor Version Tinstall Tcheck Ttotal Status Flags
r-devel-linux-x86_64-debian-gcc 5.0-2 2.74 42.43 45.17 NOTE
r-devel-linux-x86_64-fedora-clang 5.0-2 71.46 NOTE
r-devel-linux-x86_64-fedora-gcc 5.0-2 67.58 NOTE
r-devel-osx-x86_64-clang 5.0-2 62.35 NOTE
r-devel-windows-ix86+x86_64 5.0-2 55.00 85.00 140.00 OK
r-patched-linux-x86_64 5.0-2 3.01 40.59 43.60 NOTE
r-patched-solaris-sparc 5.0-2 456.90 NOTE
r-patched-solaris-x86 5.0-2 88.00 NOTE
r-release-linux-x86_64 5.0-2 3.15 41.22 44.37 NOTE
r-release-osx-x86_64-mavericks 5.0-2 NOTE
r-release-windows-ix86+x86_64 5.0-2 44.00 104.00 148.00 OK
r-oldrel-windows-ix86+x86_64 5.0-2 66.00 84.00 150.00 OK

Check Details

Version: 5.0-2
Check: installed package size
Result: NOTE
     installed size is 6.5Mb
     sub-directories of 1Mb or more:
     ex-data 5.4Mb
Flavors: r-devel-linux-x86_64-debian-gcc, r-devel-linux-x86_64-fedora-clang, r-devel-linux-x86_64-fedora-gcc, r-devel-osx-x86_64-clang, r-patched-linux-x86_64, r-release-linux-x86_64, r-release-osx-x86_64-mavericks

Version: 5.0-2
Check: S3 generic/method consistency
Result: NOTE
    Found the following apparent S3 methods exported but not registered:
     get.data.imputed.for.country get.nr.countries.est
    See section ‘Registering S3 methods’ in the ‘Writing R Extensions’
    manual.
Flavors: r-devel-linux-x86_64-debian-gcc, r-devel-linux-x86_64-fedora-clang, r-devel-linux-x86_64-fedora-gcc, r-devel-osx-x86_64-clang, r-patched-linux-x86_64, r-patched-solaris-sparc, r-patched-solaris-x86, r-release-linux-x86_64