CRAN Package Check Results for Package bayesTFR

Last updated on 2014-11-22 03:49:24.

Flavor Version Tinstall Tcheck Ttotal Status Flags
r-devel-linux-x86_64-debian-clang 4.0-9 2.93 37.62 40.56 NOTE
r-devel-linux-x86_64-debian-gcc 4.0-9 2.70 38.08 40.78 NOTE
r-devel-linux-x86_64-fedora-clang 4.0-9 76.68 NOTE
r-devel-linux-x86_64-fedora-gcc 4.0-11 61.57 NOTE
r-devel-osx-x86_64-clang 4.0-11 72.70 NOTE
r-devel-windows-ix86+x86_64 4.0-9 15.00 90.00 105.00 NOTE
r-patched-linux-x86_64 4.0-9 3.03 39.21 42.24 NOTE
r-patched-solaris-sparc 4.0-9 427.60 OK
r-patched-solaris-x86 4.0-9 97.20 OK
r-release-linux-ix86 4.0-9 4.01 48.92 52.93 NOTE
r-release-linux-x86_64 4.0-9 3.07 39.00 42.06 NOTE
r-release-osx-x86_64-mavericks 4.0-9 NOTE
r-release-osx-x86_64-snowleopard 4.0-9 NOTE
r-release-windows-ix86+x86_64 4.0-9 16.00 75.00 91.00 NOTE
r-oldrel-windows-ix86+x86_64 4.0-9 12.00 73.00 85.00 NOTE

Check Details

Version: 4.0-9
Check: installed package size
Result: NOTE
     installed size is 6.5Mb
     sub-directories of 1Mb or more:
     ex-data 5.5Mb
Flavors: r-devel-linux-x86_64-debian-clang, r-devel-linux-x86_64-debian-gcc, r-devel-linux-x86_64-fedora-clang, r-devel-windows-ix86+x86_64, r-patched-linux-x86_64, r-release-linux-ix86, r-release-linux-x86_64, r-release-osx-x86_64-mavericks, r-release-osx-x86_64-snowleopard, r-release-windows-ix86+x86_64, r-oldrel-windows-ix86+x86_64

Version: 4.0-11
Check: installed package size
Result: NOTE
     installed size is 6.5Mb
     sub-directories of 1Mb or more:
     ex-data 5.5Mb
Flavors: r-devel-linux-x86_64-fedora-gcc, r-devel-osx-x86_64-clang

Version: 4.0-9
Check: package dependencies
Result: NOTE
    Package suggested but not available for checking: ‘rgdal’
Flavor: r-release-osx-x86_64-mavericks