CRAN Package Check Results for Package bayesTFR

Last updated on 2015-04-27 21:46:26.

Flavor Version Tinstall Tcheck Ttotal Status Flags
r-devel-linux-x86_64-debian-clang 4.1-2 2.54 35.14 37.69 NOTE
r-devel-linux-x86_64-debian-gcc 4.1-2 2.42 34.46 36.88 NOTE
r-devel-linux-x86_64-fedora-clang 4.1-2 71.11 NOTE
r-devel-linux-x86_64-fedora-gcc 4.1-2 63.31 NOTE
r-devel-osx-x86_64-clang 4.1-2 65.69 NOTE
r-devel-windows-ix86+x86_64 4.1-2 26.00 69.00 95.00 NOTE
r-patched-linux-x86_64 4.1-2 2.73 36.49 39.22 NOTE
r-patched-solaris-sparc 4.1-2 484.50 OK
r-patched-solaris-x86 4.1-2 85.20 NOTE
r-release-linux-x86_64 4.1-2 2.44 35.00 37.44 NOTE
r-release-osx-x86_64-mavericks 4.1-2 NOTE
r-release-osx-x86_64-snowleopard 4.1-2 NOTE
r-release-windows-ix86+x86_64 4.1-2 47.00 83.00 130.00 OK
r-oldrel-windows-ix86+x86_64 4.1-2 11.00 69.00 80.00 NOTE

Check Details

Version: 4.1-2
Check: installed package size
Result: NOTE
     installed size is 6.5Mb
     sub-directories of 1Mb or more:
     ex-data 5.5Mb
Flavors: r-devel-linux-x86_64-debian-clang, r-devel-linux-x86_64-debian-gcc, r-devel-linux-x86_64-fedora-clang, r-devel-linux-x86_64-fedora-gcc, r-devel-osx-x86_64-clang, r-devel-windows-ix86+x86_64, r-release-linux-x86_64, r-release-osx-x86_64-mavericks, r-release-osx-x86_64-snowleopard, r-oldrel-windows-ix86+x86_64

Version: 4.1-2
Check: S3 generic/method consistency
Result: NOTE
    Found the following apparent S3 methods exported but not registered:
     get.data.imputed.for.country get.nr.countries.est
    See section ‘Registering S3 methods’ in the ‘Writing R Extensions’
    manual.
Flavors: r-devel-linux-x86_64-debian-clang, r-devel-linux-x86_64-debian-gcc, r-devel-linux-x86_64-fedora-clang, r-devel-linux-x86_64-fedora-gcc, r-devel-osx-x86_64-clang, r-patched-solaris-x86, r-release-linux-x86_64

Version: 4.1-2
Check: package dependencies
Result: NOTE
    Package suggested but not available for checking: ‘rgdal’
Flavor: r-release-osx-x86_64-mavericks

Version: 4.1-2
Check: package dependencies
Result: NOTE
    Package suggested but not available for checking: ‘rworldmap’
Flavor: r-release-osx-x86_64-snowleopard

Version: 4.1-2
Check: Rd cross-references
Result: NOTE
    Package unavailable to check Rd xrefs: ‘rworldmap’
Flavor: r-release-osx-x86_64-snowleopard