CRAN Package Check Results for Package bayesTFR

Last updated on 2015-02-26 23:47:37.

Flavor Version Tinstall Tcheck Ttotal Status Flags
r-devel-linux-x86_64-debian-clang 4.1-2 2.67 36.55 39.22 NOTE
r-devel-linux-x86_64-debian-gcc 4.1-2 2.58 34.53 37.11 NOTE
r-devel-linux-x86_64-fedora-clang 4.1-2 69.19 NOTE
r-devel-linux-x86_64-fedora-gcc 4.1-2 64.12 NOTE
r-devel-osx-x86_64-clang 4.1-2 69.36 NOTE
r-devel-windows-ix86+x86_64 4.1-2 28.00 62.00 90.00 NOTE
r-patched-linux-x86_64 4.1-2 3.72 39.66 43.38 NOTE
r-patched-solaris-sparc 4.1-2 434.80 OK
r-patched-solaris-x86 4.1-2 99.10 OK
r-release-linux-ix86 4.1-2 3.94 51.35 55.29 NOTE
r-release-linux-x86_64 4.1-2 3.02 40.28 43.30 NOTE
r-release-osx-x86_64-mavericks 4.1-2 NOTE
r-release-osx-x86_64-snowleopard 4.1-2 NOTE
r-release-windows-ix86+x86_64 4.1-2 20.00 71.00 91.00 NOTE
r-oldrel-windows-ix86+x86_64 4.1-2 16.00 73.00 89.00 NOTE

Check Details

Version: 4.1-2
Check: installed package size
Result: NOTE
     installed size is 6.5Mb
     sub-directories of 1Mb or more:
     ex-data 5.5Mb
Flavors: r-devel-linux-x86_64-debian-clang, r-devel-linux-x86_64-debian-gcc, r-devel-linux-x86_64-fedora-clang, r-devel-linux-x86_64-fedora-gcc, r-devel-osx-x86_64-clang, r-devel-windows-ix86+x86_64, r-patched-linux-x86_64, r-release-linux-ix86, r-release-linux-x86_64, r-release-osx-x86_64-mavericks, r-release-osx-x86_64-snowleopard, r-release-windows-ix86+x86_64, r-oldrel-windows-ix86+x86_64

Version: 4.1-2
Check: S3 generic/method consistency
Result: NOTE
    Found the following apparent S3 methods exported but not registered:
     get.data.imputed.for.country get.nr.countries.est
    See section ‘Registering S3 methods’ in the ‘Writing R Extensions’
    manual.
Flavors: r-devel-linux-x86_64-debian-clang, r-devel-linux-x86_64-debian-gcc, r-devel-linux-x86_64-fedora-clang, r-devel-linux-x86_64-fedora-gcc, r-devel-osx-x86_64-clang

Version: 4.1-2
Check: package dependencies
Result: NOTE
    Package suggested but not available for checking: ‘rgdal’
Flavor: r-release-osx-x86_64-mavericks