CRAN Package Check Results for Package bayesTFR

Last updated on 2015-07-28 09:46:52.

Flavor Version Tinstall Tcheck Ttotal Status Flags
r-devel-linux-x86_64-debian-clang 4.2-0 2.64 38.60 41.24 NOTE
r-devel-linux-x86_64-debian-gcc 4.2-0 2.42 39.46 41.88 NOTE
r-devel-linux-x86_64-fedora-clang 4.2-0 72.61 NOTE
r-devel-linux-x86_64-fedora-gcc 4.2-0 67.54 NOTE
r-devel-osx-x86_64-clang 4.2-0 66.45 NOTE
r-devel-windows-ix86+x86_64 4.2-0 23.00 68.00 91.00 NOTE
r-patched-linux-x86_64 4.2-0 2.57 37.52 40.09 NOTE
r-patched-solaris-sparc 4.2-0 458.70 NOTE
r-patched-solaris-x86 4.2-0 91.70 NOTE
r-release-linux-x86_64 4.2-0 2.58 39.17 41.75 NOTE
r-release-osx-x86_64-mavericks 4.2-0 NOTE
r-release-windows-ix86+x86_64 4.2-0 38.00 69.00 107.00 NOTE
r-oldrel-windows-ix86+x86_64 4.2-0 43.00 83.00 126.00 NOTE

Check Details

Version: 4.2-0
Check: installed package size
Result: NOTE
     installed size is 6.5Mb
     sub-directories of 1Mb or more:
     ex-data 5.5Mb
Flavors: r-devel-linux-x86_64-debian-clang, r-devel-linux-x86_64-debian-gcc, r-devel-linux-x86_64-fedora-clang, r-devel-linux-x86_64-fedora-gcc, r-devel-osx-x86_64-clang, r-devel-windows-ix86+x86_64, r-patched-linux-x86_64, r-release-linux-x86_64, r-release-osx-x86_64-mavericks, r-release-windows-ix86+x86_64, r-oldrel-windows-ix86+x86_64

Version: 4.2-0
Check: S3 generic/method consistency
Result: NOTE
    Found the following apparent S3 methods exported but not registered:
     get.data.imputed.for.country get.nr.countries.est
    See section ‘Registering S3 methods’ in the ‘Writing R Extensions’
    manual.
Flavors: r-devel-linux-x86_64-debian-clang, r-devel-linux-x86_64-debian-gcc, r-devel-linux-x86_64-fedora-clang, r-devel-linux-x86_64-fedora-gcc, r-devel-osx-x86_64-clang, r-patched-linux-x86_64, r-patched-solaris-sparc, r-patched-solaris-x86, r-release-linux-x86_64