CRAN Package Check Results for Package bayesTFR

Last updated on 2017-07-24 01:50:15.

Flavor Version Tinstall Tcheck Ttotal Status Flags
r-devel-linux-x86_64-debian-clang 6.0-0 2.91 57.12 60.03 OK
r-devel-linux-x86_64-debian-gcc 6.0-0 2.76 55.65 58.41 OK
r-devel-linux-x86_64-fedora-clang 6.0-0 85.74 NOTE
r-devel-linux-x86_64-fedora-gcc 6.0-0 85.04 NOTE
r-devel-windows-ix86+x86_64 6.0-0 34.00 139.00 173.00 OK
r-patched-linux-x86_64 6.0-0 2.89 57.14 60.03 OK
r-patched-solaris-x86 6.0-0 103.70 OK
r-release-linux-x86_64 6.0-0 2.76 57.28 60.04 OK
r-release-windows-ix86+x86_64 6.0-0 22.00 148.00 170.00 OK
r-release-osx-x86_64 6.0-0 NOTE
r-oldrel-windows-ix86+x86_64 6.0-0 29.00 120.00 149.00 OK
r-oldrel-osx-x86_64 6.0-0 NOTE

Check Details

Version: 6.0-0
Check: installed package size
Result: NOTE
     installed size is 5.8Mb
     sub-directories of 1Mb or more:
     ex-data 4.7Mb
Flavors: r-devel-linux-x86_64-fedora-clang, r-devel-linux-x86_64-fedora-gcc, r-release-osx-x86_64, r-oldrel-osx-x86_64

Version: 6.0-0
Check: package dependencies
Result: NOTE
    Package suggested but not available for checking: ‘rgdal’
Flavor: r-release-osx-x86_64