CRAN Package Check Results for Package bayesTFR

Last updated on 2019-06-20 05:48:17 CEST.

Flavor Version Tinstall Tcheck Ttotal Status Flags
r-devel-linux-x86_64-debian-clang 6.3-1 12.15 76.31 88.46 OK
r-devel-linux-x86_64-debian-gcc 6.3-1 11.88 59.11 70.99 OK
r-devel-linux-x86_64-fedora-clang 6.3-1 103.03 NOTE
r-devel-linux-x86_64-fedora-gcc 6.3-1 101.42 OK
r-devel-windows-ix86+x86_64 6.3-1 50.00 147.00 197.00 OK
r-patched-linux-x86_64 6.3-1 13.98 76.54 90.52 OK
r-patched-solaris-x86 6.3-1 143.00 OK
r-release-linux-x86_64 6.3-1 11.95 77.43 89.38 OK
r-release-windows-ix86+x86_64 6.3-1 27.00 101.00 128.00 OK
r-release-osx-x86_64 6.3-1 NOTE
r-oldrel-windows-ix86+x86_64 6.3-1 23.00 154.00 177.00 OK
r-oldrel-osx-x86_64 6.3-1 NOTE

Check Details

Version: 6.3-1
Check: installed package size
Result: NOTE
     installed size is 6.0Mb
     sub-directories of 1Mb or more:
     ex-data 4.7Mb
Flavors: r-devel-linux-x86_64-fedora-clang, r-release-osx-x86_64, r-oldrel-osx-x86_64