CRAN Package Check Results for Package bayesTFR

Last updated on 2014-10-20 11:48:26.

Flavor Version Tinstall Tcheck Ttotal Status Flags
r-devel-linux-x86_64-debian-clang 4.0-5 3.34 36.22 39.55 NOTE
r-devel-linux-x86_64-debian-gcc 4.0-5 2.77 35.94 38.71 NOTE
r-devel-linux-x86_64-fedora-clang 4.0-5 73.08 NOTE
r-devel-linux-x86_64-fedora-gcc 4.0-5 71.86 NOTE
r-devel-osx-x86_64-clang 4.0-5 71.13 NOTE
r-devel-windows-ix86+x86_64 4.0-5 15.00 63.00 78.00 NOTE
r-patched-linux-x86_64 4.0-5 3.12 38.71 41.83 NOTE
r-patched-solaris-sparc 4.0-5 444.90 NOTE
r-patched-solaris-x86 4.0-5 96.90 NOTE
r-release-linux-ix86 4.0-5 4.02 55.29 59.31 NOTE
r-release-linux-x86_64 4.0-5 3.21 39.02 42.22 NOTE
r-release-osx-x86_64-mavericks 4.0-5 NOTE
r-release-osx-x86_64-snowleopard 4.0-5 NOTE
r-release-windows-ix86+x86_64 4.0-5 13.00 71.00 84.00 NOTE
r-oldrel-windows-ix86+x86_64 4.0-5 13.00 76.00 89.00 NOTE

Check Details

Version: 4.0-5
Check: installed package size
Result: NOTE
     installed size is 6.5Mb
     sub-directories of 1Mb or more:
     ex-data 5.5Mb
Flavors: r-devel-linux-x86_64-debian-clang, r-devel-linux-x86_64-debian-gcc, r-devel-linux-x86_64-fedora-clang, r-devel-linux-x86_64-fedora-gcc, r-devel-osx-x86_64-clang, r-devel-windows-ix86+x86_64, r-patched-linux-x86_64, r-release-linux-ix86, r-release-linux-x86_64, r-release-osx-x86_64-mavericks, r-release-osx-x86_64-snowleopard, r-release-windows-ix86+x86_64, r-oldrel-windows-ix86+x86_64

Version: 4.0-5
Check: R code for possible problems
Result: NOTE
    .do.gvis.bdem.map: no visible global function definition for
     ‘gvisGeoMap’
    .do.gvis.bdem.map: no visible global function definition for
     ‘gvisTable’
    bDem.performParallel: no visible global function definition for
     ‘performParallel’
    set.default.cltype: no visible global function definition for
     ‘getClusterOption’
    set.default.cltype: no visible global function definition for
     ‘setDefaultClusterOptions’
    tfr.map: no visible global function definition for ‘getMap’
    tfr.map: no visible global function definition for ‘spTransform’
    tfr.map: no visible global function definition for ‘CRS’
    tfr.map: no visible global function definition for ‘mapCountryData’
    tfr.map: no visible binding for global variable ‘addMapLegend’
Flavors: r-devel-linux-x86_64-debian-clang, r-devel-linux-x86_64-debian-gcc, r-devel-linux-x86_64-fedora-clang, r-devel-linux-x86_64-fedora-gcc, r-devel-osx-x86_64-clang, r-devel-windows-ix86+x86_64, r-patched-linux-x86_64, r-patched-solaris-sparc, r-patched-solaris-x86

Version: 4.0-5
Check: package dependencies
Result: NOTE
    Packages suggested but not available for checking: ‘rworldmap’ ‘rgdal’
Flavor: r-release-osx-x86_64-mavericks

Version: 4.0-5
Check: R code for possible problems
Result: NOTE
    tfr.map: no visible global function definition for ‘getMap’
    tfr.map: no visible global function definition for ‘mapCountryData’
    tfr.map: no visible binding for global variable ‘addMapLegend’
Flavor: r-release-osx-x86_64-mavericks

Version: 4.0-5
Check: Rd cross-references
Result: NOTE
    Package unavailable to check Rd xrefs: ‘rworldmap’
Flavor: r-release-osx-x86_64-mavericks