CRAN Package Check Results for Package bayesTFR

Last updated on 2017-03-24 23:55:32.

Flavor Version Tinstall Tcheck Ttotal Status Flags
r-devel-linux-x86_64-debian-clang 5.0-5 3.07 44.05 47.12 NOTE
r-devel-linux-x86_64-debian-gcc 5.0-5 2.99 42.88 45.87 NOTE
r-devel-linux-x86_64-fedora-clang 5.0-5 78.04 NOTE --no-stop-on-test-error
r-devel-linux-x86_64-fedora-gcc 5.0-5 75.86 NOTE --no-stop-on-test-error
r-devel-macos-x86_64-clang 5.0-5 63.75 NOTE --no-stop-on-test-error
r-devel-windows-ix86+x86_64 5.0-5 22.00 90.00 112.00 OK
r-patched-linux-x86_64 5.0-5 2.74 40.57 43.31 OK
r-patched-solaris-sparc 5.0-5 476.60 OK
r-patched-solaris-x86 5.0-5 95.10 OK
r-release-linux-x86_64 5.0-5 2.78 40.67 43.45 OK
r-release-osx-x86_64-mavericks 5.0-5 NOTE
r-release-windows-ix86+x86_64 5.0-5 29.00 106.00 135.00 OK
r-oldrel-windows-ix86+x86_64 5.0-5 28.00 86.00 114.00 OK

Check Details

Version: 5.0-5
Check: compiled code
Result: NOTE
    File ‘bayesTFR/libs/bayesTFR.so’:
     Found no calls to: ‘R_registerRoutines’, ‘R_useDynamicSymbols’
    
    It is good practice to register native routines and to disable symbol
    search.
    
    See ‘Writing portable packages’ in the ‘Writing R Extensions’ manual.
Flavors: r-devel-linux-x86_64-debian-clang, r-devel-linux-x86_64-debian-gcc

Version: 5.0-5
Flags: --no-stop-on-test-error
Check: installed package size
Result: NOTE
     installed size is 6.5Mb
     sub-directories of 1Mb or more:
     ex-data 5.4Mb
Flavors: r-devel-linux-x86_64-fedora-clang, r-devel-linux-x86_64-fedora-gcc, r-devel-macos-x86_64-clang

Version: 5.0-5
Flags: --no-stop-on-test-error
Check: compiled code
Result: NOTE
    File ‘bayesTFR/libs/bayesTFR.so’:
     Found no calls to: ‘R_registerRoutines’, ‘R_useDynamicSymbols’
    
    It is good practice to register native routines and to disable symbol
    search.
    
    See ‘Writing portable packages’ in the ‘Writing R Extensions’ manual.
Flavors: r-devel-linux-x86_64-fedora-clang, r-devel-linux-x86_64-fedora-gcc, r-devel-macos-x86_64-clang

Version: 5.0-5
Check: installed package size
Result: NOTE
     installed size is 6.4Mb
     sub-directories of 1Mb or more:
     ex-data 5.4Mb
Flavor: r-release-osx-x86_64-mavericks