CRAN Package Check Results for Package bayesTFR

Last updated on 2017-09-19 19:46:14.

Flavor Version Tinstall Tcheck Ttotal Status Flags
r-devel-linux-x86_64-debian-clang 6.1-1 3.05 47.00 50.05 OK
r-devel-linux-x86_64-debian-gcc 6.1-1 2.87 46.37 49.24 OK
r-devel-linux-x86_64-fedora-clang 6.1-1 87.42 NOTE
r-devel-linux-x86_64-fedora-gcc 6.1-1 84.74 NOTE
r-devel-windows-ix86+x86_64 6.1-1 19.00 103.00 122.00 OK
r-patched-linux-x86_64 6.1-1 2.98 46.89 49.87 OK
r-patched-solaris-x86 6.1-1 104.70 OK
r-release-linux-x86_64 6.1-1 2.89 47.34 50.23 OK
r-release-windows-ix86+x86_64 6.1-1 20.00 110.00 130.00 OK
r-release-osx-x86_64 6.1-1 NOTE
r-oldrel-windows-ix86+x86_64 6.1-1 17.00 91.00 108.00 OK
r-oldrel-osx-x86_64 6.1-1 NOTE

Check Details

Version: 6.1-1
Check: installed package size
Result: NOTE
     installed size is 5.8Mb
     sub-directories of 1Mb or more:
     ex-data 4.7Mb
Flavors: r-devel-linux-x86_64-fedora-clang, r-devel-linux-x86_64-fedora-gcc, r-release-osx-x86_64, r-oldrel-osx-x86_64