CRAN Package Check Results for Package bayesTFR

Last updated on 2014-08-22 23:47:34.

Flavor Version Tinstall Tcheck Ttotal Status Flags
r-devel-linux-x86_64-debian-clang 4.0-5 3.04 36.32 39.36 NOTE
r-devel-linux-x86_64-debian-gcc 4.0-5 3.17 37.83 41.00 NOTE
r-devel-linux-x86_64-fedora-clang 4.0-5 74.51 NOTE
r-devel-linux-x86_64-fedora-gcc 4.0-5 68.91 NOTE
r-devel-osx-x86_64-clang 4.0-5 66.90 NOTE
r-devel-windows-ix86+x86_64 4.0-5 17.00 73.00 90.00 NOTE
r-patched-linux-x86_64 4.0-5 3.08 38.25 41.34 NOTE
r-patched-solaris-sparc 4.0-5 462.40 OK
r-patched-solaris-x86 4.0-5 99.10 OK
r-release-linux-ix86 4.0-5 4.00 50.85 54.84 NOTE
r-release-linux-x86_64 4.0-5 3.39 38.40 41.79 NOTE
r-release-osx-x86_64-mavericks 4.0-5 NOTE
r-release-osx-x86_64-snowleopard 4.0-5 NOTE
r-release-windows-ix86+x86_64 4.0-5 11.00 66.00 77.00 NOTE
r-oldrel-windows-ix86+x86_64 4.0-5 12.00 72.00 84.00 NOTE

Check Details

Version: 4.0-5
Check: installed package size
Result: NOTE
     installed size is 6.5Mb
     sub-directories of 1Mb or more:
     ex-data 5.5Mb
Flavors: r-devel-linux-x86_64-debian-clang, r-devel-linux-x86_64-debian-gcc, r-devel-linux-x86_64-fedora-clang, r-devel-linux-x86_64-fedora-gcc, r-devel-osx-x86_64-clang, r-devel-windows-ix86+x86_64, r-patched-linux-x86_64, r-release-linux-ix86, r-release-linux-x86_64, r-release-osx-x86_64-mavericks, r-release-osx-x86_64-snowleopard, r-release-windows-ix86+x86_64, r-oldrel-windows-ix86+x86_64

Version: 4.0-5
Check: R code for possible problems
Result: NOTE
    .do.gvis.bdem.map: no visible global function definition for
     ‘gvisGeoMap’
    .do.gvis.bdem.map: no visible global function definition for
     ‘gvisTable’
    bDem.performParallel: no visible global function definition for
     ‘performParallel’
    set.default.cltype: no visible global function definition for
     ‘getClusterOption’
    set.default.cltype: no visible global function definition for
     ‘setDefaultClusterOptions’
    tfr.map: no visible global function definition for ‘getMap’
    tfr.map: no visible global function definition for ‘spTransform’
    tfr.map: no visible global function definition for ‘CRS’
    tfr.map: no visible global function definition for ‘mapCountryData’
    tfr.map: no visible binding for global variable ‘addMapLegend’
Flavors: r-devel-linux-x86_64-debian-clang, r-devel-linux-x86_64-fedora-clang, r-devel-linux-x86_64-fedora-gcc, r-devel-osx-x86_64-clang, r-devel-windows-ix86+x86_64

Version: 4.0-5
Check: package dependencies
Result: NOTE
    Packages suggested but not available for checking: ‘rworldmap’ ‘rgdal’
Flavor: r-release-osx-x86_64-mavericks

Version: 4.0-5
Check: R code for possible problems
Result: NOTE
    tfr.map: no visible global function definition for ‘getMap’
    tfr.map: no visible global function definition for ‘mapCountryData’
    tfr.map: no visible binding for global variable ‘addMapLegend’
Flavor: r-release-osx-x86_64-mavericks

Version: 4.0-5
Check: Rd cross-references
Result: NOTE
    Package unavailable to check Rd xrefs: ‘rworldmap’
Flavor: r-release-osx-x86_64-mavericks