CRAN Package Check Results for Package bayesTFR

Last updated on 2015-05-25 18:46:50.

Flavor Version Tinstall Tcheck Ttotal Status Flags
r-devel-linux-x86_64-debian-clang 4.1-2 2.59 35.13 37.72 NOTE
r-devel-linux-x86_64-debian-gcc 4.1-2 2.60 34.08 36.68 NOTE
r-devel-linux-x86_64-fedora-clang 4.1-2 68.21 NOTE
r-devel-linux-x86_64-fedora-gcc 4.1-2 65.01 NOTE
r-devel-osx-x86_64-clang 4.1-2 66.40 NOTE
r-devel-windows-ix86+x86_64 4.1-2 20.00 60.00 80.00 NOTE
r-patched-linux-x86_64 4.1-2 2.53 34.54 37.07 NOTE
r-patched-solaris-sparc 4.1-2 431.00 NOTE
r-patched-solaris-x86 4.1-2 88.10 NOTE
r-release-linux-x86_64 4.1-2 2.54 36.00 38.55 NOTE
r-release-osx-x86_64-mavericks 4.1-2 NOTE
r-release-osx-x86_64-snowleopard 4.1-2 NOTE
r-release-windows-ix86+x86_64 4.1-2 24.00 59.00 83.00 NOTE
r-oldrel-windows-ix86+x86_64 4.1-2 19.00 68.00 87.00 NOTE

Check Details

Version: 4.1-2
Check: installed package size
Result: NOTE
     installed size is 6.5Mb
     sub-directories of 1Mb or more:
     ex-data 5.5Mb
Flavors: r-devel-linux-x86_64-debian-clang, r-devel-linux-x86_64-debian-gcc, r-devel-linux-x86_64-fedora-clang, r-devel-linux-x86_64-fedora-gcc, r-devel-osx-x86_64-clang, r-devel-windows-ix86+x86_64, r-patched-linux-x86_64, r-release-linux-x86_64, r-release-osx-x86_64-mavericks, r-release-osx-x86_64-snowleopard, r-release-windows-ix86+x86_64, r-oldrel-windows-ix86+x86_64

Version: 4.1-2
Check: S3 generic/method consistency
Result: NOTE
    Found the following apparent S3 methods exported but not registered:
     get.data.imputed.for.country get.nr.countries.est
    See section ‘Registering S3 methods’ in the ‘Writing R Extensions’
    manual.
Flavors: r-devel-linux-x86_64-debian-clang, r-devel-linux-x86_64-debian-gcc, r-devel-linux-x86_64-fedora-clang, r-devel-linux-x86_64-fedora-gcc, r-devel-osx-x86_64-clang, r-patched-linux-x86_64, r-patched-solaris-sparc, r-patched-solaris-x86, r-release-linux-x86_64

Version: 4.1-2
Check: package dependencies
Result: NOTE
    Package suggested but not available for checking: ‘rgdal’
Flavor: r-release-osx-x86_64-mavericks

Version: 4.1-2
Check: package dependencies
Result: NOTE
    Package suggested but not available for checking: ‘rworldmap’
Flavor: r-release-osx-x86_64-snowleopard

Version: 4.1-2
Check: Rd cross-references
Result: NOTE
    Package unavailable to check Rd xrefs: ‘rworldmap’
Flavor: r-release-osx-x86_64-snowleopard