CRAN Package Check Results for Package bayesTFR

Last updated on 2017-11-25 09:49:13 CET.

Flavor Version Tinstall Tcheck Ttotal Status Flags
r-devel-linux-x86_64-debian-clang 6.1-1 3.50 115.91 119.41 OK
r-devel-linux-x86_64-debian-gcc 6.1-1 5.44 100.06 105.50 OK
r-devel-linux-x86_64-fedora-clang 6.1-1 81.56 NOTE
r-devel-linux-x86_64-fedora-gcc 6.1-1 83.11 NOTE
r-devel-windows-ix86+x86_64 6.1-1 25.00 96.00 121.00 OK
r-patched-linux-x86_64 6.1-1 3.65 118.93 122.58 OK
r-patched-solaris-x86 6.1-1 106.50 OK
r-release-linux-x86_64 6.1-1 4.50 112.72 117.22 OK
r-release-windows-ix86+x86_64 6.1-1 19.00 103.00 122.00 OK
r-release-osx-x86_64 6.1-1 NOTE
r-oldrel-windows-ix86+x86_64 6.1-1 19.00 156.00 175.00 OK
r-oldrel-osx-x86_64 6.1-1 NOTE

Check Details

Version: 6.1-1
Check: installed package size
Result: NOTE
     installed size is 5.8Mb
     sub-directories of 1Mb or more:
     ex-data 4.7Mb
Flavors: r-devel-linux-x86_64-fedora-clang, r-devel-linux-x86_64-fedora-gcc, r-release-osx-x86_64, r-oldrel-osx-x86_64