CRAN Package Check Results for Package bayesTFR

Last updated on 2014-04-16 09:47:55.

Flavor Version Tinstall Tcheck Ttotal Status Flags
r-devel-linux-x86_64-debian-clang 4.0-5 3.40 40.20 43.60 NOTE
r-devel-linux-x86_64-debian-gcc 4.0-5 3.23 39.75 42.98 NOTE
r-devel-linux-x86_64-fedora-clang 4.0-5 81.68 NOTE
r-devel-linux-x86_64-fedora-gcc 4.0-5 75.65 NOTE
r-devel-macosx-x86_64-clang 4.0-5 72.46 NOTE
r-devel-macosx-x86_64-gcc 4.0-5 NOTE
r-devel-windows-ix86+x86_64 4.0-5 13.00 65.00 78.00 NOTE
r-patched-linux-x86_64 4.0-5 3.28 40.58 43.86 NOTE
r-patched-solaris-sparc 4.0-5 461.90 OK
r-patched-solaris-x86 4.0-5 99.50 OK
r-release-linux-ix86 4.0-5 8.00 69.00 77.00 NOTE
r-release-linux-x86_64 4.0-5 3.23 40.96 44.19 NOTE
r-release-macosx-x86_64 4.0-5 NOTE
r-release-windows-ix86+x86_64 4.0-5 12.00 70.00 82.00 NOTE
r-oldrel-windows-ix86+x86_64 4.0-5 12.00 72.00 84.00 NOTE

Check Details

Version: 4.0-5
Check: installed package size
Result: NOTE
     installed size is 6.5Mb
     sub-directories of 1Mb or more:
     ex-data 5.5Mb
Flavors: r-devel-linux-x86_64-debian-clang, r-devel-linux-x86_64-debian-gcc, r-devel-linux-x86_64-fedora-clang, r-devel-linux-x86_64-fedora-gcc, r-devel-macosx-x86_64-clang, r-devel-macosx-x86_64-gcc, r-devel-windows-ix86+x86_64, r-patched-linux-x86_64, r-release-linux-ix86, r-release-linux-x86_64, r-release-macosx-x86_64, r-release-windows-ix86+x86_64, r-oldrel-windows-ix86+x86_64

Version: 4.0-5
Check: package dependencies
Result: NOTE
    Package suggested but not available for checking: ‘rworldmap’
Flavor: r-devel-macosx-x86_64-gcc

Version: 4.0-5
Check: R code for possible problems
Result: NOTE
    tfr.map: no visible global function definition for ‘getMap’
    tfr.map: no visible global function definition for ‘mapCountryData’
    tfr.map: no visible binding for global variable ‘addMapLegend’
Flavor: r-devel-macosx-x86_64-gcc

Version: 4.0-5
Check: Rd cross-references
Result: NOTE
    Package unavailable to check Rd xrefs: ‘rworldmap’
Flavor: r-devel-macosx-x86_64-gcc