CRAN Package Check Results for Package bayesTFR

Last updated on 2016-02-10 02:48:59.

Flavor Version Tinstall Tcheck Ttotal Status Flags
r-devel-linux-x86_64-debian-gcc 5.0-0 3.01 37.70 40.71 NOTE
r-devel-linux-x86_64-fedora-clang 5.0-0 71.35 NOTE
r-devel-linux-x86_64-fedora-gcc 5.0-0 66.98 NOTE
r-devel-osx-x86_64-clang 5.0-0 80.06 NOTE
r-devel-windows-ix86+x86_64 5.0-0 35.00 111.00 146.00 OK
r-patched-linux-x86_64 5.0-0 2.90 39.75 42.65 NOTE
r-patched-solaris-sparc 5.0-0 455.60 NOTE
r-patched-solaris-x86 5.0-0 87.00 NOTE
r-release-linux-x86_64 5.0-0 2.82 39.55 42.37 NOTE
r-release-osx-x86_64-mavericks 5.0-0 NOTE
r-release-windows-ix86+x86_64 5.0-0 38.00 121.00 159.00 OK
r-oldrel-windows-ix86+x86_64 5.0-0 33.00 109.00 142.00 OK

Check Details

Version: 5.0-0
Check: installed package size
Result: NOTE
     installed size is 6.5Mb
     sub-directories of 1Mb or more:
     ex-data 5.4Mb
Flavors: r-devel-linux-x86_64-debian-gcc, r-devel-linux-x86_64-fedora-clang, r-devel-linux-x86_64-fedora-gcc, r-devel-osx-x86_64-clang, r-patched-linux-x86_64, r-release-linux-x86_64, r-release-osx-x86_64-mavericks

Version: 5.0-0
Check: S3 generic/method consistency
Result: NOTE
    Found the following apparent S3 methods exported but not registered:
     get.data.imputed.for.country get.nr.countries.est
    See section ‘Registering S3 methods’ in the ‘Writing R Extensions’
    manual.
Flavors: r-devel-linux-x86_64-debian-gcc, r-devel-linux-x86_64-fedora-clang, r-devel-linux-x86_64-fedora-gcc, r-devel-osx-x86_64-clang, r-patched-linux-x86_64, r-patched-solaris-sparc, r-patched-solaris-x86, r-release-linux-x86_64