CRAN Package Check Results for Package bayesTFR

Last updated on 2017-01-20 05:47:41.

Flavor Version Tinstall Tcheck Ttotal Status Flags
r-devel-linux-x86_64-debian-clang 5.0-5 3.01 42.70 45.71 OK
r-devel-linux-x86_64-debian-gcc 5.0-5 3.18 42.94 46.11 OK
r-devel-linux-x86_64-fedora-clang 5.0-5 75.76 NOTE --no-stop-on-test-error
r-devel-linux-x86_64-fedora-gcc 5.0-5 73.97 NOTE --no-stop-on-test-error
r-devel-macos-x86_64-clang 5.0-5 63.81 NOTE --no-stop-on-test-error
r-devel-windows-ix86+x86_64 5.0-5 49.00 89.00 138.00 OK
r-patched-linux-x86_64 5.0-5 2.98 39.59 42.57 OK
r-patched-solaris-sparc 5.0-5 448.80 OK
r-patched-solaris-x86 5.0-5 88.20 OK
r-release-linux-x86_64 5.0-5 2.84 39.87 42.71 OK
r-release-osx-x86_64-mavericks 5.0-5 NOTE
r-release-windows-ix86+x86_64 5.0-5 27.00 120.00 147.00 OK
r-oldrel-windows-ix86+x86_64 5.0-5 29.00 124.00 153.00 OK

Check Details

Version: 5.0-5
Flags: --no-stop-on-test-error
Check: installed package size
Result: NOTE
     installed size is 6.5Mb
     sub-directories of 1Mb or more:
     ex-data 5.4Mb
Flavors: r-devel-linux-x86_64-fedora-clang, r-devel-linux-x86_64-fedora-gcc, r-devel-macos-x86_64-clang

Version: 5.0-5
Check: installed package size
Result: NOTE
     installed size is 6.4Mb
     sub-directories of 1Mb or more:
     ex-data 5.4Mb
Flavor: r-release-osx-x86_64-mavericks