CRAN Package Check Results for Package bayesTFR

Last updated on 2017-05-30 02:46:26.

Flavor Version Tinstall Tcheck Ttotal Status Flags
r-devel-linux-x86_64-debian-clang 6.0-0 3.14 48.28 51.42 OK
r-devel-linux-x86_64-debian-gcc 6.0-0 2.84 46.12 48.96 OK
r-devel-linux-x86_64-fedora-clang 6.0-0 86.02 NOTE
r-devel-linux-x86_64-fedora-gcc 6.0-0 81.39 NOTE
r-devel-windows-ix86+x86_64 6.0-0 20.00 148.00 168.00 OK
r-patched-linux-x86_64 6.0-0 2.77 46.05 48.82 OK
r-patched-solaris-sparc 6.0-0 536.10 OK
r-patched-solaris-x86 6.0-0 98.10 OK
r-release-linux-x86_64 6.0-0 2.70 47.33 50.03 OK
r-release-windows-ix86+x86_64 6.0-0 33.00 142.00 175.00 OK
r-release-osx-x86_64 6.0-0 NOTE
r-oldrel-windows-ix86+x86_64 6.0-0 19.00 86.00 105.00 OK
r-oldrel-osx-x86_64 6.0-0 NOTE

Check Details

Version: 6.0-0
Check: installed package size
Result: NOTE
     installed size is 5.8Mb
     sub-directories of 1Mb or more:
     ex-data 4.7Mb
Flavors: r-devel-linux-x86_64-fedora-clang, r-devel-linux-x86_64-fedora-gcc, r-release-osx-x86_64, r-oldrel-osx-x86_64

Version: 6.0-0
Check: package dependencies
Result: NOTE
    Package suggested but not available for checking: ‘rgdal’
Flavor: r-release-osx-x86_64