CRAN Package Check Results for Package bayesTFR

Last updated on 2015-03-28 19:49:58.

Flavor Version Tinstall Tcheck Ttotal Status Flags
r-devel-linux-x86_64-debian-clang 4.1-2 2.97 36.46 39.43 NOTE
r-devel-linux-x86_64-debian-gcc 4.1-2 2.67 35.07 37.74 NOTE
r-devel-linux-x86_64-fedora-clang 4.1-2 68.69 NOTE
r-devel-linux-x86_64-fedora-gcc 4.1-2 64.33 NOTE
r-devel-osx-x86_64-clang 4.1-2 72.38 NOTE
r-prerel-windows-ix86+x86_64 4.1-2 20.00 84.00 104.00 NOTE
r-prerel-linux-x86_64 4.1-2 2.49 34.53 37.02 NOTE
r-prerel-solaris-sparc 4.1-2 484.50 OK
r-prerel-solaris-x86 4.1-2 86.00 OK
r-release-linux-x86_64 4.1-2 4.05 39.32 43.37 NOTE
r-release-osx-x86_64-mavericks 4.1-2 NOTE
r-release-osx-x86_64-snowleopard 4.1-2 NOTE
r-release-windows-ix86+x86_64 4.1-2 22.00 73.00 95.00 NOTE
r-oldrel-windows-ix86+x86_64 4.1-2 19.00 78.00 97.00 NOTE

Check Details

Version: 4.1-2
Check: installed package size
Result: NOTE
     installed size is 6.5Mb
     sub-directories of 1Mb or more:
     ex-data 5.5Mb
Flavors: r-devel-linux-x86_64-debian-clang, r-devel-linux-x86_64-debian-gcc, r-devel-linux-x86_64-fedora-clang, r-devel-linux-x86_64-fedora-gcc, r-devel-osx-x86_64-clang, r-prerel-windows-ix86+x86_64, r-prerel-linux-x86_64, r-release-linux-x86_64, r-release-osx-x86_64-mavericks, r-release-osx-x86_64-snowleopard, r-release-windows-ix86+x86_64, r-oldrel-windows-ix86+x86_64

Version: 4.1-2
Check: S3 generic/method consistency
Result: NOTE
    Found the following apparent S3 methods exported but not registered:
     get.data.imputed.for.country get.nr.countries.est
    See section ‘Registering S3 methods’ in the ‘Writing R Extensions’
    manual.
Flavors: r-devel-linux-x86_64-debian-clang, r-devel-linux-x86_64-debian-gcc, r-devel-linux-x86_64-fedora-clang, r-devel-linux-x86_64-fedora-gcc, r-devel-osx-x86_64-clang, r-prerel-linux-x86_64

Version: 4.1-2
Check: package dependencies
Result: NOTE
    Package suggested but not available for checking: ‘rgdal’
Flavor: r-release-osx-x86_64-mavericks