CRAN Package Check Results for Package bayesTFR

Last updated on 2015-01-29 16:48:20.

Flavor Version Tinstall Tcheck Ttotal Status Flags
r-devel-linux-x86_64-debian-clang 4.1-2 2.70 35.00 37.70 NOTE
r-devel-linux-x86_64-debian-gcc 4.1-2 2.60 35.50 38.10 NOTE
r-devel-linux-x86_64-fedora-clang 4.1-2 73.34 NOTE
r-devel-linux-x86_64-fedora-gcc 4.1-2 68.50 NOTE
r-devel-osx-x86_64-clang 4.1-2 73.42 NOTE
r-devel-windows-ix86+x86_64 4.1-2 32.00 61.00 93.00 NOTE
r-patched-linux-x86_64 4.1-2 3.48 39.86 43.34 NOTE
r-patched-solaris-sparc 4.1-2 434.80 OK
r-patched-solaris-x86 4.1-2 100.20 OK
r-release-linux-ix86 4.1-2 3.95 49.29 53.24 NOTE
r-release-linux-x86_64 4.1-2 3.26 38.95 42.21 NOTE
r-release-osx-x86_64-mavericks 4.1-2 NOTE
r-release-osx-x86_64-snowleopard 4.1-2 NOTE
r-release-windows-ix86+x86_64 4.1-2 19.00 80.00 99.00 NOTE
r-oldrel-windows-ix86+x86_64 4.1-2 17.00 84.00 101.00 NOTE

Check Details

Version: 4.1-2
Check: installed package size
Result: NOTE
     installed size is 6.5Mb
     sub-directories of 1Mb or more:
     ex-data 5.5Mb
Flavors: r-devel-linux-x86_64-debian-clang, r-devel-linux-x86_64-debian-gcc, r-devel-linux-x86_64-fedora-clang, r-devel-linux-x86_64-fedora-gcc, r-devel-osx-x86_64-clang, r-devel-windows-ix86+x86_64, r-patched-linux-x86_64, r-release-linux-ix86, r-release-linux-x86_64, r-release-osx-x86_64-mavericks, r-release-osx-x86_64-snowleopard, r-release-windows-ix86+x86_64, r-oldrel-windows-ix86+x86_64

Version: 4.1-2
Check: S3 generic/method consistency
Result: NOTE
    Found the following apparent S3 methods exported but not registered:
     get.data.imputed.for.country get.nr.countries.est
    See section ‘Registering S3 methods’ in the ‘Writing R Extensions’
    manual.
Flavors: r-devel-linux-x86_64-debian-clang, r-devel-linux-x86_64-debian-gcc, r-devel-linux-x86_64-fedora-clang, r-devel-linux-x86_64-fedora-gcc, r-devel-osx-x86_64-clang

Version: 4.1-2
Check: package dependencies
Result: NOTE
    Package suggested but not available for checking: ‘rgdal’
Flavor: r-release-osx-x86_64-mavericks