CRAN Package Check Results for Package bayesTFR

Last updated on 2018-09-24 11:59:44 CEST.

Flavor Version Tinstall Tcheck Ttotal Status Flags
r-devel-linux-x86_64-debian-clang 6.1-2 10.93 59.07 70.00 OK
r-devel-linux-x86_64-debian-gcc 6.1-2 9.92 47.60 57.52 OK
r-devel-linux-x86_64-fedora-clang 6.1-2 69.48 NOTE
r-devel-linux-x86_64-fedora-gcc 6.1-2 69.33 OK
r-devel-windows-ix86+x86_64 6.1-2 36.00 135.00 171.00 OK
r-patched-linux-x86_64 6.1-2 9.67 64.11 73.78 OK
r-patched-solaris-x86 6.1-2 117.10 OK
r-release-linux-x86_64 6.1-2 11.06 64.85 75.91 OK
r-release-windows-ix86+x86_64 6.1-2 44.00 143.00 187.00 OK
r-release-osx-x86_64 6.1-2 NOTE
r-oldrel-windows-ix86+x86_64 6.1-2 18.00 137.00 155.00 OK
r-oldrel-osx-x86_64 6.1-2 NOTE

Check Details

Version: 6.1-2
Check: installed package size
Result: NOTE
     installed size is 6.1Mb
     sub-directories of 1Mb or more:
     ex-data 4.7Mb
Flavors: r-devel-linux-x86_64-fedora-clang, r-release-osx-x86_64, r-oldrel-osx-x86_64