CRAN Package Check Results for Package bayesclust

Last updated on 2015-05-24 23:47:18.

Flavor Version Tinstall Tcheck Ttotal Status Flags
r-devel-linux-x86_64-debian-clang 3.1 0.91 29.10 30.01 NOTE
r-devel-linux-x86_64-debian-gcc 3.1 0.88 28.04 28.92 NOTE
r-devel-linux-x86_64-fedora-clang 3.1 56.69 NOTE
r-devel-linux-x86_64-fedora-gcc 3.1 53.22 NOTE
r-devel-osx-x86_64-clang 3.1 54.40 NOTE
r-devel-windows-ix86+x86_64 3.1 5.00 71.00 76.00 NOTE
r-patched-linux-x86_64 3.1 0.95 27.60 28.54 NOTE
r-patched-solaris-sparc 3.1 346.30 NOTE
r-patched-solaris-x86 3.1 66.00 NOTE
r-release-linux-x86_64 3.1 0.99 30.44 31.42 NOTE
r-release-osx-x86_64-mavericks 3.1 NOTE
r-release-osx-x86_64-snowleopard 3.1 NOTE
r-release-windows-ix86+x86_64 3.1 4.00 85.00 89.00 NOTE
r-oldrel-windows-ix86+x86_64 3.1 7.00 76.00 83.00 OK

Check Details

Version: 3.1
Check: DESCRIPTION meta-information
Result: NOTE
    Malformed Title field: should not end in a period.
    Malformed Description field: should contain one or more complete sentences.
Flavors: r-devel-linux-x86_64-debian-clang, r-devel-linux-x86_64-debian-gcc, r-devel-linux-x86_64-fedora-clang, r-devel-linux-x86_64-fedora-gcc, r-devel-osx-x86_64-clang, r-devel-windows-ix86+x86_64, r-patched-linux-x86_64, r-patched-solaris-sparc, r-patched-solaris-x86, r-release-linux-x86_64, r-release-osx-x86_64-mavericks, r-release-osx-x86_64-snowleopard, r-release-windows-ix86+x86_64