CRAN Package Check Results for Package bayesclust

Last updated on 2015-03-28 16:47:04.

Flavor Version Tinstall Tcheck Ttotal Status Flags
r-devel-linux-x86_64-debian-clang 3.1 0.99 28.32 29.32 NOTE
r-devel-linux-x86_64-debian-gcc 3.1 0.88 28.03 28.92 NOTE
r-devel-linux-x86_64-fedora-clang 3.1 57.14 NOTE
r-devel-linux-x86_64-fedora-gcc 3.1 53.36 NOTE
r-devel-osx-x86_64-clang 3.1 59.11 NOTE
r-prerel-windows-ix86+x86_64 3.1 5.00 68.00 73.00 NOTE
r-prerel-linux-x86_64 3.1 0.97 27.93 28.90 NOTE
r-prerel-solaris-sparc 3.1 351.60 NOTE
r-prerel-solaris-x86 3.1 62.10 NOTE
r-release-linux-x86_64 3.1 0.94 30.06 31.01 OK
r-release-osx-x86_64-mavericks 3.1 OK
r-release-windows-ix86+x86_64 3.1 7.00 76.00 83.00 OK
r-oldrel-windows-ix86+x86_64 3.1 5.00 80.00 85.00 OK

Check Details

Version: 3.1
Check: DESCRIPTION meta-information
Result: NOTE
    Malformed Title field: should not end in a period.
    Malformed Description field: should contain one or more complete sentences.
Flavors: r-devel-linux-x86_64-debian-clang, r-devel-linux-x86_64-debian-gcc, r-devel-linux-x86_64-fedora-clang, r-devel-linux-x86_64-fedora-gcc, r-devel-osx-x86_64-clang, r-prerel-windows-ix86+x86_64, r-prerel-linux-x86_64, r-prerel-solaris-sparc, r-prerel-solaris-x86