CRAN Package Check Results for Package bayescount

Last updated on 2015-07-31 06:46:47.

Flavor Version Tinstall Tcheck Ttotal Status Flags
r-devel-linux-x86_64-debian-clang 0.9.99-5 1.21 34.15 35.36 NOTE
r-devel-linux-x86_64-debian-gcc 0.9.99-5 2.20 33.08 35.27 NOTE
r-devel-linux-x86_64-fedora-clang 0.9.99-5 60.91 NOTE
r-devel-linux-x86_64-fedora-gcc 0.9.99-5 58.27 NOTE
r-devel-osx-x86_64-clang 0.9.99-5 54.17 OK
r-devel-windows-ix86+x86_64 0.9.99-5 12.00 82.00 94.00 NOTE
r-patched-linux-x86_64 0.9.99-5 1.37 32.97 34.34 OK
r-patched-solaris-sparc 0.9.99-5 409.50 OK
r-patched-solaris-x86 0.9.99-5 80.90 OK
r-release-linux-x86_64 0.9.99-5 1.38 32.44 33.83 OK
r-release-osx-x86_64-mavericks 0.9.99-5 OK
r-release-windows-ix86+x86_64 0.9.99-5 9.00 78.00 87.00 OK
r-oldrel-windows-ix86+x86_64 0.9.99-5 11.00 89.00 100.00 OK

Check Details

Version: 0.9.99-5
Check: R code for possible problems
Result: NOTE
    FECRT: no visible global function definition for ‘pdf’
    FECRT: no visible global function definition for ‘hist’
    FECRT: no visible global function definition for ‘abline’
    FECRT: no visible global function definition for ‘dev.off’
    FECRT.analysis: no visible global function definition for ‘pdf’
    FECRT.analysis: no visible global function definition for ‘hist’
    FECRT.analysis: no visible global function definition for ‘abline’
    FECRT.analysis: no visible global function definition for ‘dev.off’
    fecrt: no visible global function definition for ‘pdf’
    fecrt: no visible global function definition for ‘hist’
    fecrt: no visible global function definition for ‘abline’
    fecrt: no visible global function definition for ‘dev.off’
    fecrt.analysis: no visible global function definition for ‘pdf’
    fecrt.analysis: no visible global function definition for ‘hist’
    fecrt.analysis: no visible global function definition for ‘abline’
    fecrt.analysis: no visible global function definition for ‘dev.off’
    Undefined global functions or variables:
     abline dev.off hist pdf
    Consider adding
     importFrom("grDevices", "dev.off", "pdf")
     importFrom("graphics", "abline", "hist")
    to your NAMESPACE.
Flavors: r-devel-linux-x86_64-debian-clang, r-devel-linux-x86_64-debian-gcc, r-devel-linux-x86_64-fedora-clang, r-devel-linux-x86_64-fedora-gcc, r-devel-windows-ix86+x86_64