CRAN Package Check Results for Package bayescount

Last updated on 2017-01-19 06:48:27.

Flavor Version Tinstall Tcheck Ttotal Status Flags
r-devel-linux-x86_64-debian-clang 0.9.99-5 1.70 36.97 38.68 NOTE
r-devel-linux-x86_64-debian-gcc 0.9.99-5 1.66 35.22 36.87 NOTE
r-devel-linux-x86_64-fedora-clang 0.9.99-5 65.76 NOTE --no-stop-on-test-error
r-devel-linux-x86_64-fedora-gcc 0.9.99-5 63.05 NOTE --no-stop-on-test-error
r-devel-macos-x86_64-clang 0.9.99-5 52.76 NOTE --no-stop-on-test-error
r-devel-windows-ix86+x86_64 0.9.99-5 13.00 64.00 77.00 NOTE
r-patched-linux-x86_64 0.9.99-5 1.44 33.62 35.06 NOTE
r-patched-solaris-sparc 0.9.99-5 411.10 NOTE
r-patched-solaris-x86 0.9.99-5 72.10 NOTE
r-release-linux-x86_64 0.9.99-5 1.47 33.99 35.46 NOTE
r-release-osx-x86_64-mavericks 0.9.99-5 NOTE
r-release-windows-ix86+x86_64 0.9.99-5 7.00 96.00 103.00 NOTE
r-oldrel-windows-ix86+x86_64 0.9.99-5 7.00 81.00 88.00 OK

Check Details

Version: 0.9.99-5
Check: R code for possible problems
Result: NOTE
    FECRT: no visible global function definition for ‘pdf’
    FECRT: no visible global function definition for ‘hist’
    FECRT: no visible global function definition for ‘abline’
    FECRT: no visible global function definition for ‘dev.off’
    FECRT.analysis: no visible global function definition for ‘pdf’
    FECRT.analysis: no visible global function definition for ‘hist’
    FECRT.analysis: no visible global function definition for ‘abline’
    FECRT.analysis: no visible global function definition for ‘dev.off’
    fecrt: no visible global function definition for ‘pdf’
    fecrt: no visible global function definition for ‘hist’
    fecrt: no visible global function definition for ‘abline’
    fecrt: no visible global function definition for ‘dev.off’
    fecrt.analysis: no visible global function definition for ‘pdf’
    fecrt.analysis: no visible global function definition for ‘hist’
    fecrt.analysis: no visible global function definition for ‘abline’
    fecrt.analysis: no visible global function definition for ‘dev.off’
    Undefined global functions or variables:
     abline dev.off hist pdf
    Consider adding
     importFrom("grDevices", "dev.off", "pdf")
     importFrom("graphics", "abline", "hist")
    to your NAMESPACE file.
Flavors: r-devel-linux-x86_64-debian-clang, r-devel-linux-x86_64-debian-gcc, r-devel-windows-ix86+x86_64, r-patched-linux-x86_64, r-patched-solaris-sparc, r-patched-solaris-x86, r-release-linux-x86_64, r-release-osx-x86_64-mavericks, r-release-windows-ix86+x86_64

Version: 0.9.99-5
Flags: --no-stop-on-test-error
Check: R code for possible problems
Result: NOTE
    FECRT: no visible global function definition for ‘pdf’
    FECRT: no visible global function definition for ‘hist’
    FECRT: no visible global function definition for ‘abline’
    FECRT: no visible global function definition for ‘dev.off’
    FECRT.analysis: no visible global function definition for ‘pdf’
    FECRT.analysis: no visible global function definition for ‘hist’
    FECRT.analysis: no visible global function definition for ‘abline’
    FECRT.analysis: no visible global function definition for ‘dev.off’
    fecrt: no visible global function definition for ‘pdf’
    fecrt: no visible global function definition for ‘hist’
    fecrt: no visible global function definition for ‘abline’
    fecrt: no visible global function definition for ‘dev.off’
    fecrt.analysis: no visible global function definition for ‘pdf’
    fecrt.analysis: no visible global function definition for ‘hist’
    fecrt.analysis: no visible global function definition for ‘abline’
    fecrt.analysis: no visible global function definition for ‘dev.off’
    Undefined global functions or variables:
     abline dev.off hist pdf
    Consider adding
     importFrom("grDevices", "dev.off", "pdf")
     importFrom("graphics", "abline", "hist")
    to your NAMESPACE file.
Flavors: r-devel-linux-x86_64-fedora-clang, r-devel-linux-x86_64-fedora-gcc, r-devel-macos-x86_64-clang