CRAN Package Check Results for Package bayescount

Last updated on 2016-02-07 12:46:54.

Flavor Version Tinstall Tcheck Ttotal Status Flags
r-devel-linux-x86_64-debian-gcc 0.9.99-5 1.36 32.04 33.41 NOTE
r-devel-linux-x86_64-fedora-clang 0.9.99-5 58.50 NOTE
r-devel-linux-x86_64-fedora-gcc 0.9.99-5 55.79 NOTE
r-devel-osx-x86_64-clang 0.9.99-5 64.22 NOTE
r-devel-windows-ix86+x86_64 0.9.99-5 11.00 77.00 88.00 NOTE
r-patched-linux-x86_64 0.9.99-5 1.54 32.57 34.12 OK
r-patched-solaris-sparc 0.9.99-5 393.90 OK
r-patched-solaris-x86 0.9.99-5 70.00 OK
r-release-linux-x86_64 0.9.99-5 1.61 31.56 33.17 OK
r-release-osx-x86_64-mavericks 0.9.99-5 OK
r-release-windows-ix86+x86_64 0.9.99-5 7.00 57.00 64.00 OK
r-oldrel-windows-ix86+x86_64 0.9.99-5 14.00 72.00 86.00 OK

Check Details

Version: 0.9.99-5
Check: R code for possible problems
Result: NOTE
    FECRT: no visible global function definition for ‘pdf’
    FECRT: no visible global function definition for ‘hist’
    FECRT: no visible global function definition for ‘abline’
    FECRT: no visible global function definition for ‘dev.off’
    FECRT.analysis: no visible global function definition for ‘pdf’
    FECRT.analysis: no visible global function definition for ‘hist’
    FECRT.analysis: no visible global function definition for ‘abline’
    FECRT.analysis: no visible global function definition for ‘dev.off’
    fecrt: no visible global function definition for ‘pdf’
    fecrt: no visible global function definition for ‘hist’
    fecrt: no visible global function definition for ‘abline’
    fecrt: no visible global function definition for ‘dev.off’
    fecrt.analysis: no visible global function definition for ‘pdf’
    fecrt.analysis: no visible global function definition for ‘hist’
    fecrt.analysis: no visible global function definition for ‘abline’
    fecrt.analysis: no visible global function definition for ‘dev.off’
    Undefined global functions or variables:
     abline dev.off hist pdf
    Consider adding
     importFrom("grDevices", "dev.off", "pdf")
     importFrom("graphics", "abline", "hist")
    to your NAMESPACE file.
Flavors: r-devel-linux-x86_64-debian-gcc, r-devel-linux-x86_64-fedora-clang, r-devel-linux-x86_64-fedora-gcc, r-devel-osx-x86_64-clang, r-devel-windows-ix86+x86_64