CRAN Package Check Results for Package bayescount

Last updated on 2015-09-01 19:47:05.

Flavor Version Tinstall Tcheck Ttotal Status Flags
r-devel-linux-x86_64-debian-clang 0.9.99-5 1.34 33.97 35.31 NOTE
r-devel-linux-x86_64-debian-gcc 0.9.99-5 1.32 31.85 33.18 NOTE
r-devel-linux-x86_64-fedora-clang 0.9.99-5 59.80 NOTE
r-devel-linux-x86_64-fedora-gcc 0.9.99-5 56.90 NOTE
r-devel-osx-x86_64-clang 0.9.99-5 48.50 OK
r-devel-windows-ix86+x86_64 0.9.99-5 10.00 55.00 65.00 NOTE
r-patched-linux-x86_64 0.9.99-5 1.41 31.20 32.62 OK
r-patched-solaris-sparc 0.9.99-5 409.50 OK
r-patched-solaris-x86 0.9.99-5 81.90 OK
r-release-linux-x86_64 0.9.99-5 1.38 31.47 32.85 OK
r-release-osx-x86_64-mavericks 0.9.99-5 OK
r-release-windows-ix86+x86_64 0.9.99-5 9.00 79.00 88.00 OK
r-oldrel-windows-ix86+x86_64 0.9.99-5 12.00 66.00 78.00 OK

Check Details

Version: 0.9.99-5
Check: R code for possible problems
Result: NOTE
    FECRT: no visible global function definition for ‘pdf’
    FECRT: no visible global function definition for ‘hist’
    FECRT: no visible global function definition for ‘abline’
    FECRT: no visible global function definition for ‘dev.off’
    FECRT.analysis: no visible global function definition for ‘pdf’
    FECRT.analysis: no visible global function definition for ‘hist’
    FECRT.analysis: no visible global function definition for ‘abline’
    FECRT.analysis: no visible global function definition for ‘dev.off’
    fecrt: no visible global function definition for ‘pdf’
    fecrt: no visible global function definition for ‘hist’
    fecrt: no visible global function definition for ‘abline’
    fecrt: no visible global function definition for ‘dev.off’
    fecrt.analysis: no visible global function definition for ‘pdf’
    fecrt.analysis: no visible global function definition for ‘hist’
    fecrt.analysis: no visible global function definition for ‘abline’
    fecrt.analysis: no visible global function definition for ‘dev.off’
    Undefined global functions or variables:
     abline dev.off hist pdf
    Consider adding
     importFrom("grDevices", "dev.off", "pdf")
     importFrom("graphics", "abline", "hist")
    to your NAMESPACE.
Flavors: r-devel-linux-x86_64-debian-clang, r-devel-linux-x86_64-debian-gcc, r-devel-linux-x86_64-fedora-clang, r-devel-linux-x86_64-fedora-gcc, r-devel-windows-ix86+x86_64