CRAN Package Check Results for Package bayescount

Last updated on 2015-05-23 11:51:14.

Flavor Version Tinstall Tcheck Ttotal Status Flags
r-devel-linux-x86_64-debian-clang 0.9.99-5 1.23 33.10 34.33 OK
r-devel-linux-x86_64-debian-gcc 0.9.99-5 1.33 32.62 33.96 OK
r-devel-linux-x86_64-fedora-clang 0.9.99-5 61.95 OK
r-devel-linux-x86_64-fedora-gcc 0.9.99-5 58.38 OK
r-devel-osx-x86_64-clang 0.9.99-5 57.16 OK
r-devel-windows-ix86+x86_64 0.9.99-5 6.00 47.00 53.00 OK
r-patched-linux-x86_64 0.9.99-5 1.44 31.38 32.82 OK
r-patched-solaris-sparc 0.9.99-5 405.70 OK
r-patched-solaris-x86 0.9.99-5 83.40 OK
r-release-linux-x86_64 0.9.99-5 1.42 31.74 33.16 OK
r-release-osx-x86_64-mavericks 0.9.99-5 OK
r-release-osx-x86_64-snowleopard 0.9.99-5 ERROR
r-release-windows-ix86+x86_64 0.9.99-5 8.00 46.00 54.00 OK
r-oldrel-windows-ix86+x86_64 0.9.99-5 8.00 57.00 65.00 OK

Check Details

Version: 0.9.99-5
Check: package dependencies
Result: ERROR
    Package required and available but unsuitable version: ‘runjags’
    
    See section ‘The DESCRIPTION file’ in the ‘Writing R Extensions’
    manual.
Flavor: r-release-osx-x86_64-snowleopard