CRAN Package Check Results for Package bayescount

Last updated on 2016-06-26 00:46:57.

Flavor Version Tinstall Tcheck Ttotal Status Flags
r-devel-linux-x86_64-debian-gcc 0.9.99-5 1.73 35.26 36.99 NOTE
r-devel-linux-x86_64-fedora-clang 0.9.99-5 60.27 NOTE
r-devel-linux-x86_64-fedora-gcc 0.9.99-5 55.91 NOTE
r-devel-osx-x86_64-clang 0.9.99-5 51.16 NOTE
r-devel-windows-ix86+x86_64 0.9.99-5 12.00 61.00 73.00 NOTE
r-patched-linux-x86_64 0.9.99-5 1.72 34.76 36.48 NOTE
r-patched-solaris-sparc 0.9.99-5 401.90 NOTE
r-patched-solaris-x86 0.9.99-5 72.10 NOTE
r-release-linux-x86_64 0.9.99-5 1.42 36.59 38.01 NOTE
r-release-osx-x86_64-mavericks 0.9.99-5 NOTE
r-release-windows-ix86+x86_64 0.9.99-5 10.00 53.00 63.00 NOTE
r-oldrel-windows-ix86+x86_64 0.9.99-5 14.00 60.00 74.00 OK

Check Details

Version: 0.9.99-5
Check: R code for possible problems
Result: NOTE
    FECRT: no visible global function definition for ‘pdf’
    FECRT: no visible global function definition for ‘hist’
    FECRT: no visible global function definition for ‘abline’
    FECRT: no visible global function definition for ‘dev.off’
    FECRT.analysis: no visible global function definition for ‘pdf’
    FECRT.analysis: no visible global function definition for ‘hist’
    FECRT.analysis: no visible global function definition for ‘abline’
    FECRT.analysis: no visible global function definition for ‘dev.off’
    fecrt: no visible global function definition for ‘pdf’
    fecrt: no visible global function definition for ‘hist’
    fecrt: no visible global function definition for ‘abline’
    fecrt: no visible global function definition for ‘dev.off’
    fecrt.analysis: no visible global function definition for ‘pdf’
    fecrt.analysis: no visible global function definition for ‘hist’
    fecrt.analysis: no visible global function definition for ‘abline’
    fecrt.analysis: no visible global function definition for ‘dev.off’
    Undefined global functions or variables:
     abline dev.off hist pdf
    Consider adding
     importFrom("grDevices", "dev.off", "pdf")
     importFrom("graphics", "abline", "hist")
    to your NAMESPACE file.
Flavors: r-devel-linux-x86_64-debian-gcc, r-devel-linux-x86_64-fedora-clang, r-devel-linux-x86_64-fedora-gcc, r-devel-osx-x86_64-clang, r-devel-windows-ix86+x86_64, r-patched-linux-x86_64, r-patched-solaris-sparc, r-patched-solaris-x86, r-release-linux-x86_64, r-release-osx-x86_64-mavericks, r-release-windows-ix86+x86_64