CRAN Package Check Results for Package bayescount

Last updated on 2015-04-28 11:48:17.

Flavor Version Tinstall Tcheck Ttotal Status Flags
r-devel-linux-x86_64-debian-clang 0.9.99-5 1.31 32.62 33.93 OK
r-devel-linux-x86_64-debian-gcc 0.9.99-5 1.46 31.61 33.07 OK
r-devel-linux-x86_64-fedora-clang 0.9.99-5 63.34 OK
r-devel-linux-x86_64-fedora-gcc 0.9.99-5 57.45 OK
r-devel-osx-x86_64-clang 0.9.99-5 56.90 OK
r-devel-windows-ix86+x86_64 0.9.99-5 7.00 46.00 53.00 OK
r-patched-linux-x86_64 0.9.99-5 1.43 31.57 33.00 OK
r-patched-solaris-sparc 0.9.99-5 391.40 OK
r-patched-solaris-x86 0.9.99-5 79.10 OK
r-release-linux-x86_64 0.9.99-5 1.36 31.62 32.98 OK
r-release-osx-x86_64-mavericks 0.9.99-5 OK
r-release-osx-x86_64-snowleopard 0.9.99-5 ERROR
r-release-windows-ix86+x86_64 0.9.99-5 7.00 45.00 52.00 OK
r-oldrel-windows-ix86+x86_64 0.9.99-5 6.00 65.00 71.00 OK

Check Details

Version: 0.9.99-5
Check: package dependencies
Result: ERROR
    Package required and available but unsuitable version: ‘runjags’
    
    See section ‘The DESCRIPTION file’ in the ‘Writing R Extensions’
    manual.
Flavor: r-release-osx-x86_64-snowleopard