CRAN Package Check Results for Package bayescount

Last updated on 2016-08-29 21:48:58.

Flavor Version Tinstall Tcheck Ttotal Status Flags
r-devel-linux-x86_64-debian-clang 0.9.99-5 1.37 34.39 35.76 NOTE
r-devel-linux-x86_64-debian-gcc 0.9.99-5 1.45 35.55 36.99 NOTE
r-devel-linux-x86_64-fedora-clang 0.9.99-5 61.02 NOTE
r-devel-linux-x86_64-fedora-gcc 0.9.99-5 58.32 NOTE
r-devel-osx-x86_64-clang 0.9.99-5 50.76 NOTE
r-devel-windows-ix86+x86_64 0.9.99-5 18.00 55.00 73.00 NOTE
r-patched-linux-x86_64 0.9.99-5 1.36 33.17 34.53 NOTE
r-patched-solaris-sparc 0.9.99-5 401.90 NOTE
r-patched-solaris-x86 0.9.99-5 71.10 NOTE
r-release-linux-x86_64 0.9.99-5 1.33 33.46 34.79 NOTE
r-release-osx-x86_64-mavericks 0.9.99-5 NOTE
r-release-windows-ix86+x86_64 0.9.99-5 7.00 80.00 87.00 NOTE
r-oldrel-windows-ix86+x86_64 0.9.99-5 11.00 113.00 124.00 OK

Check Details

Version: 0.9.99-5
Check: R code for possible problems
Result: NOTE
    FECRT: no visible global function definition for ‘pdf’
    FECRT: no visible global function definition for ‘hist’
    FECRT: no visible global function definition for ‘abline’
    FECRT: no visible global function definition for ‘dev.off’
    FECRT.analysis: no visible global function definition for ‘pdf’
    FECRT.analysis: no visible global function definition for ‘hist’
    FECRT.analysis: no visible global function definition for ‘abline’
    FECRT.analysis: no visible global function definition for ‘dev.off’
    fecrt: no visible global function definition for ‘pdf’
    fecrt: no visible global function definition for ‘hist’
    fecrt: no visible global function definition for ‘abline’
    fecrt: no visible global function definition for ‘dev.off’
    fecrt.analysis: no visible global function definition for ‘pdf’
    fecrt.analysis: no visible global function definition for ‘hist’
    fecrt.analysis: no visible global function definition for ‘abline’
    fecrt.analysis: no visible global function definition for ‘dev.off’
    Undefined global functions or variables:
     abline dev.off hist pdf
    Consider adding
     importFrom("grDevices", "dev.off", "pdf")
     importFrom("graphics", "abline", "hist")
    to your NAMESPACE file.
Flavors: r-devel-linux-x86_64-debian-clang, r-devel-linux-x86_64-debian-gcc, r-devel-linux-x86_64-fedora-clang, r-devel-linux-x86_64-fedora-gcc, r-devel-osx-x86_64-clang, r-devel-windows-ix86+x86_64, r-patched-linux-x86_64, r-patched-solaris-sparc, r-patched-solaris-x86, r-release-linux-x86_64, r-release-osx-x86_64-mavericks, r-release-windows-ix86+x86_64