CRAN Package Check Results for Package bayescount

Last updated on 2016-04-30 21:46:53.

Flavor Version Tinstall Tcheck Ttotal Status Flags
r-devel-linux-x86_64-debian-gcc 0.9.99-5 1.44 32.94 34.37 NOTE
r-devel-linux-x86_64-fedora-clang 0.9.99-5 59.44 NOTE
r-devel-linux-x86_64-fedora-gcc 0.9.99-5 55.76 NOTE
r-devel-osx-x86_64-clang 0.9.99-5 65.90 NOTE
r-devel-windows-ix86+x86_64 0.9.99-5 6.00 68.00 74.00 NOTE
r-patched-linux-x86_64 0.9.99-5 1.34 32.72 34.06 NOTE
r-patched-solaris-sparc 0.9.99-5 394.80 NOTE
r-patched-solaris-x86 0.9.99-5 72.20 NOTE
r-release-linux-x86_64 0.9.99-5 1.75 33.47 35.22 OK
r-release-osx-x86_64-mavericks 0.9.99-5 OK
r-release-windows-ix86+x86_64 0.9.99-5 15.00 75.00 90.00 OK
r-oldrel-windows-ix86+x86_64 0.9.99-5 17.00 90.00 107.00 OK

Check Details

Version: 0.9.99-5
Check: R code for possible problems
Result: NOTE
    FECRT: no visible global function definition for ‘pdf’
    FECRT: no visible global function definition for ‘hist’
    FECRT: no visible global function definition for ‘abline’
    FECRT: no visible global function definition for ‘dev.off’
    FECRT.analysis: no visible global function definition for ‘pdf’
    FECRT.analysis: no visible global function definition for ‘hist’
    FECRT.analysis: no visible global function definition for ‘abline’
    FECRT.analysis: no visible global function definition for ‘dev.off’
    fecrt: no visible global function definition for ‘pdf’
    fecrt: no visible global function definition for ‘hist’
    fecrt: no visible global function definition for ‘abline’
    fecrt: no visible global function definition for ‘dev.off’
    fecrt.analysis: no visible global function definition for ‘pdf’
    fecrt.analysis: no visible global function definition for ‘hist’
    fecrt.analysis: no visible global function definition for ‘abline’
    fecrt.analysis: no visible global function definition for ‘dev.off’
    Undefined global functions or variables:
     abline dev.off hist pdf
    Consider adding
     importFrom("grDevices", "dev.off", "pdf")
     importFrom("graphics", "abline", "hist")
    to your NAMESPACE file.
Flavors: r-devel-linux-x86_64-debian-gcc, r-devel-linux-x86_64-fedora-clang, r-devel-linux-x86_64-fedora-gcc, r-devel-osx-x86_64-clang, r-devel-windows-ix86+x86_64, r-patched-linux-x86_64, r-patched-solaris-sparc, r-patched-solaris-x86