CRAN Package Check Results for Package bayescount

Last updated on 2020-08-15 15:46:42 CEST.

Flavor Version Tinstall Tcheck Ttotal Status Flags
r-devel-linux-x86_64-debian-clang 0.9.99-5 15.30 63.42 78.72 NOTE
r-devel-linux-x86_64-debian-gcc 0.9.99-5 11.70 47.72 59.42 NOTE
r-devel-linux-x86_64-fedora-clang 0.9.99-5 102.45 NOTE
r-devel-linux-x86_64-fedora-gcc 0.9.99-5 94.78 NOTE
r-devel-windows-ix86+x86_64 0.9.99-5 30.00 69.00 99.00 NOTE
r-patched-linux-x86_64 0.9.99-5 14.86 63.80 78.66 NOTE
r-patched-solaris-x86 0.9.99-5 122.70 NOTE
r-release-linux-x86_64 0.9.99-5 17.84 64.11 81.95 NOTE
r-release-macos-x86_64 0.9.99-5 NOTE
r-release-windows-ix86+x86_64 0.9.99-5 33.00 76.00 109.00 NOTE
r-oldrel-macos-x86_64 0.9.99-5 NOTE
r-oldrel-windows-ix86+x86_64 0.9.99-5 20.00 96.00 116.00 NOTE

Check Details

Version: 0.9.99-5
Check: R code for possible problems
Result: NOTE
    FECRT: no visible global function definition for 'pdf'
    FECRT: no visible global function definition for 'hist'
    FECRT: no visible global function definition for 'abline'
    FECRT: no visible global function definition for 'dev.off'
    FECRT.analysis: no visible global function definition for 'pdf'
    FECRT.analysis: no visible global function definition for 'hist'
    FECRT.analysis: no visible global function definition for 'abline'
    FECRT.analysis: no visible global function definition for 'dev.off'
    fecrt: no visible global function definition for 'pdf'
    fecrt: no visible global function definition for 'hist'
    fecrt: no visible global function definition for 'abline'
    fecrt: no visible global function definition for 'dev.off'
    fecrt.analysis: no visible global function definition for 'pdf'
    fecrt.analysis: no visible global function definition for 'hist'
    fecrt.analysis: no visible global function definition for 'abline'
    fecrt.analysis: no visible global function definition for 'dev.off'
    Undefined global functions or variables:
     abline dev.off hist pdf
    Consider adding
     importFrom("grDevices", "dev.off", "pdf")
     importFrom("graphics", "abline", "hist")
    to your NAMESPACE file.
Flavors: r-devel-linux-x86_64-debian-clang, r-devel-linux-x86_64-debian-gcc, r-devel-linux-x86_64-fedora-clang, r-devel-linux-x86_64-fedora-gcc, r-devel-windows-ix86+x86_64, r-patched-linux-x86_64, r-patched-solaris-x86, r-release-linux-x86_64, r-release-macos-x86_64, r-release-windows-ix86+x86_64, r-oldrel-macos-x86_64, r-oldrel-windows-ix86+x86_64

Version: 0.9.99-5
Check: compiled code
Result: NOTE
    File ‘bayescount/libs/bayescount.so’:
     Found no calls to: ‘R_registerRoutines’, ‘R_useDynamicSymbols’
    
    It is good practice to register native routines and to disable symbol
    search.
    
    See ‘Writing portable packages’ in the ‘Writing R Extensions’ manual.
Flavors: r-devel-linux-x86_64-fedora-clang, r-devel-linux-x86_64-fedora-gcc