CRAN Package Check Results for Package bayesdfa

Last updated on 2020-09-23 15:27:55 CEST.

Flavor Version Tinstall Tcheck Ttotal Status Flags
r-devel-linux-x86_64-debian-clang 0.1.6 511.82 191.27 703.09 NOTE
r-devel-linux-x86_64-debian-gcc 0.1.6 448.22 156.72 604.94 NOTE
r-devel-linux-x86_64-fedora-clang 0.1.6 951.32 NOTE
r-devel-linux-x86_64-fedora-gcc 0.1.6 1089.05 NOTE
r-devel-windows-ix86+x86_64 0.1.6 997.00 400.00 1397.00 NOTE
r-patched-linux-x86_64 0.1.6 440.66 201.24 641.90 NOTE
r-patched-solaris-x86 0.1.6 790.50 NOTE
r-release-linux-x86_64 0.1.6 0.02 3.43 3.45 ERROR
r-release-macos-x86_64 0.1.6 NOTE
r-release-windows-ix86+x86_64 0.1.5 1081.00 537.00 1618.00 NOTE
r-oldrel-macos-x86_64 0.1.6 NOTE
r-oldrel-windows-ix86+x86_64 0.1.6 651.00 299.00 950.00 NOTE

Check Details

Version: 0.1.6
Check: for GNU extensions in Makefiles
Result: NOTE
    GNU make is a SystemRequirements.
Flavors: r-devel-linux-x86_64-debian-clang, r-devel-linux-x86_64-debian-gcc, r-devel-linux-x86_64-fedora-clang, r-devel-linux-x86_64-fedora-gcc, r-devel-windows-ix86+x86_64, r-patched-linux-x86_64, r-patched-solaris-x86, r-release-macos-x86_64, r-oldrel-macos-x86_64, r-oldrel-windows-ix86+x86_64

Version: 0.1.6
Check: installed package size
Result: NOTE
     installed size is 92.5Mb
     sub-directories of 1Mb or more:
     libs 91.7Mb
Flavors: r-devel-linux-x86_64-fedora-clang, r-devel-windows-ix86+x86_64, r-patched-solaris-x86, r-release-macos-x86_64, r-oldrel-macos-x86_64, r-oldrel-windows-ix86+x86_64

Version: 0.1.6
Check: whether package can be installed
Result: ERROR
    Installation failed.
Flavor: r-release-linux-x86_64

Version: 0.1.5
Check: installed package size
Result: NOTE
     installed size is 9.2Mb
     sub-directories of 1Mb or more:
     libs 8.4Mb
Flavor: r-release-windows-ix86+x86_64

Version: 0.1.5
Check: for GNU extensions in Makefiles
Result: NOTE
    GNU make is a SystemRequirements.
Flavor: r-release-windows-ix86+x86_64