CRAN Package Check Results for Package bayesdfa

Last updated on 2020-02-18 08:47:50 CET.

Flavor Version Tinstall Tcheck Ttotal Status Flags
r-devel-linux-x86_64-debian-clang 0.1.3 403.78 252.33 656.11 NOTE
r-devel-linux-x86_64-debian-gcc 0.1.3 397.85 194.58 592.43 NOTE
r-devel-linux-x86_64-fedora-clang 0.1.3 864.51 NOTE
r-devel-linux-x86_64-fedora-gcc 0.1.3 1020.11 NOTE
r-devel-windows-ix86+x86_64 0.1.3 668.00 370.00 1038.00 NOTE
r-devel-windows-ix86+x86_64-gcc8 0.1.3 941.00 550.00 1491.00 NOTE
r-patched-linux-x86_64 0.1.3 394.67 230.98 625.65 NOTE
r-patched-solaris-x86 0.1.3 965.70 NOTE
r-release-linux-x86_64 0.1.3 383.39 229.08 612.47 NOTE
r-release-windows-ix86+x86_64 0.1.3 643.00 350.00 993.00 NOTE
r-release-osx-x86_64 0.1.3 NOTE
r-oldrel-windows-ix86+x86_64 0.1.3 662.00 382.00 1044.00 NOTE
r-oldrel-osx-x86_64 0.1.3 NOTE

Check Details

Version: 0.1.3
Check: for GNU extensions in Makefiles
Result: NOTE
    GNU make is a SystemRequirements.
Flavors: r-devel-linux-x86_64-debian-clang, r-devel-linux-x86_64-debian-gcc, r-devel-linux-x86_64-fedora-clang, r-devel-linux-x86_64-fedora-gcc, r-devel-windows-ix86+x86_64, r-devel-windows-ix86+x86_64-gcc8, r-patched-linux-x86_64, r-patched-solaris-x86, r-release-linux-x86_64, r-release-windows-ix86+x86_64, r-release-osx-x86_64, r-oldrel-windows-ix86+x86_64, r-oldrel-osx-x86_64

Version: 0.1.3
Check: installed package size
Result: NOTE
     installed size is 67.0Mb
     sub-directories of 1Mb or more:
     libs 66.1Mb
Flavors: r-devel-linux-x86_64-fedora-clang, r-devel-windows-ix86+x86_64, r-devel-windows-ix86+x86_64-gcc8, r-patched-solaris-x86, r-release-windows-ix86+x86_64, r-release-osx-x86_64, r-oldrel-windows-ix86+x86_64, r-oldrel-osx-x86_64