CRAN Package Check Results for Package bayesianETAS

Last updated on 2018-11-19 10:49:54 CET.

Flavor Version Tinstall Tcheck Ttotal Status Flags
r-devel-linux-x86_64-debian-clang OK
r-devel-linux-x86_64-debian-gcc 1.0.3 2.71 14.76 17.47 OK
r-devel-linux-x86_64-fedora-clang 1.0.3 22.78 NOTE
r-devel-linux-x86_64-fedora-gcc 1.0.3 19.86 NOTE
r-devel-windows-ix86+x86_64 1.0.3 14.00 44.00 58.00 OK
r-patched-linux-x86_64 1.0.3 4.16 15.71 19.87 OK
r-patched-solaris-x86 1.0.3 38.90 OK
r-release-linux-x86_64 1.0.3 3.53 15.94 19.47 OK
r-release-windows-ix86+x86_64 1.0.3 14.00 38.00 52.00 OK
r-release-osx-x86_64 1.0.3 OK
r-oldrel-windows-ix86+x86_64 1.0.3 11.00 36.00 47.00 OK
r-oldrel-osx-x86_64 1.0.3 OK

Check Details

Version: 1.0.3
Check: compiled code
Result: NOTE
    File ‘bayesianETAS/libs/bayesianETAS.so’:
     Found no calls to: ‘R_registerRoutines’, ‘R_useDynamicSymbols’
    
    It is good practice to register native routines and to disable symbol
    search.
    
    See ‘Writing portable packages’ in the ‘Writing R Extensions’ manual.
Flavors: r-devel-linux-x86_64-fedora-clang, r-devel-linux-x86_64-fedora-gcc