CRAN Package Check Results for Package bayesianETAS

Last updated on 2018-09-18 15:48:49 CEST.

Flavor Version Tinstall Tcheck Ttotal Status Flags
r-devel-linux-x86_64-debian-clang 1.0.3 4.01 17.21 21.22 NOTE
r-devel-linux-x86_64-debian-gcc 1.0.3 3.08 14.87 17.95 NOTE
r-devel-linux-x86_64-fedora-clang 1.0.3 25.65 NOTE
r-devel-linux-x86_64-fedora-gcc 1.0.3 20.99 NOTE
r-devel-windows-ix86+x86_64 1.0.3 11.00 41.00 52.00 OK
r-patched-linux-x86_64 1.0.3 3.07 15.65 18.72 NOTE
r-patched-solaris-x86 1.0.3 35.90 OK
r-release-linux-x86_64 1.0.3 3.70 15.67 19.37 NOTE
r-release-windows-ix86+x86_64 1.0.3 14.00 38.00 52.00 OK
r-release-osx-x86_64 1.0.3 OK
r-oldrel-windows-ix86+x86_64 1.0.3 11.00 55.00 66.00 OK
r-oldrel-osx-x86_64 1.0.3 OK

Check Details

Version: 1.0.3
Check: compiled code
Result: NOTE
    File ‘bayesianETAS/libs/bayesianETAS.so’:
     Found no calls to: ‘R_registerRoutines’, ‘R_useDynamicSymbols’
    
    It is good practice to register native routines and to disable symbol
    search.
    
    See ‘Writing portable packages’ in the ‘Writing R Extensions’ manual.
Flavors: r-devel-linux-x86_64-debian-clang, r-devel-linux-x86_64-debian-gcc, r-devel-linux-x86_64-fedora-clang, r-devel-linux-x86_64-fedora-gcc, r-patched-linux-x86_64, r-release-linux-x86_64