CRAN Package Check Results for Package bayesianETAS

Last updated on 2024-03-03 06:56:09 CET.

Flavor Version Tinstall Tcheck Ttotal Status Flags
r-devel-linux-x86_64-debian-clang 1.0.3 5.48 23.63 29.11 NOTE
r-devel-linux-x86_64-debian-gcc 1.0.3 4.05 18.76 22.81 NOTE
r-devel-linux-x86_64-fedora-clang 1.0.3 39.88 NOTE
r-devel-linux-x86_64-fedora-gcc 1.0.3 36.88 NOTE
r-devel-windows-x86_64 1.0.3 6.00 54.00 60.00 NOTE
r-patched-linux-x86_64 1.0.3 6.02 23.24 29.26 NOTE
r-release-linux-x86_64 1.0.3 5.62 23.88 29.50 NOTE
r-release-macos-arm64 1.0.3 20.00 NOTE
r-release-macos-x86_64 1.0.3 22.00 NOTE
r-release-windows-x86_64 1.0.3 7.00 58.00 65.00 NOTE
r-oldrel-macos-arm64 1.0.3 18.00 OK
r-oldrel-windows-x86_64 1.0.3 9.00 60.00 69.00 OK

Check Details

Version: 1.0.3
Check: C++ specification
Result: NOTE Specified C++11: please drop specification unless essential Flavors: r-devel-linux-x86_64-debian-clang, r-devel-linux-x86_64-debian-gcc, r-devel-linux-x86_64-fedora-clang, r-devel-linux-x86_64-fedora-gcc, r-devel-windows-x86_64, r-patched-linux-x86_64, r-release-linux-x86_64, r-release-macos-arm64, r-release-macos-x86_64, r-release-windows-x86_64

Version: 1.0.3
Check: compiled code
Result: NOTE File ‘bayesianETAS/libs/bayesianETAS.so’: Found no calls to: ‘R_registerRoutines’, ‘R_useDynamicSymbols’ It is good practice to register native routines and to disable symbol search. See ‘Writing portable packages’ in the ‘Writing R Extensions’ manual. Flavors: r-devel-linux-x86_64-fedora-clang, r-devel-linux-x86_64-fedora-gcc