CRAN Package Check Results for Package bayesianETAS

Last updated on 2019-02-19 01:47:43 CET.

Flavor Version Tinstall Tcheck Ttotal Status Flags
r-devel-linux-x86_64-debian-clang 1.0.3 3.89 17.72 21.61 OK
r-devel-linux-x86_64-debian-gcc 1.0.3 3.03 14.63 17.66 OK
r-devel-linux-x86_64-fedora-clang 1.0.3 29.69 NOTE
r-devel-linux-x86_64-fedora-gcc 1.0.3 26.46 NOTE
r-devel-windows-ix86+x86_64 1.0.3 15.00 39.00 54.00 OK
r-patched-linux-x86_64 1.0.3 3.25 16.19 19.44 OK
r-patched-solaris-x86 1.0.3 40.00 OK
r-release-linux-x86_64 1.0.3 3.16 16.25 19.41 OK
r-release-windows-ix86+x86_64 1.0.3 11.00 41.00 52.00 OK
r-release-osx-x86_64 1.0.3 OK
r-oldrel-windows-ix86+x86_64 1.0.3 11.00 36.00 47.00 OK
r-oldrel-osx-x86_64 1.0.3 OK

Check Details

Version: 1.0.3
Check: compiled code
Result: NOTE
    File ‘bayesianETAS/libs/bayesianETAS.so’:
     Found no calls to: ‘R_registerRoutines’, ‘R_useDynamicSymbols’
    
    It is good practice to register native routines and to disable symbol
    search.
    
    See ‘Writing portable packages’ in the ‘Writing R Extensions’ manual.
Flavors: r-devel-linux-x86_64-fedora-clang, r-devel-linux-x86_64-fedora-gcc