CRAN Package Check Results for Package bayeslm

Last updated on 2022-12-04 22:54:37 CET.

Flavor Version Tinstall Tcheck Ttotal Status Flags
r-devel-linux-x86_64-debian-clang 1.0.1 229.03 60.57 289.60 NOTE
r-devel-linux-x86_64-debian-gcc 1.0.1 180.51 43.87 224.38 NOTE
r-devel-linux-x86_64-fedora-clang 1.0.1 435.51 NOTE
r-devel-linux-x86_64-fedora-gcc 1.0.1 388.75 NOTE
r-devel-windows-x86_64 1.0.1 168.00 134.00 302.00 NOTE
r-patched-linux-x86_64 1.0.1 193.57 56.30 249.87 NOTE
r-release-linux-x86_64 1.0.1 190.94 57.55 248.49 NOTE
r-release-macos-arm64 1.0.1 108.00 NOTE
r-release-macos-x86_64 1.0.1 140.00 NOTE
r-release-windows-x86_64 1.0.1 165.00 146.00 311.00 NOTE
r-oldrel-macos-arm64 1.0.1 102.00 NOTE
r-oldrel-macos-x86_64 1.0.1 143.00 NOTE
r-oldrel-windows-ix86+x86_64 1.0.1 547.00 150.00 697.00 NOTE

Check Details

Version: 1.0.1
Check: for GNU extensions in Makefiles
Result: NOTE
    GNU make is a SystemRequirements.
Flavors: r-devel-linux-x86_64-debian-clang, r-devel-linux-x86_64-debian-gcc, r-devel-linux-x86_64-fedora-clang, r-devel-linux-x86_64-fedora-gcc, r-devel-windows-x86_64, r-patched-linux-x86_64, r-release-linux-x86_64, r-release-macos-arm64, r-release-macos-x86_64, r-release-windows-x86_64, r-oldrel-macos-arm64, r-oldrel-macos-x86_64, r-oldrel-windows-ix86+x86_64

Version: 1.0.1
Check: installed package size
Result: NOTE
     installed size is 8.8Mb
     sub-directories of 1Mb or more:
     libs 8.6Mb
Flavors: r-release-macos-arm64, r-release-macos-x86_64, r-oldrel-macos-arm64, r-oldrel-macos-x86_64