CRAN Package Check Results for Package bayesloglin

Last updated on 2019-08-21 02:49:01 CEST.

Flavor Version Tinstall Tcheck Ttotal Status Flags
r-devel-linux-x86_64-debian-clang 1.0.1 4.19 36.79 40.98 OK
r-devel-linux-x86_64-debian-gcc 1.0.1 3.64 29.25 32.89 OK
r-devel-linux-x86_64-fedora-clang 1.0.1 51.72 NOTE
r-devel-linux-x86_64-fedora-gcc 1.0.1 50.48 NOTE
r-devel-windows-ix86+x86_64 1.0.1 14.00 89.00 103.00 NOTE
r-patched-linux-x86_64 1.0.1 3.53 36.33 39.86 OK
r-patched-solaris-x86 1.0.1 82.40 OK
r-release-linux-x86_64 1.0.1 3.99 36.18 40.17 OK
r-release-windows-ix86+x86_64 1.0.1 9.00 65.00 74.00 NOTE
r-release-osx-x86_64 1.0.1 OK
r-oldrel-windows-ix86+x86_64 1.0.1 10.00 79.00 89.00 NOTE
r-oldrel-osx-x86_64 1.0.1 OK

Check Details

Version: 1.0.1
Check: compiled code
Result: NOTE
    File ‘bayesloglin/libs/bayesloglin.so’:
     Found no calls to: ‘R_registerRoutines’, ‘R_useDynamicSymbols’
    
    It is good practice to register native routines and to disable symbol
    search.
    
    See ‘Writing portable packages’ in the ‘Writing R Extensions’ manual.
Flavors: r-devel-linux-x86_64-fedora-clang, r-devel-linux-x86_64-fedora-gcc

Version: 1.0.1
Check: DESCRIPTION meta-information
Result: NOTE
    NeedsCompilation field should likely be 'yes'
Flavors: r-devel-windows-ix86+x86_64, r-release-windows-ix86+x86_64, r-oldrel-windows-ix86+x86_64