CRAN Package Check Results for Package bayesloglin

Last updated on 2020-09-18 19:48:58 CEST.

Flavor Version Tinstall Tcheck Ttotal Status Flags
r-devel-linux-x86_64-debian-clang 1.0.1 5.10 39.00 44.10 OK
r-devel-linux-x86_64-debian-gcc 1.0.1 3.57 30.79 34.36 OK
r-devel-linux-x86_64-fedora-clang 1.0.1 64.66 NOTE
r-devel-linux-x86_64-fedora-gcc 1.0.1 54.47 NOTE
r-devel-windows-ix86+x86_64 1.0.1 10.00 58.00 68.00 NOTE
r-patched-linux-x86_64 1.0.1 3.75 39.13 42.88 OK
r-patched-solaris-x86 1.0.1 79.50 OK
r-release-linux-x86_64 1.0.1 4.63 39.21 43.84 OK
r-release-macos-x86_64 1.0.1 OK
r-release-windows-ix86+x86_64 1.0.1 9.00 63.00 72.00 NOTE
r-oldrel-macos-x86_64 1.0.1 OK
r-oldrel-windows-ix86+x86_64 1.0.1 6.00 87.00 93.00 NOTE

Check Details

Version: 1.0.1
Check: compiled code
Result: NOTE
    File ‘bayesloglin/libs/bayesloglin.so’:
     Found no calls to: ‘R_registerRoutines’, ‘R_useDynamicSymbols’
    
    It is good practice to register native routines and to disable symbol
    search.
    
    See ‘Writing portable packages’ in the ‘Writing R Extensions’ manual.
Flavors: r-devel-linux-x86_64-fedora-clang, r-devel-linux-x86_64-fedora-gcc

Version: 1.0.1
Check: DESCRIPTION meta-information
Result: NOTE
    NeedsCompilation field should likely be 'yes'
Flavors: r-devel-windows-ix86+x86_64, r-release-windows-ix86+x86_64, r-oldrel-windows-ix86+x86_64