CRAN Package Check Results for Package bayesm

Last updated on 2017-11-24 09:47:29 CET.

Flavor Version Tinstall Tcheck Ttotal Status Flags
r-devel-linux-x86_64-debian-clang 3.1-0.1 291.85 434.82 726.67 OK
r-devel-linux-x86_64-debian-gcc 3.1-0.1 344.62 438.75 783.37 OK
r-devel-linux-x86_64-fedora-clang 3.1-0.1 1153.36 NOTE
r-devel-linux-x86_64-fedora-gcc 3.1-0.1 1131.31 NOTE
r-devel-windows-ix86+x86_64 3.1-0.1 888.00 537.00 1425.00 NOTE
r-patched-linux-x86_64 3.1-0.1 425.37 574.93 1000.30 OK
r-patched-solaris-x86 3.1-0.1 1311.60 NOTE
r-release-linux-x86_64 3.1-0.1 417.62 572.35 989.97 OK
r-release-windows-ix86+x86_64 3.1-0.1 867.00 424.00 1291.00 NOTE
r-release-osx-x86_64 3.1-0.1 NOTE
r-oldrel-windows-ix86+x86_64 3.1-0.1 894.00 459.00 1353.00 NOTE
r-oldrel-osx-x86_64 3.1-0.1 NOTE

Additional issues

valgrind

Check Details

Version: 3.1-0.1
Check: installed package size
Result: NOTE
     installed size is 27.6Mb
     sub-directories of 1Mb or more:
     doc 3.2Mb
     libs 22.9Mb
Flavors: r-devel-linux-x86_64-fedora-clang, r-devel-linux-x86_64-fedora-gcc, r-devel-windows-ix86+x86_64, r-patched-solaris-x86, r-release-windows-ix86+x86_64, r-release-osx-x86_64, r-oldrel-windows-ix86+x86_64, r-oldrel-osx-x86_64