CRAN Package Check Results for Package bayesm

Last updated on 2018-06-20 07:47:29 CEST.

Flavor Version Tinstall Tcheck Ttotal Status Flags
r-devel-linux-x86_64-debian-clang 3.1-0.1 469.74 417.22 886.96 OK
r-devel-linux-x86_64-debian-gcc 3.1-0.1 403.32 298.42 701.74 OK
r-devel-linux-x86_64-fedora-clang 3.1-0.1 1225.11 NOTE
r-devel-linux-x86_64-fedora-gcc 3.1-0.1 1124.13 OK
r-devel-windows-ix86+x86_64 3.1-0.1 1145.00 539.00 1684.00 NOTE
r-patched-linux-x86_64 3.1-0.1 502.08 403.95 906.03 OK
r-patched-solaris-x86 3.1-0.1 1284.00 NOTE
r-release-linux-x86_64 3.1-0.1 496.65 402.23 898.88 OK
r-release-windows-ix86+x86_64 3.1-0.1 879.00 429.00 1308.00 NOTE
r-release-osx-x86_64 3.1-0.1 FAIL
r-oldrel-windows-ix86+x86_64 3.1-0.1 1124.00 443.00 1567.00 NOTE
r-oldrel-osx-x86_64 3.1-0.1 NOTE

Check Details

Version: 3.1-0.1
Check: installed package size
Result: NOTE
     installed size is 29.2Mb
     sub-directories of 1Mb or more:
     doc 3.2Mb
     libs 24.3Mb
Flavors: r-devel-linux-x86_64-fedora-clang, r-devel-windows-ix86+x86_64, r-patched-solaris-x86, r-release-windows-ix86+x86_64, r-release-osx-x86_64, r-oldrel-windows-ix86+x86_64, r-oldrel-osx-x86_64

Version: 3.1-0.1
Check: re-building of vignette outputs
Result: FAIL
    
Flavor: r-release-osx-x86_64