CRAN Package Check Results for Package bayesm

Last updated on 2020-09-23 14:12:25 CEST.

Flavor Version Tinstall Tcheck Ttotal Status Flags
r-devel-linux-x86_64-debian-clang 3.1-4 645.27 439.15 1084.42 OK
r-devel-linux-x86_64-debian-gcc 3.1-4 488.65 303.93 792.58 OK
r-devel-linux-x86_64-fedora-clang 3.1-4 1476.94 NOTE
r-devel-linux-x86_64-fedora-gcc 3.1-4 1380.80 OK
r-devel-windows-ix86+x86_64 3.1-4 1461.00 604.00 2065.00 NOTE
r-patched-linux-x86_64 3.1-4 505.08 407.19 912.27 OK
r-patched-solaris-x86 3.1-4 1514.80 NOTE
r-release-linux-x86_64 3.1-4 503.38 419.81 923.19 OK
r-release-macos-x86_64 3.1-4 NOTE
r-release-windows-ix86+x86_64 3.1-4 1279.00 588.00 1867.00 NOTE
r-oldrel-macos-x86_64 3.1-4 NOTE
r-oldrel-windows-ix86+x86_64 3.1-4 974.00 593.00 1567.00 NOTE

Check Details

Version: 3.1-4
Check: installed package size
Result: NOTE
     installed size is 34.8Mb
     sub-directories of 1Mb or more:
     doc 2.9Mb
     libs 30.4Mb
Flavors: r-devel-linux-x86_64-fedora-clang, r-devel-windows-ix86+x86_64, r-patched-solaris-x86, r-release-macos-x86_64, r-release-windows-ix86+x86_64, r-oldrel-macos-x86_64, r-oldrel-windows-ix86+x86_64