CRAN Package Check Results for Package bayesm

Last updated on 2015-04-27 19:47:08.

Flavor Version Tinstall Tcheck Ttotal Status Flags
r-devel-linux-x86_64-debian-clang 2.2-5 2.40 52.90 55.30 NOTE
r-devel-linux-x86_64-debian-gcc 2.2-5 2.84 52.52 55.36 NOTE
r-devel-linux-x86_64-fedora-clang 2.2-5 109.30 NOTE
r-devel-linux-x86_64-fedora-gcc 2.2-5 101.50 NOTE
r-devel-osx-x86_64-clang 2.2-5 81.18 OK
r-devel-windows-ix86+x86_64 2.2-5 13.00 98.00 111.00 OK
r-patched-linux-x86_64 2.2-5 2.42 53.06 55.48 NOTE
r-patched-solaris-sparc 2.2-5 613.50 OK
r-patched-solaris-x86 2.2-5 110.30 OK
r-release-linux-x86_64 2.2-5 2.83 52.98 55.81 NOTE
r-release-osx-x86_64-mavericks 2.2-5 OK
r-release-osx-x86_64-snowleopard 2.2-5 OK
r-release-windows-ix86+x86_64 2.2-5 11.00 125.00 136.00 OK
r-oldrel-windows-ix86+x86_64 2.2-5 16.00 107.00 123.00 OK

Check Details

Version: 2.2-5
Check: Rd line widths
Result: NOTE
    Rd file 'rDPGibbs.Rd':
     \examples lines wider than 100 characters:
     plot(range(grid[,1]),1.5*range(dchisq(grid[,1],df=chisqdf)),type="n",xlab=paste("Chisq ; ",N," obs",sep=""), ylab="")
     lines(grid[,1],dchisq(grid[,1],df=chisqdf)/(sum(dchisq(grid[,1],df=chisqdf))*deltax),col="blue",lwd=2)
     {tden[i,j]=exp(-0.5*(A*(x1[i]^2)*(x2[j]^2)+(x1[i]^2)+(x2[j]^2)-2*B*x1[i]*x2[j]-2*C1*x1[i]-2*C2*x2[j]))}
    
    Rd file 'summary.bayesm.mat.Rd':
     \usage lines wider than 90 characters:
     summary(object, names, burnin = trunc(0.1 * nrow(X)), tvalues, QUANTILES = TRUE, TRAILER = TRUE,...)
    
    These lines will be truncated in the PDF manual.
Flavors: r-devel-linux-x86_64-debian-clang, r-devel-linux-x86_64-debian-gcc, r-devel-linux-x86_64-fedora-clang, r-devel-linux-x86_64-fedora-gcc, r-release-linux-x86_64