CRAN Package Check Results for Package bayesm

Last updated on 2014-11-28 03:47:28.

Flavor Version Tinstall Tcheck Ttotal Status Flags
r-devel-linux-x86_64-debian-clang 2.2-5 2.31 54.10 56.41 NOTE
r-devel-linux-x86_64-debian-gcc 2.2-5 2.32 51.84 54.16 NOTE
r-devel-linux-x86_64-fedora-clang 2.2-5 111.22 NOTE
r-devel-linux-x86_64-fedora-gcc 2.2-5 113.15 NOTE
r-devel-osx-x86_64-clang 2.2-5 83.93 OK
r-devel-windows-ix86+x86_64 2.2-5 13.00 94.00 107.00 OK
r-patched-linux-x86_64 2.2-5 3.19 53.73 56.92 NOTE
r-patched-solaris-sparc 2.2-5 595.90 OK
r-patched-solaris-x86 2.2-5 117.50 OK
r-release-linux-ix86 2.2-5 3.20 63.96 67.16 OK
r-release-linux-x86_64 2.2-5 2.46 53.86 56.32 NOTE
r-release-osx-x86_64-mavericks 2.2-5 OK
r-release-windows-ix86+x86_64 2.2-5 11.00 111.00 122.00 OK
r-oldrel-windows-ix86+x86_64 2.2-5 12.00 115.00 127.00 OK

Check Details

Version: 2.2-5
Check: Rd line widths
Result: NOTE
    Rd file 'rDPGibbs.Rd':
     \examples lines wider than 100 characters:
     plot(range(grid[,1]),1.5*range(dchisq(grid[,1],df=chisqdf)),type="n",xlab=paste("Chisq ; ",N," obs",sep=""), ylab="")
     lines(grid[,1],dchisq(grid[,1],df=chisqdf)/(sum(dchisq(grid[,1],df=chisqdf))*deltax),col="blue",lwd=2)
     {tden[i,j]=exp(-0.5*(A*(x1[i]^2)*(x2[j]^2)+(x1[i]^2)+(x2[j]^2)-2*B*x1[i]*x2[j]-2*C1*x1[i]-2*C2*x2[j]))}
    
    Rd file 'summary.bayesm.mat.Rd':
     \usage lines wider than 90 characters:
     summary(object, names, burnin = trunc(0.1 * nrow(X)), tvalues, QUANTILES = TRUE, TRAILER = TRUE,...)
    
    These lines will be truncated in the PDF manual.
Flavors: r-devel-linux-x86_64-debian-clang, r-devel-linux-x86_64-debian-gcc, r-devel-linux-x86_64-fedora-clang, r-devel-linux-x86_64-fedora-gcc, r-patched-linux-x86_64, r-release-linux-x86_64