CRAN Package Check Results for Package bayesm

Last updated on 2017-09-22 10:47:09.

Flavor Version Tinstall Tcheck Ttotal Status Flags
r-devel-linux-x86_64-debian-clang 3.1-0.1 292.98 263.01 555.99 OK
r-devel-linux-x86_64-debian-gcc 3.1-0.1 319.27 256.11 575.38 OK
r-devel-linux-x86_64-fedora-clang 3.1-0.1 1163.16 NOTE
r-devel-linux-x86_64-fedora-gcc 3.1-0.1 1162.09 NOTE
r-devel-windows-ix86+x86_64 3.1-0.1 812.00 449.00 1261.00 NOTE
r-patched-linux-x86_64 3.1-0.1 317.86 257.22 575.09 OK
r-patched-solaris-x86 3.1-0.1 1293.40 NOTE
r-release-linux-x86_64 3.1-0.1 315.78 262.66 578.44 OK
r-release-windows-ix86+x86_64 3.1-0.1 860.00 457.00 1317.00 NOTE
r-release-osx-x86_64 3.1-0.1 NOTE
r-oldrel-windows-ix86+x86_64 3.1-0.1 806.00 441.00 1247.00 NOTE
r-oldrel-osx-x86_64 3.1-0.1 NOTE

Additional issues

clang-ASAN gcc-ASAN valgrind

Check Details

Version: 3.1-0.1
Check: installed package size
Result: NOTE
     installed size is 27.5Mb
     sub-directories of 1Mb or more:
     doc 3.2Mb
     libs 22.8Mb
Flavors: r-devel-linux-x86_64-fedora-clang, r-devel-linux-x86_64-fedora-gcc, r-devel-windows-ix86+x86_64, r-patched-solaris-x86, r-release-windows-ix86+x86_64, r-release-osx-x86_64, r-oldrel-windows-ix86+x86_64, r-oldrel-osx-x86_64