CRAN Package Check Results for Package bayesm

Last updated on 2015-02-01 08:48:14.

Flavor Version Tinstall Tcheck Ttotal Status Flags
r-devel-linux-x86_64-debian-clang 2.2-5 2.24 53.84 56.08 NOTE
r-devel-linux-x86_64-debian-gcc 2.2-5 2.75 52.06 54.80 NOTE
r-devel-linux-x86_64-fedora-clang 2.2-5 109.87 NOTE
r-devel-linux-x86_64-fedora-gcc 2.2-5 102.19 NOTE
r-devel-osx-x86_64-clang 2.2-5 88.95 OK
r-devel-windows-ix86+x86_64 2.2-5 14.00 98.00 112.00 OK
r-patched-linux-x86_64 2.2-5 2.43 55.40 57.83 NOTE
r-patched-solaris-sparc 2.2-5 630.60 OK
r-patched-solaris-x86 2.2-5 115.90 OK
r-release-linux-ix86 2.2-5 3.23 70.22 73.45 NOTE
r-release-linux-x86_64 2.2-5 2.45 56.31 58.76 NOTE
r-release-osx-x86_64-mavericks 2.2-5 OK
r-release-windows-ix86+x86_64 2.2-5 11.00 111.00 122.00 OK
r-oldrel-windows-ix86+x86_64 2.2-5 12.00 115.00 127.00 OK

Check Details

Version: 2.2-5
Check: Rd line widths
Result: NOTE
    Rd file 'rDPGibbs.Rd':
     \examples lines wider than 100 characters:
     plot(range(grid[,1]),1.5*range(dchisq(grid[,1],df=chisqdf)),type="n",xlab=paste("Chisq ; ",N," obs",sep=""), ylab="")
     lines(grid[,1],dchisq(grid[,1],df=chisqdf)/(sum(dchisq(grid[,1],df=chisqdf))*deltax),col="blue",lwd=2)
     {tden[i,j]=exp(-0.5*(A*(x1[i]^2)*(x2[j]^2)+(x1[i]^2)+(x2[j]^2)-2*B*x1[i]*x2[j]-2*C1*x1[i]-2*C2*x2[j]))}
    
    Rd file 'summary.bayesm.mat.Rd':
     \usage lines wider than 90 characters:
     summary(object, names, burnin = trunc(0.1 * nrow(X)), tvalues, QUANTILES = TRUE, TRAILER = TRUE,...)
    
    These lines will be truncated in the PDF manual.
Flavors: r-devel-linux-x86_64-debian-clang, r-devel-linux-x86_64-debian-gcc, r-devel-linux-x86_64-fedora-clang, r-devel-linux-x86_64-fedora-gcc, r-patched-linux-x86_64, r-release-linux-ix86, r-release-linux-x86_64