CRAN Package Check Results for Package bayesm

Last updated on 2017-03-25 06:47:35.

Flavor Version Tinstall Tcheck Ttotal Status Flags
r-devel-linux-x86_64-debian-clang 3.0-2 275.46 44.27 319.73 NOTE
r-devel-linux-x86_64-debian-gcc 3.0-2 296.43 42.09 338.52 NOTE
r-devel-linux-x86_64-fedora-clang 3.0-2 695.59 NOTE --no-stop-on-test-error
r-devel-linux-x86_64-fedora-gcc 3.0-2 684.59 NOTE --no-stop-on-test-error
r-devel-macos-x86_64-clang 3.0-2 408.29 NOTE --no-stop-on-test-error
r-devel-windows-ix86+x86_64 3.0-2 856.00 160.00 1016.00 NOTE
r-patched-linux-x86_64 3.0-2 233.65 40.38 274.03 NOTE
r-patched-solaris-sparc 3.0-2 3040.20 NOTE
r-patched-solaris-x86 3.0-2 581.30 NOTE
r-release-linux-x86_64 3.0-2 232.77 39.87 272.64 NOTE
r-release-osx-x86_64-mavericks 3.0-2 NOTE
r-release-windows-ix86+x86_64 3.0-2 1069.00 125.00 1194.00 NOTE
r-oldrel-windows-ix86+x86_64 3.0-2 629.00 109.00 738.00 NOTE

Check Details

Version: 3.0-2
Check: R code for possible problems
Result: NOTE
    fsh: no visible global function definition for ‘flush.console’
    logMargDenNR: no visible global function definition for ‘median’
    mixDen: no visible global function definition for ‘dnorm’
    numEff: no visible global function definition for ‘acf’
    numEff: no visible global function definition for ‘var’
    plot.bayesm.hcoef: no visible global function definition for ‘par’
    plot.bayesm.hcoef: no visible global function definition for
     ‘devAskNewPage’
    plot.bayesm.hcoef: no visible global function definition for ‘boxplot’
    plot.bayesm.hcoef: no visible binding for global variable ‘quantile’
    plot.bayesm.hcoef: no visible global function definition for ‘bxp’
    plot.bayesm.hcoef: no visible global function definition for ‘plot’
    plot.bayesm.mat: no visible global function definition for ‘par’
    plot.bayesm.mat: no visible global function definition for
     ‘devAskNewPage’
    plot.bayesm.mat: no visible global function definition for ‘hist’
    plot.bayesm.mat: no visible global function definition for ‘abline’
    plot.bayesm.mat: no visible global function definition for ‘quantile’
    plot.bayesm.mat: no visible global function definition for ‘text’
    plot.bayesm.mat: no visible global function definition for ‘plot’
    plot.bayesm.mat: no visible global function definition for ‘var’
    plot.bayesm.mat: no visible global function definition for ‘acf’
    plot.bayesm.mat: no visible global function definition for
     ‘plot.default’
    plot.bayesm.nmix: no visible global function definition for ‘par’
    plot.bayesm.nmix: no visible global function definition for
     ‘dev.interactive’
    plot.bayesm.nmix: no visible global function definition for ‘plot’
    plot.bayesm.nmix: no visible global function definition for ‘title’
    plot.bayesm.nmix: no visible global function definition for ‘hist’
    plot.bayesm.nmix: no visible global function definition for ‘lines’
    plot.bayesm.nmix: no visible global function definition for ‘polygon’
    plot.bayesm.nmix: no visible global function definition for ‘image’
    plot.bayesm.nmix: no visible global function definition for
     ‘terrain.colors’
    plot.bayesm.nmix: no visible global function definition for ‘contour’
    rbayesBLP: no visible global function definition for ‘rnorm’
    rbayesBLP: no visible global function definition for ‘cov’
    rbiNormGibbs: no visible global function definition for ‘qchisq’
    rbiNormGibbs: no visible global function definition for ‘par’
    rbiNormGibbs: no visible global function definition for ‘contour’
    rbiNormGibbs: no visible global function definition for ‘title’
    rbiNormGibbs: no visible global function definition for ‘points’
    rbiNormGibbs: no visible global function definition for ‘rnorm’
    rbiNormGibbs: no visible global function definition for ‘lines’
    rhierBinLogit: no visible global function definition for ‘rnorm’
    rhierBinLogit: no visible global function definition for ‘runif’
    rhierLinearMixture : getvar: no visible global function definition for
     ‘var’
    rhierLinearMixture: no visible global function definition for
     ‘quantile’
    rhierLinearModel : getvar: no visible global function definition for
     ‘var’
    rhierLinearModel: no visible global function definition for ‘quantile’
    rhierMnlDP: no visible global function definition for ‘optim’
    rhierMnlRwMixture: no visible global function definition for ‘optim’
    rhierNegbinRw : llnegbinR: no visible global function definition for
     ‘dnbinom’
    rhierNegbinRw: no visible global function definition for ‘quantile’
    rhierNegbinRw: no visible global function definition for ‘optim’
    rivDP: no visible global function definition for ‘lm’
    rivDP: no visible global function definition for ‘var’
    rmnlIndepMetrop: no visible global function definition for ‘optim’
    rnegbinRw : llnegbin: no visible global function definition for
     ‘dnbinom’
    rnegbinRw: no visible global function definition for ‘optim’
    rordprobitGibbs : lldstar: no visible global function definition for
     ‘pnorm’
    rordprobitGibbs: no visible global function definition for ‘optim’
    rscaleUsage: no visible global function definition for ‘var’
    rsurGibbs: no visible global function definition for ‘lm’
    runireg: no visible global function definition for ‘var’
    runiregGibbs: no visible global function definition for ‘var’
    simnhlogit: no visible global function definition for ‘rmultinom’
    summary.bayesm.mat: no visible binding for global variable ‘var’
    summary.bayesm.mat: no visible binding for global variable ‘quantile’
    Undefined global functions or variables:
     abline acf boxplot bxp contour cov dev.interactive devAskNewPage
     dnbinom dnorm flush.console hist image lines lm median optim par plot
     plot.default pnorm points polygon qchisq quantile rmultinom rnorm
     runif terrain.colors text title var
    Consider adding
     importFrom("grDevices", "dev.interactive", "devAskNewPage",
     "terrain.colors")
     importFrom("graphics", "abline", "boxplot", "bxp", "contour", "hist",
     "image", "lines", "par", "plot", "plot.default", "points",
     "polygon", "text", "title")
     importFrom("stats", "acf", "cov", "dnbinom", "dnorm", "lm", "median",
     "optim", "pnorm", "qchisq", "quantile", "rmultinom",
     "rnorm", "runif", "var")
     importFrom("utils", "flush.console")
    to your NAMESPACE file.
Flavors: r-devel-linux-x86_64-debian-clang, r-devel-linux-x86_64-debian-gcc, r-devel-windows-ix86+x86_64, r-patched-linux-x86_64, r-patched-solaris-sparc, r-patched-solaris-x86, r-release-linux-x86_64, r-release-osx-x86_64-mavericks, r-release-windows-ix86+x86_64

Version: 3.0-2
Check: compiled code
Result: NOTE
    File ‘bayesm/libs/bayesm.so’:
     Found no calls to: ‘R_registerRoutines’, ‘R_useDynamicSymbols’
    
    It is good practice to register native routines and to disable symbol
    search.
    
    See ‘Writing portable packages’ in the ‘Writing R Extensions’ manual.
Flavors: r-devel-linux-x86_64-debian-clang, r-devel-linux-x86_64-debian-gcc

Version: 3.0-2
Flags: --no-stop-on-test-error
Check: installed package size
Result: NOTE
     installed size is 22.0Mb
     sub-directories of 1Mb or more:
     libs 20.8Mb
Flavors: r-devel-linux-x86_64-fedora-clang, r-devel-linux-x86_64-fedora-gcc

Version: 3.0-2
Flags: --no-stop-on-test-error
Check: R code for possible problems
Result: NOTE
    fsh: no visible global function definition for ‘flush.console’
    logMargDenNR: no visible global function definition for ‘median’
    mixDen: no visible global function definition for ‘dnorm’
    numEff: no visible global function definition for ‘acf’
    numEff: no visible global function definition for ‘var’
    plot.bayesm.hcoef: no visible global function definition for ‘par’
    plot.bayesm.hcoef: no visible global function definition for
     ‘devAskNewPage’
    plot.bayesm.hcoef: no visible global function definition for ‘boxplot’
    plot.bayesm.hcoef: no visible binding for global variable ‘quantile’
    plot.bayesm.hcoef: no visible global function definition for ‘bxp’
    plot.bayesm.hcoef: no visible global function definition for ‘plot’
    plot.bayesm.mat: no visible global function definition for ‘par’
    plot.bayesm.mat: no visible global function definition for
     ‘devAskNewPage’
    plot.bayesm.mat: no visible global function definition for ‘hist’
    plot.bayesm.mat: no visible global function definition for ‘abline’
    plot.bayesm.mat: no visible global function definition for ‘quantile’
    plot.bayesm.mat: no visible global function definition for ‘text’
    plot.bayesm.mat: no visible global function definition for ‘plot’
    plot.bayesm.mat: no visible global function definition for ‘var’
    plot.bayesm.mat: no visible global function definition for ‘acf’
    plot.bayesm.mat: no visible global function definition for
     ‘plot.default’
    plot.bayesm.nmix: no visible global function definition for ‘par’
    plot.bayesm.nmix: no visible global function definition for
     ‘dev.interactive’
    plot.bayesm.nmix: no visible global function definition for ‘plot’
    plot.bayesm.nmix: no visible global function definition for ‘title’
    plot.bayesm.nmix: no visible global function definition for ‘hist’
    plot.bayesm.nmix: no visible global function definition for ‘lines’
    plot.bayesm.nmix: no visible global function definition for ‘polygon’
    plot.bayesm.nmix: no visible global function definition for ‘image’
    plot.bayesm.nmix: no visible global function definition for
     ‘terrain.colors’
    plot.bayesm.nmix: no visible global function definition for ‘contour’
    rbayesBLP: no visible global function definition for ‘rnorm’
    rbayesBLP: no visible global function definition for ‘cov’
    rbiNormGibbs: no visible global function definition for ‘qchisq’
    rbiNormGibbs: no visible global function definition for ‘par’
    rbiNormGibbs: no visible global function definition for ‘contour’
    rbiNormGibbs: no visible global function definition for ‘title’
    rbiNormGibbs: no visible global function definition for ‘points’
    rbiNormGibbs: no visible global function definition for ‘rnorm’
    rbiNormGibbs: no visible global function definition for ‘lines’
    rhierBinLogit: no visible global function definition for ‘rnorm’
    rhierBinLogit: no visible global function definition for ‘runif’
    rhierLinearMixture : getvar: no visible global function definition for
     ‘var’
    rhierLinearMixture: no visible global function definition for
     ‘quantile’
    rhierLinearModel : getvar: no visible global function definition for
     ‘var’
    rhierLinearModel: no visible global function definition for ‘quantile’
    rhierMnlDP: no visible global function definition for ‘optim’
    rhierMnlRwMixture: no visible global function definition for ‘optim’
    rhierNegbinRw : llnegbinR: no visible global function definition for
     ‘dnbinom’
    rhierNegbinRw: no visible global function definition for ‘quantile’
    rhierNegbinRw: no visible global function definition for ‘optim’
    rivDP: no visible global function definition for ‘lm’
    rivDP: no visible global function definition for ‘var’
    rmnlIndepMetrop: no visible global function definition for ‘optim’
    rnegbinRw : llnegbin: no visible global function definition for
     ‘dnbinom’
    rnegbinRw: no visible global function definition for ‘optim’
    rordprobitGibbs : lldstar: no visible global function definition for
     ‘pnorm’
    rordprobitGibbs: no visible global function definition for ‘optim’
    rscaleUsage: no visible global function definition for ‘var’
    rsurGibbs: no visible global function definition for ‘lm’
    runireg: no visible global function definition for ‘var’
    runiregGibbs: no visible global function definition for ‘var’
    simnhlogit: no visible global function definition for ‘rmultinom’
    summary.bayesm.mat: no visible binding for global variable ‘var’
    summary.bayesm.mat: no visible binding for global variable ‘quantile’
    Undefined global functions or variables:
     abline acf boxplot bxp contour cov dev.interactive devAskNewPage
     dnbinom dnorm flush.console hist image lines lm median optim par plot
     plot.default pnorm points polygon qchisq quantile rmultinom rnorm
     runif terrain.colors text title var
    Consider adding
     importFrom("grDevices", "dev.interactive", "devAskNewPage",
     "terrain.colors")
     importFrom("graphics", "abline", "boxplot", "bxp", "contour", "hist",
     "image", "lines", "par", "plot", "plot.default", "points",
     "polygon", "text", "title")
     importFrom("stats", "acf", "cov", "dnbinom", "dnorm", "lm", "median",
     "optim", "pnorm", "qchisq", "quantile", "rmultinom",
     "rnorm", "runif", "var")
     importFrom("utils", "flush.console")
    to your NAMESPACE file.
Flavors: r-devel-linux-x86_64-fedora-clang, r-devel-linux-x86_64-fedora-gcc, r-devel-macos-x86_64-clang

Version: 3.0-2
Flags: --no-stop-on-test-error
Check: compiled code
Result: NOTE
    File ‘bayesm/libs/bayesm.so’:
     Found no calls to: ‘R_registerRoutines’, ‘R_useDynamicSymbols’
    
    It is good practice to register native routines and to disable symbol
    search.
    
    See ‘Writing portable packages’ in the ‘Writing R Extensions’ manual.
Flavors: r-devel-linux-x86_64-fedora-clang, r-devel-linux-x86_64-fedora-gcc, r-devel-macos-x86_64-clang

Version: 3.0-2
Check: installed package size
Result: NOTE
     installed size is 5.1Mb
     sub-directories of 1Mb or more:
     libs 3.9Mb
Flavors: r-devel-windows-ix86+x86_64, r-release-osx-x86_64-mavericks, r-release-windows-ix86+x86_64, r-oldrel-windows-ix86+x86_64