CRAN Package Check Results for Package bayesm

Last updated on 2014-04-16 18:47:43.

Flavor Version Tinstall Tcheck Ttotal Status Flags
r-devel-linux-x86_64-debian-clang 2.2-5 2.67 50.81 53.48 OK
r-devel-linux-x86_64-debian-gcc 2.2-5 2.41 51.37 53.78 OK
r-devel-linux-x86_64-fedora-clang 2.2-5 127.52 NOTE
r-devel-linux-x86_64-fedora-gcc 2.2-5 121.68 NOTE
r-devel-macosx-x86_64-clang 2.2-5 82.72 OK
r-devel-macosx-x86_64-gcc 2.2-5 OK
r-devel-windows-ix86+x86_64 2.2-5 13.00 130.00 143.00 OK
r-patched-linux-x86_64 2.2-5 2.50 50.66 53.16 OK
r-patched-solaris-sparc 2.2-5 590.30 OK
r-patched-solaris-x86 2.2-5 119.80 OK
r-release-linux-ix86 2.2-5 5.00 81.00 86.00 OK
r-release-linux-x86_64 2.2-5 2.54 51.38 53.92 OK
r-release-windows-ix86+x86_64 2.2-5 19.00 133.00 152.00 OK
r-oldrel-windows-ix86+x86_64 2.2-5 12.00 115.00 127.00 OK

Check Details

Version: 2.2-5
Check: Rd line widths
Result: NOTE
    Rd file 'rDPGibbs.Rd':
     \examples lines wider than 100 characters:
     plot(range(grid[,1]),1.5*range(dchisq(grid[,1],df=chisqdf)),type="n",xlab=paste("Chisq ; ",N," obs",sep=""), ylab="")
     lines(grid[,1],dchisq(grid[,1],df=chisqdf)/(sum(dchisq(grid[,1],df=chisqdf))*deltax),col="blue",lwd=2)
     {tden[i,j]=exp(-0.5*(A*(x1[i]^2)*(x2[j]^2)+(x1[i]^2)+(x2[j]^2)-2*B*x1[i]*x2[j]-2*C1*x1[i]-2*C2*x2[j]))}
    
    Rd file 'summary.bayesm.mat.Rd':
     \usage lines wider than 90 characters:
     summary(object, names, burnin = trunc(0.1 * nrow(X)), tvalues, QUANTILES = TRUE, TRAILER = TRUE,...)
    
    These lines will be truncated in the PDF manual.
Flavors: r-devel-linux-x86_64-fedora-clang, r-devel-linux-x86_64-fedora-gcc