CRAN Package Check Results for Package bayesm

Last updated on 2017-07-25 18:46:42.

Flavor Version Tinstall Tcheck Ttotal Status Flags
r-devel-linux-x86_64-debian-clang 3.1-0.1 288.80 270.31 559.10 OK
r-devel-linux-x86_64-debian-gcc 3.1-0.1 315.38 265.14 580.52 OK
r-devel-linux-x86_64-fedora-clang 3.1-0.1 953.95 NOTE
r-devel-linux-x86_64-fedora-gcc 3.1-0.1 1327.94 NOTE
r-devel-windows-ix86+x86_64 3.1-0.1 932.00 474.00 1406.00 NOTE
r-patched-linux-x86_64 3.1-0.1 313.11 271.12 584.23 OK
r-patched-solaris-x86 3.1-0.1 1230.70 NOTE
r-release-linux-x86_64 3.1-0.1 313.30 269.36 582.65 OK
r-release-windows-ix86+x86_64 3.1-0.1 743.00 427.00 1170.00 NOTE
r-release-osx-x86_64 3.1-0.1 NOTE
r-oldrel-windows-ix86+x86_64 3.1-0.1 682.00 423.00 1105.00 NOTE
r-oldrel-osx-x86_64 3.1-0.1 NOTE

Additional issues

gcc-ASAN valgrind

Check Details

Version: 3.1-0.1
Check: installed package size
Result: NOTE
     installed size is 26.8Mb
     sub-directories of 1Mb or more:
     doc 3.2Mb
     libs 22.2Mb
Flavors: r-devel-linux-x86_64-fedora-clang, r-devel-linux-x86_64-fedora-gcc, r-devel-windows-ix86+x86_64, r-patched-solaris-x86, r-release-windows-ix86+x86_64, r-release-osx-x86_64, r-oldrel-windows-ix86+x86_64, r-oldrel-osx-x86_64