CRAN Package Check Results for Package bayesm

Last updated on 2015-03-26 23:47:37.

Flavor Version Tinstall Tcheck Ttotal Status Flags
r-devel-linux-x86_64-debian-clang 2.2-5 2.38 53.76 56.14 NOTE
r-devel-linux-x86_64-debian-gcc 2.2-5 2.43 52.81 55.24 NOTE
r-devel-linux-x86_64-fedora-clang 2.2-5 108.19 NOTE
r-devel-linux-x86_64-fedora-gcc 2.2-5 101.38 NOTE
r-devel-osx-x86_64-clang 2.2-5 87.91 OK
r-prerel-windows-ix86+x86_64 2.2-5 15.00 93.00 108.00 OK
r-prerel-linux-x86_64 2.2-5 2.35 52.78 55.12 NOTE
r-prerel-solaris-sparc 2.2-5 613.50 OK
r-prerel-solaris-x86 2.2-5 109.40 OK
r-release-linux-x86_64 2.2-5 2.82 56.86 59.69 NOTE
r-release-osx-x86_64-mavericks 2.2-5 OK
r-release-windows-ix86+x86_64 2.2-5 16.00 107.00 123.00 OK
r-oldrel-windows-ix86+x86_64 2.2-5 12.00 115.00 127.00 OK

Check Details

Version: 2.2-5
Check: Rd line widths
Result: NOTE
    Rd file 'rDPGibbs.Rd':
     \examples lines wider than 100 characters:
     plot(range(grid[,1]),1.5*range(dchisq(grid[,1],df=chisqdf)),type="n",xlab=paste("Chisq ; ",N," obs",sep=""), ylab="")
     lines(grid[,1],dchisq(grid[,1],df=chisqdf)/(sum(dchisq(grid[,1],df=chisqdf))*deltax),col="blue",lwd=2)
     {tden[i,j]=exp(-0.5*(A*(x1[i]^2)*(x2[j]^2)+(x1[i]^2)+(x2[j]^2)-2*B*x1[i]*x2[j]-2*C1*x1[i]-2*C2*x2[j]))}
    
    Rd file 'summary.bayesm.mat.Rd':
     \usage lines wider than 90 characters:
     summary(object, names, burnin = trunc(0.1 * nrow(X)), tvalues, QUANTILES = TRUE, TRAILER = TRUE,...)
    
    These lines will be truncated in the PDF manual.
Flavors: r-devel-linux-x86_64-debian-clang, r-devel-linux-x86_64-debian-gcc, r-devel-linux-x86_64-fedora-clang, r-devel-linux-x86_64-fedora-gcc, r-prerel-linux-x86_64, r-release-linux-x86_64