Last updated on 2018-04-26 00:46:51 CEST.
Flavor | Version | Tinstall | Tcheck | Ttotal | Status | Flags |
---|---|---|---|---|---|---|
r-devel-linux-x86_64-debian-clang | 3.1-0.1 | 481.46 | 450.87 | 932.33 | OK | |
r-devel-linux-x86_64-debian-gcc | 3.1-0.1 | 402.00 | 371.40 | 773.40 | OK | |
r-devel-linux-x86_64-fedora-clang | 3.1-0.1 | 1325.01 | NOTE | |||
r-devel-linux-x86_64-fedora-gcc | 3.1-0.1 | 1237.21 | NOTE | |||
r-devel-windows-ix86+x86_64 | 3.1-0.1 | 1149.00 | 506.00 | 1655.00 | NOTE | |
r-patched-linux-x86_64 | 3.1-0.1 | 504.25 | 491.03 | 995.28 | OK | |
r-patched-solaris-x86 | 3.1-0.1 | 1543.10 | NOTE | |||
r-release-linux-x86_64 | 3.1-0.1 | 491.78 | 494.43 | 986.21 | OK | |
r-release-windows-ix86+x86_64 | 3.1-0.1 | 1149.00 | 506.00 | 1655.00 | NOTE | |
r-release-osx-x86_64 | 3.1-0.1 | FAIL | ||||
r-oldrel-windows-ix86+x86_64 | 3.1-0.1 | 881.00 | 525.00 | 1406.00 | NOTE | |
r-oldrel-osx-x86_64 | 3.1-0.1 | NOTE |
Version: 3.1-0.1
Check: installed package size
Result: NOTE
installed size is 29.3Mb
sub-directories of 1Mb or more:
doc 3.2Mb
libs 24.4Mb
Flavors: r-devel-linux-x86_64-fedora-clang, r-devel-linux-x86_64-fedora-gcc, r-devel-windows-ix86+x86_64, r-patched-solaris-x86, r-release-windows-ix86+x86_64, r-release-osx-x86_64, r-oldrel-windows-ix86+x86_64, r-oldrel-osx-x86_64
Version: 3.1-0.1
Check: re-building of vignette outputs
Result: FAIL
Flavor: r-release-osx-x86_64