CRAN Package Check Results for Package bayesmix

Last updated on 2015-03-28 11:49:08.

Flavor Version Tinstall Tcheck Ttotal Status Flags
r-devel-linux-x86_64-debian-clang 0.7-3 0.74 12.77 13.50 NOTE
r-devel-linux-x86_64-debian-gcc 0.7-3 0.71 12.31 13.02 NOTE
r-devel-linux-x86_64-fedora-clang 0.7-3 25.47 NOTE
r-devel-linux-x86_64-fedora-gcc 0.7-3 23.00 NOTE
r-devel-osx-x86_64-clang 0.7-3 31.13 NOTE
r-prerel-windows-ix86+x86_64 0.7-3 3.00 22.00 25.00 NOTE
r-prerel-linux-x86_64 0.7-3 0.72 12.36 13.08 NOTE
r-prerel-solaris-sparc 0.7-3 178.90 NOTE
r-prerel-solaris-x86 0.7-3 39.40 NOTE
r-release-linux-x86_64 0.7-3 0.78 14.54 15.32 OK
r-release-osx-x86_64-mavericks 0.7-3 OK
r-release-osx-x86_64-snowleopard 0.7-3 OK
r-release-windows-ix86+x86_64 0.7-3 4.00 26.00 30.00 OK
r-oldrel-windows-ix86+x86_64 0.7-3 4.00 37.00 41.00 OK

Check Details

Version: 0.7-3
Check: DESCRIPTION meta-information
Result: NOTE
    Malformed Description field: should contain one or more complete sentences.
Flavors: r-devel-linux-x86_64-debian-clang, r-devel-linux-x86_64-debian-gcc, r-devel-linux-x86_64-fedora-clang, r-devel-linux-x86_64-fedora-gcc, r-devel-osx-x86_64-clang, r-prerel-windows-ix86+x86_64, r-prerel-linux-x86_64, r-prerel-solaris-sparc, r-prerel-solaris-x86