CRAN Package Check Results for Package bayesmix

Last updated on 2014-07-22 19:47:47.

Flavor Version Tinstall Tcheck Ttotal Status Flags
r-devel-linux-x86_64-debian-clang 0.7-3 0.75 13.75 14.50 OK
r-devel-linux-x86_64-debian-gcc 0.7-3 1.02 13.37 14.39 OK
r-devel-linux-x86_64-fedora-clang 0.7-3 29.32 OK
r-devel-linux-x86_64-fedora-gcc 0.7-3 27.29 OK
r-devel-osx-x86_64-clang 0.7-3 29.85 OK
r-devel-windows-ix86+x86_64 0.7-3 3.00 24.00 27.00 OK
r-patched-linux-x86_64 0.7-3 0.88 13.44 14.32 OK
r-patched-solaris-sparc 0.7-3 171.70 OK
r-patched-solaris-x86 0.7-3 50.20 OK
r-release-linux-ix86 0.7-3 1.08 20.44 21.52 OK
r-release-linux-x86_64 0.7-3 0.78 13.72 14.50 OK
r-release-osx-x86_64-mavericks 0.7-3 ERROR
r-release-osx-x86_64-snowleopard 0.7-3 OK
r-release-windows-ix86+x86_64 0.7-3 3.00 24.00 27.00 OK
r-oldrel-windows-ix86+x86_64 0.7-3 4.00 28.00 32.00 OK

Check Details

Version: 0.7-3
Check: package dependencies
Result: ERROR
    Package required but not available: ‘rjags’
    
    See the information on DESCRIPTION files in the chapter ‘Creating R
    packages’ of the ‘Writing R Extensions’ manual.
Flavor: r-release-osx-x86_64-mavericks