CRAN Package Check Results for Package bayesmix

Last updated on 2014-09-02 05:46:28.

Flavor Version Tinstall Tcheck Ttotal Status Flags
r-devel-linux-x86_64-debian-clang 0.7-3 0.73 13.36 14.10 OK
r-devel-linux-x86_64-debian-gcc 0.7-3 0.71 12.97 13.68 OK
r-devel-linux-x86_64-fedora-clang 0.7-3 29.89 OK
r-devel-linux-x86_64-fedora-gcc 0.7-3 27.18 OK
r-devel-osx-x86_64-clang 0.7-3 29.73 OK
r-devel-windows-ix86+x86_64 0.7-3 3.00 23.00 26.00 OK
r-patched-linux-x86_64 0.7-3 0.75 14.58 15.34 OK
r-patched-solaris-sparc 0.7-3 172.00 OK
r-patched-solaris-x86 0.7-3 50.70 OK
r-release-linux-ix86 0.7-3 1.08 20.59 21.67 OK
r-release-linux-x86_64 0.7-3 0.78 14.67 15.45 OK
r-release-osx-x86_64-mavericks 0.7-3 ERROR
r-release-osx-x86_64-snowleopard 0.7-3 OK
r-release-windows-ix86+x86_64 0.7-3 3.00 43.00 46.00 OK
r-oldrel-windows-ix86+x86_64 0.7-3 6.00 29.00 35.00 OK

Check Details

Version: 0.7-3
Check: package dependencies
Result: ERROR
    Package required but not available: ‘rjags’
    
    See the information on DESCRIPTION files in the chapter ‘Creating R
    packages’ of the ‘Writing R Extensions’ manual.
Flavor: r-release-osx-x86_64-mavericks