CRAN Package Check Results for Package bayesmix

Last updated on 2014-08-27 11:50:46.

Flavor Version Tinstall Tcheck Ttotal Status Flags
r-devel-linux-x86_64-debian-clang 0.7-3 0.73 13.62 14.35 OK
r-devel-linux-x86_64-debian-gcc 0.7-3 0.72 13.18 13.90 OK
r-devel-linux-x86_64-fedora-clang 0.7-3 27.84 OK
r-devel-linux-x86_64-fedora-gcc 0.7-3 26.24 OK
r-devel-osx-x86_64-clang 0.7-3 28.62 OK
r-devel-windows-ix86+x86_64 0.7-3 3.00 22.00 25.00 OK
r-patched-linux-x86_64 0.7-3 0.89 13.64 14.53 OK
r-patched-solaris-sparc 0.7-3 172.00 OK
r-patched-solaris-x86 0.7-3 52.40 OK
r-release-linux-ix86 0.7-3 1.09 20.57 21.66 OK
r-release-linux-x86_64 0.7-3 0.78 14.13 14.91 OK
r-release-osx-x86_64-mavericks 0.7-3 ERROR
r-release-osx-x86_64-snowleopard 0.7-3 OK
r-release-windows-ix86+x86_64 0.7-3 3.00 24.00 27.00 OK
r-oldrel-windows-ix86+x86_64 0.7-3 4.00 28.00 32.00 OK

Check Details

Version: 0.7-3
Check: package dependencies
Result: ERROR
    Package required but not available: ‘rjags’
    
    See the information on DESCRIPTION files in the chapter ‘Creating R
    packages’ of the ‘Writing R Extensions’ manual.
Flavor: r-release-osx-x86_64-mavericks