CRAN Package Check Results for Package bayesmix

Last updated on 2015-07-01 06:48:25.

Flavor Version Tinstall Tcheck Ttotal Status Flags
r-devel-linux-x86_64-debian-clang 0.7-3 0.70 12.39 13.09 NOTE
r-devel-linux-x86_64-debian-gcc 0.7-3 0.68 12.00 12.68 NOTE
r-devel-linux-x86_64-fedora-clang 0.7-3 23.80 NOTE
r-devel-linux-x86_64-fedora-gcc 0.7-3 22.25 NOTE
r-devel-osx-x86_64-clang 0.7-3 25.71 NOTE
r-devel-windows-ix86+x86_64 0.7-3 6.00 36.00 42.00 NOTE
r-patched-linux-x86_64 0.7-3 0.72 12.47 13.18 NOTE
r-patched-solaris-sparc 0.7-3 167.00 NOTE
r-patched-solaris-x86 0.7-3 43.10 NOTE
r-release-linux-x86_64 0.7-3 0.78 12.77 13.54 NOTE
r-release-osx-x86_64-mavericks 0.7-3 NOTE
r-release-windows-ix86+x86_64 0.7-3 3.00 21.00 24.00 NOTE
r-oldrel-windows-ix86+x86_64 0.7-3 4.00 42.00 46.00 OK

Check Details

Version: 0.7-3
Check: DESCRIPTION meta-information
Result: NOTE
    Malformed Description field: should contain one or more complete sentences.
Flavors: r-devel-linux-x86_64-debian-clang, r-devel-linux-x86_64-debian-gcc, r-devel-linux-x86_64-fedora-clang, r-devel-linux-x86_64-fedora-gcc, r-devel-osx-x86_64-clang, r-devel-windows-ix86+x86_64, r-patched-linux-x86_64, r-patched-solaris-sparc, r-patched-solaris-x86, r-release-linux-x86_64, r-release-osx-x86_64-mavericks, r-release-windows-ix86+x86_64

Version: 0.7-3
Check: R code for possible problems
Result: NOTE
    BMMdiag: no visible global function definition for ‘par’
    BMMdiag: no visible global function definition for ‘plot’
    BMMdiag: no visible global function definition for ‘mtext’
    BMMdiag: no visible global function definition for ‘points’
    BMMmodel: no visible global function definition for ‘dnorm’
    BMMposteriori: no visible global function definition for ‘par’
    initsFS: no visible global function definition for ‘quantile’
    initsFS: no visible global function definition for ‘IQR’
    plot.BMMposteriori: no visible global function definition for ‘plot’
    plot.BMMposteriori: no visible global function definition for ‘mtext’
    plot.BMMposteriori: no visible global function definition for ‘points’
    plot.jags: no visible global function definition for ‘par’
    plot.jags: no visible global function definition for ‘start’
    plot.jags: no visible global function definition for ‘end’
    plot.jags: no visible global function definition for ‘plot’
    print.jags: no visible global function definition for ‘start’
    print.jags: no visible global function definition for ‘end’
    priorsFish: no visible global function definition for ‘median’
    priorsRaftery: no visible global function definition for ‘var’
    summaryShort.mcmc: no visible global function definition for ‘as’
    summaryShort.mcmc: no visible binding for global variable ‘var’
    summaryShort.mcmc: no visible binding for global variable ‘quantile’
    summaryShort.mcmc: no visible global function definition for ‘var’
    summaryShort.mcmc: no visible global function definition for ‘quantile’
    summaryShort.mcmc: no visible global function definition for ‘start’
    summaryShort.mcmc: no visible global function definition for ‘end’
Flavors: r-devel-linux-x86_64-debian-clang, r-devel-linux-x86_64-debian-gcc, r-devel-linux-x86_64-fedora-clang, r-devel-linux-x86_64-fedora-gcc, r-devel-windows-ix86+x86_64