CRAN Package Check Results for Package bayesmix

Last updated on 2017-02-26 19:53:33.

Flavor Version Tinstall Tcheck Ttotal Status Flags
r-devel-linux-x86_64-debian-clang 0.7-4 0.96 16.77 17.72 OK
r-devel-linux-x86_64-debian-gcc 0.7-4 0.99 17.03 18.02 OK
r-devel-linux-x86_64-fedora-clang 0.7-4 29.96 OK --no-stop-on-test-error
r-devel-linux-x86_64-fedora-gcc 0.7-4 28.85 OK --no-stop-on-test-error
r-devel-macos-x86_64-clang 0.7-4 26.49 OK --no-stop-on-test-error
r-devel-windows-ix86+x86_64 0.7-4 3.00 51.00 54.00 OK
r-patched-linux-x86_64 0.7-4 0.68 13.55 14.23 OK
r-patched-solaris-sparc 0.7-4 164.30 OK
r-patched-solaris-x86 0.7-4 37.50 OK
r-release-linux-x86_64 0.7-4 0.70 13.15 13.86 OK
r-release-osx-x86_64-mavericks 0.7-4 OK
r-release-windows-ix86+x86_64 0.7-4 5.00 44.00 49.00 OK
r-oldrel-windows-ix86+x86_64 0.7-4 3.00 3.00 6.00 ERROR

Check Details

Version: 0.7-4
Check: whether package can be installed
Result: ERROR
    Installation failed.
Flavor: r-oldrel-windows-ix86+x86_64