CRAN Package Check Results for Package bayesmix

Last updated on 2017-03-23 23:50:31.

Flavor Version Tinstall Tcheck Ttotal Status Flags
r-devel-linux-x86_64-debian-clang 0.7-4 0.96 17.31 18.27 OK
r-devel-linux-x86_64-debian-gcc 0.7-4 0.91 16.75 17.66 OK
r-devel-linux-x86_64-fedora-clang 0.7-4 30.53 OK --no-stop-on-test-error
r-devel-linux-x86_64-fedora-gcc 0.7-4 29.27 OK --no-stop-on-test-error
r-devel-macos-x86_64-clang 0.7-4 25.58 OK --no-stop-on-test-error
r-devel-windows-ix86+x86_64 0.7-4 3.00 55.00 58.00 OK
r-patched-linux-x86_64 0.7-4 0.68 13.86 14.54 OK
r-patched-solaris-sparc 0.7-4 192.60 OK
r-patched-solaris-x86 0.7-4 46.70 OK
r-release-linux-x86_64 0.7-4 0.70 12.97 13.68 OK
r-release-osx-x86_64-mavericks 0.7-4 OK
r-release-windows-ix86+x86_64 0.7-4 6.00 31.00 37.00 OK
r-oldrel-windows-ix86+x86_64 0.7-4 2.00 2.00 4.00 ERROR

Check Details

Version: 0.7-4
Check: whether package can be installed
Result: ERROR
    Installation failed.
Flavor: r-oldrel-windows-ix86+x86_64