CRAN Package Check Results for Package bayesmix

Last updated on 2017-04-23 15:48:08.

Flavor Version Tinstall Tcheck Ttotal Status Flags
r-devel-linux-x86_64-debian-clang 0.7-4 0.98 17.18 18.16 OK
r-devel-linux-x86_64-debian-gcc 0.7-4 0.92 17.78 18.69 OK
r-devel-linux-x86_64-fedora-clang 0.7-4 30.14 OK --no-stop-on-test-error
r-devel-linux-x86_64-fedora-gcc 0.7-4 28.81 OK --no-stop-on-test-error
r-devel-windows-ix86+x86_64 0.7-4 6.00 34.00 40.00 OK
r-patched-linux-x86_64 0.7-4 1.07 16.44 17.51 OK
r-patched-solaris-sparc 0.7-4 192.60 OK
r-patched-solaris-x86 0.7-4 46.50 OK
r-release-linux-x86_64 0.7-4 0.90 16.63 17.53 OK
r-release-windows-ix86+x86_64 0.7-4 4.00 32.00 36.00 OK
r-release-osx-x86_64 0.7-4 ERROR
r-oldrel-windows-ix86+x86_64 0.7-4 3.00 29.00 32.00 OK
r-oldrel-osx-x86_64 0.7-4 OK

Check Details

Version: 0.7-4
Check: package dependencies
Result: ERROR
    Package required but not available: ‘rjags’
    
    See section ‘The DESCRIPTION file’ in the ‘Writing R Extensions’
    manual.
Flavor: r-release-osx-x86_64