CRAN Package Check Results for Package bayespref

Last updated on 2014-04-24 09:48:57.

Flavor Version Tinstall Tcheck Ttotal Status Flags
r-devel-linux-x86_64-debian-clang 1.0 1.11 15.56 16.67 OK
r-devel-linux-x86_64-debian-gcc 1.0 1.00 15.59 16.58 OK
r-devel-linux-x86_64-fedora-clang 1.0 32.11 OK
r-devel-linux-x86_64-fedora-gcc 1.0 31.02 OK
r-devel-osx-x86_64-clang 1.0 33.43 OK
r-devel-osx-x86_64-gcc 1.0 OK
r-devel-windows-ix86+x86_64 1.0 4.00 25.00 29.00 OK
r-patched-linux-x86_64 1.0 0.99 15.63 16.62 OK
r-patched-solaris-sparc 1.0 181.20 OK
r-patched-solaris-x86 1.0 45.80 OK
r-release-linux-ix86 1.0 2.00 32.00 34.00 OK
r-release-linux-x86_64 1.0 1.00 15.69 16.69 OK
r-release-osx-x86_64-mavericks 1.0 WARN
r-release-osx-x86_64-snowleopard 1.0 OK
r-release-windows-ix86+x86_64 1.0 4.00 24.00 28.00 OK
r-oldrel-windows-ix86+x86_64 1.0 4.00 28.00 32.00 OK

Check Details

Version: 1.0
Check: PDF version of manual
Result: WARNING
    LaTeX errors when creating PDF version.
    This typically indicates Rd problems.
    LaTeX errors found:
    ! LaTeX Error: File `upquote.sty' not found.
    
    Type X to quit or <RETURN> to proceed,
    or enter new name. (Default extension: sty)
    
    6a703f1/Rd2.tex:8: ==> Fatal error occurred, no output PDF file produced!
Flavor: r-release-osx-x86_64-mavericks