CRAN Package Check Results for Package bayespref

Last updated on 2015-07-03 23:47:24.

Flavor Version Tinstall Tcheck Ttotal Status Flags
r-devel-linux-x86_64-debian-clang 1.0 0.81 12.55 13.36 NOTE
r-devel-linux-x86_64-debian-gcc 1.0 0.75 12.41 13.16 NOTE
r-devel-linux-x86_64-fedora-clang 1.0 25.13 NOTE
r-devel-linux-x86_64-fedora-gcc 1.0 23.65 NOTE
r-devel-osx-x86_64-clang 1.0 27.02 OK
r-devel-windows-ix86+x86_64 1.0 8.00 22.00 30.00 NOTE
r-patched-linux-x86_64 1.0 0.79 12.63 13.42 OK
r-patched-solaris-sparc 1.0 166.80 OK
r-patched-solaris-x86 1.0 37.60 OK
r-release-linux-x86_64 1.0 0.95 12.92 13.87 OK
r-release-osx-x86_64-mavericks 1.0 OK
r-release-windows-ix86+x86_64 1.0 6.00 21.00 27.00 OK
r-oldrel-windows-ix86+x86_64 1.0 5.00 29.00 34.00 OK

Check Details

Version: 1.0
Check: R code for possible problems
Result: NOTE
    MHratioPopPref: no visible global function definition for ‘runif’
    MratioPopMult: no visible global function definition for ‘dunif’
    MratioPopMult: no visible global function definition for ‘runif’
    bayesPref: no visible global function definition for ‘runif’
    calcP: no visible global function definition for ‘dunif’
    calcP: no visible global function definition for ‘dmultinom’
    calcdic: no visible global function definition for ‘median’
    calcdic: no visible binding for global variable ‘median’
    calcdic: no visible global function definition for ‘dmultinom’
    calcdicExtern: no visible global function definition for ‘median’
    calcdicExtern: no visible global function definition for ‘dmultinom’
    calcdicExtern: no visible binding for global variable ‘median’
    credibleIntervals: no visible global function definition for ‘quantile’
    prefPlot: no visible global function definition for ‘postscript’
    prefPlot: no visible global function definition for ‘plot’
    prefPlot: no visible global function definition for ‘lines’
    prefPlot: no visible global function definition for ‘density’
    prefPlot: no visible global function definition for ‘median’
    prefPlot: no visible global function definition for ‘legend’
    prefPlot: no visible global function definition for ‘dev.off’
    Undefined global functions or variables:
     density dev.off dmultinom dunif legend lines median plot postscript
     quantile runif
Flavors: r-devel-linux-x86_64-debian-clang, r-devel-linux-x86_64-debian-gcc, r-devel-linux-x86_64-fedora-clang, r-devel-linux-x86_64-fedora-gcc, r-devel-windows-ix86+x86_64