CRAN Package Check Results for Package bayesvl

Last updated on 2019-09-18 11:48:49 CEST.

Flavor Version Tinstall Tcheck Ttotal Status Flags
r-devel-linux-x86_64-debian-clang 0.8.5 10.03 57.33 67.36 OK
r-devel-linux-x86_64-debian-gcc 0.8.5 8.56 44.40 52.96 OK
r-devel-linux-x86_64-fedora-clang 0.8.5 83.60 NOTE
r-devel-linux-x86_64-fedora-gcc 0.8.5 80.01 NOTE
r-devel-windows-ix86+x86_64 0.8.5 43.00 169.00 212.00 OK
r-patched-linux-x86_64 0.8.5 8.83 55.87 64.70 OK
r-patched-solaris-x86 0.8.5 130.30 NOTE
r-release-linux-x86_64 0.8.5 9.66 55.56 65.22 OK
r-release-windows-ix86+x86_64 0.8.5 23.00 68.00 91.00 OK
r-release-osx-x86_64 0.8.5 NOTE
r-oldrel-windows-ix86+x86_64 0.8.5 13.00 68.00 81.00 OK
r-oldrel-osx-x86_64 0.8.5 NOTE

Check Details

Version: 0.8.5
Check: dependencies in R code
Result: NOTE
    Namespace in Imports field not imported from: ‘dplyr’
     All declared Imports should be used.
Flavors: r-devel-linux-x86_64-fedora-clang, r-devel-linux-x86_64-fedora-gcc, r-patched-solaris-x86, r-release-osx-x86_64, r-oldrel-osx-x86_64