CRAN Package Check Results for Package bayesvl

Last updated on 2021-11-29 02:48:23 CET.

Flavor Version Tinstall Tcheck Ttotal Status Flags
r-devel-linux-x86_64-debian-clang 0.8.5 OK
r-devel-linux-x86_64-debian-gcc 0.8.5 12.83 70.98 83.81 OK
r-devel-linux-x86_64-fedora-clang 0.8.5 150.39 NOTE
r-devel-linux-x86_64-fedora-gcc 0.8.5 129.07 NOTE
r-devel-windows-x86_64-new-UL 0.8.5 33.00 136.00 169.00 OK
r-devel-windows-x86_64-new-TK 0.8.5 NOTE
r-devel-windows-x86_64-old 0.8.5 25.00 121.00 146.00 OK
r-patched-linux-x86_64 0.8.5 18.68 88.90 107.58 OK
r-patched-solaris-x86 0.8.5 230.80 NOTE
r-release-linux-x86_64 0.8.5 14.42 87.33 101.75 OK
r-release-macos-arm64 0.8.5 NOTE
r-release-macos-x86_64 0.8.5 NOTE
r-release-windows-ix86+x86_64 0.8.5 38.00 121.00 159.00 OK
r-oldrel-macos-x86_64 0.8.5 NOTE
r-oldrel-windows-ix86+x86_64 0.8.5 38.00 127.00 165.00 OK

Check Details

Version: 0.8.5
Check: dependencies in R code
Result: NOTE
    Namespace in Imports field not imported from: ‘dplyr’
     All declared Imports should be used.
Flavors: r-devel-linux-x86_64-fedora-clang, r-devel-linux-x86_64-fedora-gcc, r-devel-windows-x86_64-new-TK, r-patched-solaris-x86, r-release-macos-arm64, r-release-macos-x86_64, r-oldrel-macos-x86_64