CRAN Package Check Results for Package bayesvl

Last updated on 2020-02-18 00:51:59 CET.

Flavor Version Tinstall Tcheck Ttotal Status Flags
r-devel-linux-x86_64-debian-clang 0.8.5 12.17 67.95 80.12 OK
r-devel-linux-x86_64-debian-gcc 0.8.5 9.54 52.93 62.47 OK
r-devel-linux-x86_64-fedora-clang 0.8.5 96.47 NOTE
r-devel-linux-x86_64-fedora-gcc 0.8.5 99.68 NOTE
r-devel-windows-ix86+x86_64 0.8.5 25.00 74.00 99.00 OK
r-devel-windows-ix86+x86_64-gcc8 0.8.5 42.00 111.00 153.00 OK
r-patched-linux-x86_64 0.8.5 9.45 56.68 66.13 OK
r-patched-solaris-x86 0.8.5 133.30 NOTE
r-release-linux-x86_64 0.8.5 9.33 56.48 65.81 OK
r-release-windows-ix86+x86_64 0.8.5 19.00 75.00 94.00 OK
r-release-osx-x86_64 0.8.5 NOTE
r-oldrel-windows-ix86+x86_64 0.8.5 13.00 75.00 88.00 OK
r-oldrel-osx-x86_64 0.8.5 NOTE

Check Details

Version: 0.8.5
Check: dependencies in R code
Result: NOTE
    Namespace in Imports field not imported from: ‘dplyr’
     All declared Imports should be used.
Flavors: r-devel-linux-x86_64-fedora-clang, r-devel-linux-x86_64-fedora-gcc, r-patched-solaris-x86, r-release-osx-x86_64, r-oldrel-osx-x86_64