CRAN Package Check Results for Package bbefkr

Last updated on 2019-08-21 22:48:34 CEST.

Flavor Version Tinstall Tcheck Ttotal Status Flags
r-devel-linux-x86_64-debian-clang 4.2 4.24 40.75 44.99 NOTE
r-devel-linux-x86_64-debian-gcc 4.2 NOTE
r-devel-linux-x86_64-fedora-clang 4.2 56.12 NOTE
r-devel-linux-x86_64-fedora-gcc 4.2 54.77 NOTE
r-devel-windows-ix86+x86_64 4.2 11.00 81.00 92.00 NOTE
r-patched-linux-x86_64 4.2 3.69 40.45 44.14 NOTE
r-patched-solaris-x86 4.2 76.10 NOTE
r-release-linux-x86_64 4.2 3.73 40.70 44.43 NOTE
r-release-windows-ix86+x86_64 4.2 8.00 77.00 85.00 NOTE
r-release-osx-x86_64 4.2 NOTE
r-oldrel-windows-ix86+x86_64 4.2 6.00 58.00 64.00 NOTE
r-oldrel-osx-x86_64 4.2 NOTE

Check Details

Version: 4.2
Check: dependencies in R code
Result: NOTE
    Package in Depends field not imported from: 'splines'
     These packages need to be imported from (in the NAMESPACE file)
     for when this namespace is loaded but not attached.
Flavors: r-devel-linux-x86_64-debian-clang, r-devel-linux-x86_64-debian-gcc, r-devel-linux-x86_64-fedora-clang, r-devel-linux-x86_64-fedora-gcc, r-devel-windows-ix86+x86_64, r-patched-linux-x86_64, r-patched-solaris-x86, r-release-linux-x86_64, r-release-windows-ix86+x86_64, r-release-osx-x86_64, r-oldrel-windows-ix86+x86_64, r-oldrel-osx-x86_64

Version: 4.2
Check: R code for possible problems
Result: NOTE
    bayMCMC_np_global : cost: no visible global function definition for
     'sd'
    bayMCMC_np_global : gibbs_mean: no visible global function definition
     for 'rnorm'
    bayMCMC_np_global : gibbs_mean: no visible global function definition
     for 'runif'
    bayMCMC_np_global : gibbs_erro: no visible global function definition
     for 'rnorm'
    bayMCMC_np_global : gibbs_erro: no visible global function definition
     for 'runif'
    bayMCMC_np_global: no visible global function definition for 'runif'
    bayMCMC_np_local : cost: no visible global function definition for 'sd'
    bayMCMC_np_local : gibbs_mean: no visible global function definition
     for 'rnorm'
    bayMCMC_np_local : gibbs_mean: no visible global function definition
     for 'runif'
    bayMCMC_np_local : gibbs_erro: no visible global function definition
     for 'rnorm'
    bayMCMC_np_local : gibbs_erro: no visible global function definition
     for 'runif'
    bayMCMC_np_local : gibbs_epsilon: no visible global function definition
     for 'rnorm'
    bayMCMC_np_local : gibbs_epsilon: no visible global function definition
     for 'runif'
    bayMCMC_np_local: no visible global function definition for 'runif'
    bayMCMC_semi_global : cost: no visible global function definition for
     'sd'
    bayMCMC_semi_global : gibbs_mean: no visible global function definition
     for 'rnorm'
    bayMCMC_semi_global : gibbs_mean: no visible global function definition
     for 'runif'
    bayMCMC_semi_global : gibbs_erro: no visible global function definition
     for 'rnorm'
    bayMCMC_semi_global : gibbs_erro: no visible global function definition
     for 'runif'
    bayMCMC_semi_global: no visible global function definition for 'runif'
    bayMCMC_semi_local : cost: no visible global function definition for
     'sd'
    bayMCMC_semi_local : gibbs_mean: no visible global function definition
     for 'rnorm'
    bayMCMC_semi_local : gibbs_mean: no visible global function definition
     for 'runif'
    bayMCMC_semi_local : gibbs_erro: no visible global function definition
     for 'rnorm'
    bayMCMC_semi_local : gibbs_erro: no visible global function definition
     for 'runif'
    bayMCMC_semi_local : gibbs_epsilon: no visible global function
     definition for 'rnorm'
    bayMCMC_semi_local : gibbs_epsilon: no visible global function
     definition for 'runif'
    bayMCMC_semi_local: no visible global function definition for 'runif'
    error.cdf: no visible global function definition for 'sd'
    error.cdf: no visible global function definition for 'pnorm'
    error.cdfadj: no visible global function definition for 'sd'
    error.cdfadj: no visible global function definition for 'pnorm'
    error.den: no visible global function definition for 'sd'
    error.den: no visible global function definition for 'dnorm'
    error.denadj: no visible global function definition for 'sd'
    error.denadj: no visible global function definition for 'dnorm'
    loglikelihood_global_admkr: no visible global function definition for
     'sd'
    loglikelihood_local_admkr: no visible global function definition for
     'sd'
    semimetric.deriv: no visible global function definition for
     'splineDesign'
    simasyclaw: no visible global function definition for 'runif'
    simasyclaw: no visible global function definition for 'rnorm'
    simasydoubleclaw: no visible global function definition for 'runif'
    simasydoubleclaw: no visible global function definition for 'rnorm'
    simbimodal: no visible global function definition for 'runif'
    simbimodal: no visible global function definition for 'rnorm'
    simclaw: no visible global function definition for 'runif'
    simclaw: no visible global function definition for 'rnorm'
    simdiscretecomb: no visible global function definition for 'runif'
    simdiscretecomb: no visible global function definition for 'rnorm'
    simdoubleclaw: no visible global function definition for 'runif'
    simdoubleclaw: no visible global function definition for 'rnorm'
    simkurtotic: no visible global function definition for 'runif'
    simkurtotic: no visible global function definition for 'rnorm'
    simoutlier: no visible global function definition for 'runif'
    simoutlier: no visible global function definition for 'rnorm'
    simsepbimodal: no visible global function definition for 'runif'
    simsepbimodal: no visible global function definition for 'rnorm'
    simskewbimodal: no visible global function definition for 'runif'
    simskewbimodal: no visible global function definition for 'rnorm'
    simskewunimodal: no visible global function definition for 'runif'
    simskewunimodal: no visible global function definition for 'rnorm'
    simsmoothcomb: no visible global function definition for 'runif'
    simsmoothcomb: no visible global function definition for 'rnorm'
    simstrongskew: no visible global function definition for 'runif'
    simstrongskew: no visible global function definition for 'rnorm'
    simtrimodal: no visible global function definition for 'runif'
    simtrimodal: no visible global function definition for 'rnorm'
    simulate_error: no visible global function definition for 'rnorm'
    Undefined global functions or variables:
     dnorm pnorm rnorm runif sd splineDesign
    Consider adding
     importFrom("stats", "dnorm", "pnorm", "rnorm", "runif", "sd")
    to your NAMESPACE file.
Flavors: r-devel-linux-x86_64-debian-clang, r-devel-linux-x86_64-debian-gcc, r-devel-linux-x86_64-fedora-clang, r-devel-linux-x86_64-fedora-gcc, r-devel-windows-ix86+x86_64, r-patched-linux-x86_64, r-patched-solaris-x86, r-release-linux-x86_64, r-release-windows-ix86+x86_64, r-release-osx-x86_64, r-oldrel-windows-ix86+x86_64, r-oldrel-osx-x86_64