CRAN Package Check Results for Package bbemkr

Last updated on 2015-03-29 19:48:35.

Flavor Version Tinstall Tcheck Ttotal Status Flags
r-devel-linux-x86_64-debian-clang 2.0 0.94 19.61 20.55 NOTE
r-devel-linux-x86_64-debian-gcc 2.0 0.82 18.76 19.58 NOTE
r-devel-linux-x86_64-fedora-clang 2.0 39.62 NOTE
r-devel-linux-x86_64-fedora-gcc 2.0 36.43 NOTE
r-devel-osx-x86_64-clang 2.0 52.24 NOTE
r-prerel-windows-ix86+x86_64 2.0 5.00 33.00 38.00 NOTE
r-prerel-linux-x86_64 2.0 0.83 18.87 19.70 NOTE
r-prerel-solaris-sparc 2.0 259.30 NOTE
r-prerel-solaris-x86 2.0 51.60 NOTE
r-release-linux-x86_64 2.0 0.89 20.56 21.45 OK
r-release-osx-x86_64-mavericks 2.0 OK
r-release-osx-x86_64-snowleopard 2.0 OK
r-release-windows-ix86+x86_64 2.0 4.00 35.00 39.00 OK
r-oldrel-windows-ix86+x86_64 2.0 5.00 60.00 65.00 OK

Check Details

Version: 2.0
Check: DESCRIPTION meta-information
Result: NOTE
    Malformed Description field: should contain one or more complete sentences.
Flavors: r-devel-linux-x86_64-debian-clang, r-devel-linux-x86_64-debian-gcc, r-devel-linux-x86_64-fedora-clang, r-devel-linux-x86_64-fedora-gcc, r-devel-osx-x86_64-clang, r-prerel-windows-ix86+x86_64, r-prerel-linux-x86_64, r-prerel-solaris-sparc, r-prerel-solaris-x86