CRAN Package Check Results for Package bbemkr

Last updated on 2017-06-24 01:47:02.

Flavor Version Tinstall Tcheck Ttotal Status Flags
r-devel-linux-x86_64-debian-clang 2.0 0.96 22.35 23.31 NOTE
r-devel-linux-x86_64-debian-gcc 2.0 0.94 22.23 23.17 NOTE
r-devel-linux-x86_64-fedora-clang 2.0 40.65 NOTE
r-devel-linux-x86_64-fedora-gcc 2.0 39.25 NOTE
r-devel-windows-ix86+x86_64 2.0 4.00 72.00 76.00 NOTE
r-patched-linux-x86_64 2.0 0.90 21.96 22.86 NOTE
r-patched-solaris-sparc 2.0 245.90 NOTE
r-patched-solaris-x86 2.0 50.40 NOTE
r-release-linux-x86_64 2.0 1.02 23.16 24.18 NOTE
r-release-windows-ix86+x86_64 2.0 4.00 72.00 76.00 NOTE
r-release-osx-x86_64 2.0 WARN
r-oldrel-windows-ix86+x86_64 2.0 6.00 69.00 75.00 NOTE
r-oldrel-osx-x86_64 2.0 NOTE

Check Details

Version: 2.0
Check: DESCRIPTION meta-information
Result: NOTE
    Malformed Description field: should contain one or more complete sentences.
Flavors: r-devel-linux-x86_64-debian-clang, r-devel-linux-x86_64-debian-gcc, r-devel-linux-x86_64-fedora-clang, r-devel-linux-x86_64-fedora-gcc, r-devel-windows-ix86+x86_64, r-patched-linux-x86_64, r-patched-solaris-sparc, r-patched-solaris-x86, r-release-linux-x86_64, r-release-windows-ix86+x86_64, r-release-osx-x86_64, r-oldrel-windows-ix86+x86_64, r-oldrel-osx-x86_64

Version: 2.0
Check: R code for possible problems
Result: NOTE
    LaplaceMetropolis_admkr: no visible binding for global variable
     ‘median’
    LaplaceMetropolis_admkr: no visible global function definition for
     ‘mad’
    LaplaceMetropolis_gaussian: no visible binding for global variable
     ‘median’
    LaplaceMetropolis_gaussian: no visible global function definition for
     ‘mad’
    cost_admkr: no visible global function definition for ‘sd’
    cov_chol: no visible global function definition for ‘qchisq’
    cov_chol_admkr: no visible global function definition for ‘qchisq’
    gibbs_admkr_erro: no visible global function definition for ‘rnorm’
    gibbs_admkr_erro: no visible global function definition for ‘runif’
    gibbs_admkr_nw: no visible global function definition for ‘qnorm’
    gibbs_admkr_nw: no visible global function definition for ‘rnorm’
    gibbs_admkr_nw: no visible global function definition for ‘runif’
    loglikelihood_admkr: no visible global function definition for ‘sd’
    margin_like_admkr: no visible global function definition for ‘sd’
    np_gibbs: no visible global function definition for ‘qnorm’
    np_gibbs: no visible global function definition for ‘rnorm’
    np_gibbs: no visible global function definition for ‘runif’
    np_gibbs: no visible global function definition for ‘rgamma’
    Undefined global functions or variables:
     mad median qchisq qnorm rgamma rnorm runif sd
    Consider adding
     importFrom("stats", "mad", "median", "qchisq", "qnorm", "rgamma",
     "rnorm", "runif", "sd")
    to your NAMESPACE file.
Flavors: r-devel-linux-x86_64-debian-clang, r-devel-linux-x86_64-debian-gcc, r-devel-linux-x86_64-fedora-clang, r-devel-linux-x86_64-fedora-gcc, r-devel-windows-ix86+x86_64, r-patched-linux-x86_64, r-patched-solaris-sparc, r-patched-solaris-x86, r-release-linux-x86_64, r-release-windows-ix86+x86_64, r-release-osx-x86_64, r-oldrel-windows-ix86+x86_64, r-oldrel-osx-x86_64

Version: 2.0
Check: re-building of vignette outputs
Result: WARN
    Error in re-building vignettes:
     ...
    Error in texi2dvi(file = file, pdf = TRUE, clean = clean, quiet = quiet, :
     Running 'texi2dvi' on 'bbemkr.tex' failed.
    LaTeX errors:
    ! LaTeX Error: File `bbm.sty' not found.
    
    Type X to quit or <RETURN> to proceed,
    or enter new name. (Default extension: sty)
    
    ! Emergency stop.
    <read *>
    
    l.8 \usepackage
     [utf8]{inputenc}^^M
    ! ==> Fatal error occurred, no output PDF file produced!
    Calls: buildVignettes -> texi2pdf -> texi2dvi
    Execution halted
Flavor: r-release-osx-x86_64