CRAN Package Check Results for Package bbemkr

Last updated on 2014-09-30 11:48:18.

Flavor Version Tinstall Tcheck Ttotal Status Flags
r-devel-linux-x86_64-debian-clang 2.0 0.88 19.97 20.85 OK
r-devel-linux-x86_64-debian-gcc 2.0 0.85 19.14 19.99 OK
r-devel-linux-x86_64-fedora-clang 2.0 40.94 OK
r-devel-linux-x86_64-fedora-gcc 2.0 38.83 OK
r-devel-osx-x86_64-clang 2.0 43.64 OK
r-devel-windows-ix86+x86_64 2.0 3.00 31.00 34.00 OK
r-patched-linux-x86_64 2.0 0.90 19.87 20.76 OK
r-patched-solaris-sparc 2.0 236.90 OK
r-patched-solaris-x86 2.0 55.00 OK
r-release-linux-ix86 2.0 1.25 28.30 29.55 OK
r-release-linux-x86_64 2.0 0.89 19.68 20.57 OK
r-release-osx-x86_64-mavericks 2.0 NOTE
r-release-osx-x86_64-snowleopard 2.0 OK
r-release-windows-ix86+x86_64 2.0 3.00 31.00 34.00 OK
r-oldrel-windows-ix86+x86_64 2.0 4.00 34.00 38.00 OK

Check Details

Version: 2.0
Check: re-building of vignette outputs
Result: NOTE
    Error in re-building vignettes:
     ...
    Error in texi2dvi(file = file, pdf = TRUE, clean = clean, quiet = quiet, :
     Running 'texi2dvi' on 'bbemkr.tex' failed.
    LaTeX errors:
    ! LaTeX Error: File `bbm.sty' not found.
    
    Type X to quit or <RETURN> to proceed,
    or enter new name. (Default extension: sty)
    
    test/bbemkr/vignettes/bbemkr.tex:8: ==> Fatal error occurred, no output PDF fi
    le produced!
    Calls: buildVignettes -> texi2pdf -> texi2dvi
    Execution halted
Flavor: r-release-osx-x86_64-mavericks