CRAN Package Check Results for Package bbemkr

Last updated on 2016-09-26 20:49:25.

Flavor Version Tinstall Tcheck Ttotal Status Flags
r-devel-linux-x86_64-debian-clang 2.0 0.89 20.05 20.94 NOTE
r-devel-linux-x86_64-debian-gcc 2.0 0.83 19.87 20.70 NOTE
r-devel-linux-x86_64-fedora-clang 2.0 36.99 NOTE
r-devel-linux-x86_64-fedora-gcc 2.0 35.48 NOTE
r-devel-macos-x86_64-clang 2.0 33.02 NOTE
r-devel-windows-ix86+x86_64 2.0 8.00 66.00 74.00 NOTE
r-patched-linux-x86_64 2.0 0.78 20.10 20.88 NOTE
r-patched-solaris-sparc 2.0 206.90 NOTE
r-patched-solaris-x86 2.0 42.10 NOTE
r-release-linux-x86_64 2.0 0.77 20.63 21.40 NOTE
r-release-osx-x86_64-mavericks 2.0 NOTE
r-release-windows-ix86+x86_64 2.0 7.00 68.00 75.00 NOTE
r-oldrel-windows-ix86+x86_64 2.0 8.00 72.00 80.00 NOTE

Check Details

Version: 2.0
Check: DESCRIPTION meta-information
Result: NOTE
    Malformed Description field: should contain one or more complete sentences.
Flavors: r-devel-linux-x86_64-debian-clang, r-devel-linux-x86_64-debian-gcc, r-devel-linux-x86_64-fedora-clang, r-devel-linux-x86_64-fedora-gcc, r-devel-macos-x86_64-clang, r-devel-windows-ix86+x86_64, r-patched-linux-x86_64, r-patched-solaris-sparc, r-patched-solaris-x86, r-release-linux-x86_64, r-release-osx-x86_64-mavericks, r-release-windows-ix86+x86_64, r-oldrel-windows-ix86+x86_64

Version: 2.0
Check: R code for possible problems
Result: NOTE
    LaplaceMetropolis_admkr: no visible binding for global variable
     ‘median’
    LaplaceMetropolis_admkr: no visible global function definition for
     ‘mad’
    LaplaceMetropolis_gaussian: no visible binding for global variable
     ‘median’
    LaplaceMetropolis_gaussian: no visible global function definition for
     ‘mad’
    cost_admkr: no visible global function definition for ‘sd’
    cov_chol: no visible global function definition for ‘qchisq’
    cov_chol_admkr: no visible global function definition for ‘qchisq’
    gibbs_admkr_erro: no visible global function definition for ‘rnorm’
    gibbs_admkr_erro: no visible global function definition for ‘runif’
    gibbs_admkr_nw: no visible global function definition for ‘qnorm’
    gibbs_admkr_nw: no visible global function definition for ‘rnorm’
    gibbs_admkr_nw: no visible global function definition for ‘runif’
    loglikelihood_admkr: no visible global function definition for ‘sd’
    margin_like_admkr: no visible global function definition for ‘sd’
    np_gibbs: no visible global function definition for ‘qnorm’
    np_gibbs: no visible global function definition for ‘rnorm’
    np_gibbs: no visible global function definition for ‘runif’
    np_gibbs: no visible global function definition for ‘rgamma’
    Undefined global functions or variables:
     mad median qchisq qnorm rgamma rnorm runif sd
    Consider adding
     importFrom("stats", "mad", "median", "qchisq", "qnorm", "rgamma",
     "rnorm", "runif", "sd")
    to your NAMESPACE file.
Flavors: r-devel-linux-x86_64-debian-clang, r-devel-linux-x86_64-debian-gcc, r-devel-linux-x86_64-fedora-clang, r-devel-linux-x86_64-fedora-gcc, r-devel-macos-x86_64-clang, r-devel-windows-ix86+x86_64, r-patched-linux-x86_64, r-patched-solaris-sparc, r-patched-solaris-x86, r-release-linux-x86_64, r-release-osx-x86_64-mavericks, r-release-windows-ix86+x86_64