CRAN Package Check Results for Package bbemkr

Last updated on 2014-04-24 11:48:42.

Flavor Version Tinstall Tcheck Ttotal Status Flags
r-devel-linux-x86_64-debian-clang 2.0 0.91 19.36 20.27 OK
r-devel-linux-x86_64-debian-gcc 2.0 0.92 19.24 20.15 OK
r-devel-linux-x86_64-fedora-clang 2.0 41.37 OK
r-devel-linux-x86_64-fedora-gcc 2.0 40.20 OK
r-devel-osx-x86_64-clang 2.0 40.72 OK
r-devel-osx-x86_64-gcc 2.0 OK
r-devel-windows-ix86+x86_64 2.0 3.00 31.00 34.00 OK
r-patched-linux-x86_64 2.0 0.90 19.46 20.36 OK
r-patched-solaris-sparc 2.0 216.10 OK
r-patched-solaris-x86 2.0 53.30 OK
r-release-linux-ix86 2.0 2.00 38.00 40.00 OK
r-release-linux-x86_64 2.0 0.94 19.11 20.05 OK
r-release-osx-x86_64-mavericks 2.0 WARN
r-release-osx-x86_64-snowleopard 2.0 OK
r-release-windows-ix86+x86_64 2.0 3.00 32.00 35.00 OK
r-oldrel-windows-ix86+x86_64 2.0 3.00 32.00 35.00 OK

Check Details

Version: 2.0
Check: re-building of vignette outputs
Result: NOTE
    Error in re-building vignettes:
     ...
    Error in texi2dvi(file = file, pdf = TRUE, clean = clean, quiet = quiet, :
     Running 'texi2dvi' on 'bbemkr.tex' failed.
    LaTeX errors:
    ! LaTeX Error: File `bbm.sty' not found.
    
    Type X to quit or <RETURN> to proceed,
    or enter new name. (Default extension: sty)
    
    test/bbemkr/vignettes/bbemkr.tex:8: ==> Fatal error occurred, no output PDF fi
    le produced!
    Calls: buildVignettes -> texi2pdf -> texi2dvi
    Execution halted
Flavor: r-release-osx-x86_64-mavericks

Version: 2.0
Check: PDF version of manual
Result: WARNING
    LaTeX errors when creating PDF version.
    This typically indicates Rd problems.
    LaTeX errors found:
    ! LaTeX Error: File `upquote.sty' not found.
    
    Type X to quit or <RETURN> to proceed,
    or enter new name. (Default extension: sty)
    
    /private/tmp/RtmpUyPM4S/Rd2pdf12a6c65ea6b84/Rd2.tex:8: ==> Fatal error occurre
    d, no output PDF file produced!
Flavor: r-release-osx-x86_64-mavericks