CRAN Package Check Results for Package bbemkr

Last updated on 2015-05-04 22:46:38.

Flavor Version Tinstall Tcheck Ttotal Status Flags
r-devel-linux-x86_64-debian-clang 2.0 0.84 19.17 20.01 NOTE
r-devel-linux-x86_64-debian-gcc 2.0 0.82 18.81 19.63 NOTE
r-devel-linux-x86_64-fedora-clang 2.0 40.18 NOTE
r-devel-linux-x86_64-fedora-gcc 2.0 36.39 NOTE
r-devel-osx-x86_64-clang 2.0 47.95 NOTE
r-devel-windows-ix86+x86_64 2.0 4.00 31.00 35.00 NOTE
r-patched-linux-x86_64 2.0 0.88 18.93 19.81 NOTE
r-patched-solaris-sparc 2.0 259.30 NOTE
r-patched-solaris-x86 2.0 51.50 NOTE
r-release-linux-x86_64 2.0 0.84 19.07 19.91 NOTE
r-release-osx-x86_64-mavericks 2.0 NOTE
r-release-osx-x86_64-snowleopard 2.0 NOTE
r-release-windows-ix86+x86_64 2.0 4.00 32.00 36.00 NOTE
r-oldrel-windows-ix86+x86_64 2.0 3.00 34.00 37.00 OK

Check Details

Version: 2.0
Check: DESCRIPTION meta-information
Result: NOTE
    Malformed Description field: should contain one or more complete sentences.
Flavors: r-devel-linux-x86_64-debian-clang, r-devel-linux-x86_64-debian-gcc, r-devel-linux-x86_64-fedora-clang, r-devel-linux-x86_64-fedora-gcc, r-devel-osx-x86_64-clang, r-devel-windows-ix86+x86_64, r-patched-linux-x86_64, r-patched-solaris-sparc, r-patched-solaris-x86, r-release-linux-x86_64, r-release-osx-x86_64-mavericks, r-release-osx-x86_64-snowleopard, r-release-windows-ix86+x86_64