CRAN Package Check Results for Package bbmle

Last updated on 2017-05-25 06:47:34.

Flavor Version Tinstall Tcheck Ttotal Status Flags
r-devel-linux-x86_64-debian-clang 1.0.19 1.78 107.79 109.56 OK
r-devel-linux-x86_64-debian-gcc 1.0.19 1.58 106.48 108.05 OK
r-devel-linux-x86_64-fedora-clang 1.0.19 212.27 OK --no-stop-on-test-error
r-devel-linux-x86_64-fedora-gcc 1.0.19 202.80 OK --no-stop-on-test-error
r-devel-windows-ix86+x86_64 1.0.19 7.00 203.00 210.00 OK
r-patched-linux-x86_64 1.0.19 1.42 105.77 107.19 OK
r-patched-solaris-sparc 1.0.19 1164.60 OK
r-patched-solaris-x86 1.0.19 237.10 OK
r-release-linux-x86_64 1.0.19 1.43 105.69 107.12 OK
r-release-windows-ix86+x86_64 1.0.19 7.00 188.00 195.00 OK
r-release-osx-x86_64 1.0.19 WARN
r-oldrel-windows-ix86+x86_64 1.0.19 6.00 211.00 217.00 OK
r-oldrel-osx-x86_64 1.0.19 OK

Check Details

Version: 1.0.19
Check: re-building of vignette outputs
Result: WARN
    Error in re-building vignettes:
     ...
     NaNs produced
    Warning in dbinom(x = c(0, 2, 1, 3, 4, 5, 0, 0, 0, 0, 1, 0, 0, 0, 0), prob = c(2.24718525433143, :
     NaNs produced
    Warning in dbinom(x = c(0, 2, 1, 3, 4, 5, 0, 0, 0, 0, 1, 0, 0, 0, 0), prob = c(0.219940849413555, :
     NaNs produced
    Warning in dbinom(x = c(0, 2, 1, 3, 4, 5, 0, 0, 0, 0, 1, 0, 0, 0, 0), prob = c(2.76406402172104, :
     NaNs produced
    Warning in dbinom(x = c(0, 2, 1, 3, 4, 5, 0, 0, 0, 0, 1, 0, 0, 0, 0), prob = c(0.191138285903703, :
     NaNs produced
    Warning in dbinom(x = c(0, 2, 1, 3, 4, 5, 0, 0, 0, 0, 1, 0, 0, 0, 0), prob = c(2.76406402172104, :
     NaNs produced
    Warning in dbinom(x = c(0, 2, 1, 3, 4, 5, 0, 0, 0, 0, 1, 0, 0, 0, 0), prob = c(0.191138285903703, :
     NaNs produced
    Error in texi2dvi(file = file, pdf = TRUE, clean = clean, quiet = quiet, :
     Running 'texi2dvi' on 'mle2.tex' failed.
    BibTeX errors:
    The top-level auxiliary file: mle2.aux
    I couldn't open style file chicago.bst
    ---line 19 of file mle2.aux
     : \bibstyle{chicago
     : }
    I'm skipping whatever remains of this command
    I found no style file---while reading file mle2.aux
    Calls: buildVignettes -> texi2pdf -> texi2dvi
    Execution halted
Flavor: r-release-osx-x86_64