CRAN Package Check Results for Package bbmle

Last updated on 2016-05-01 06:50:09.

Flavor Version Tinstall Tcheck Ttotal Status Flags
r-devel-linux-x86_64-debian-gcc 1.0.18 1.29 67.70 68.99 OK
r-devel-linux-x86_64-fedora-clang 1.0.18 126.40 OK
r-devel-linux-x86_64-fedora-gcc 1.0.18 120.86 OK
r-devel-osx-x86_64-clang 1.0.18 132.32 OK
r-devel-windows-ix86+x86_64 1.0.18 4.00 125.00 129.00 OK
r-patched-linux-x86_64 1.0.18 1.33 63.87 65.20 OK
r-patched-solaris-sparc 1.0.18 740.70 OK
r-patched-solaris-x86 1.0.18 152.60 OK
r-release-linux-x86_64 1.0.18 1.28 67.70 68.99 OK
r-release-osx-x86_64-mavericks 1.0.18 NOTE
r-release-windows-ix86+x86_64 1.0.18 9.00 153.00 162.00 OK
r-oldrel-windows-ix86+x86_64 1.0.18 11.00 170.00 181.00 OK

Check Details

Version: 1.0.18
Check: re-building of vignette outputs
Result: NOTE
    Error in re-building vignettes:
     ...
    Loading required package: knitr
    Loading required package: lattice
    Loading required package: survival
    Loading required package: Formula
    Loading required package: ggplot2
    
    Attaching package: 'Hmisc'
    
    The following objects are masked from 'package:base':
    
     format.pval, round.POSIXt, trunc.POSIXt, units
    
    Loading required package: stats4
    Error in unloadNamespace(package) :
     namespace 'bbmle' is imported by 'emdbook' so cannot be unloaded
    Error in unloadNamespace(package) :
     namespace 'bbmle' is imported by 'emdbook' so cannot be unloaded
    Quitting from lines 134-143 (quasi.Rnw)
    Error: processing vignette 'quasi.Rnw' failed with diagnostics:
    Package 'bbmle' version 1.0.17 cannot be unloaded
    Execution halted
Flavor: r-release-osx-x86_64-mavericks