CRAN Package Check Results for Package bbmle

Last updated on 2014-10-31 15:50:03.

Flavor Version Tinstall Tcheck Ttotal Status Flags
r-devel-linux-x86_64-debian-clang 1.0.17 1.30 81.33 82.63 NOTE
r-devel-linux-x86_64-debian-gcc 1.0.17 1.26 82.56 83.82 NOTE
r-devel-linux-x86_64-fedora-clang 1.0.17 174.58 NOTE
r-devel-linux-x86_64-fedora-gcc 1.0.17 167.03 NOTE
r-devel-osx-x86_64-clang 1.0.17 149.68 NOTE
r-devel-windows-ix86+x86_64 1.0.17 4.00 122.00 126.00 NOTE
r-patched-linux-x86_64 1.0.17 1.46 91.71 93.17 NOTE
r-patched-solaris-sparc 1.0.17 923.40 NOTE
r-patched-solaris-x86 1.0.17 213.00 NOTE
r-release-linux-ix86 1.0.17 1.80 143.80 145.60 OK
r-release-linux-x86_64 1.0.17 1.38 88.02 89.40 OK
r-release-osx-x86_64-mavericks 1.0.17 OK
r-release-osx-x86_64-snowleopard 1.0.17 OK
r-release-windows-ix86+x86_64 1.0.17 5.00 136.00 141.00 OK
r-oldrel-windows-ix86+x86_64 1.0.17 5.00 133.00 138.00 OK

Check Details

Version: 1.0.17
Check: R code for possible problems
Result: NOTE
    splom.slice : up0: no visible global function definition for
     ‘panel.points’
    splom.slice: no visible binding for global variable ‘diag.panel.splom’
    xyplot.slice : pfun: no visible global function definition for
     ‘panel.xyplot’
    xyplot.slice : pfun: no visible global function definition for
     ‘panel.abline’
    xyplot.slice : pfun: no visible global function definition for
     ‘panel.number’
Flavors: r-devel-linux-x86_64-debian-clang, r-devel-linux-x86_64-debian-gcc, r-devel-linux-x86_64-fedora-clang, r-devel-linux-x86_64-fedora-gcc, r-devel-osx-x86_64-clang, r-devel-windows-ix86+x86_64, r-patched-linux-x86_64, r-patched-solaris-sparc, r-patched-solaris-x86