CRAN Package Check Results for Package bbmle

Last updated on 2015-03-29 17:51:29.

Flavor Version Tinstall Tcheck Ttotal Status Flags
r-devel-linux-x86_64-debian-clang 1.0.17 1.22 78.20 79.43 NOTE
r-devel-linux-x86_64-debian-gcc 1.0.17 1.22 75.44 76.65 NOTE
r-devel-linux-x86_64-fedora-clang 1.0.17 158.65 NOTE
r-devel-linux-x86_64-fedora-gcc 1.0.17 151.59 NOTE
r-devel-osx-x86_64-clang 1.0.17 149.68 NOTE
r-prerel-windows-ix86+x86_64 1.0.17 8.00 125.00 133.00 NOTE
r-prerel-linux-x86_64 1.0.17 1.40 76.58 77.97 NOTE
r-prerel-solaris-sparc 1.0.17 994.00 NOTE
r-prerel-solaris-x86 1.0.17 187.80 NOTE
r-release-linux-x86_64 1.0.17 1.31 85.68 87.00 NOTE
r-release-osx-x86_64-mavericks 1.0.17 NOTE
r-release-osx-x86_64-snowleopard 1.0.17 OK
r-release-windows-ix86+x86_64 1.0.17 6.00 137.00 143.00 NOTE
r-oldrel-windows-ix86+x86_64 1.0.17 6.00 141.00 147.00 OK

Check Details

Version: 1.0.17
Check: R code for possible problems
Result: NOTE
    splom.slice : up0: no visible global function definition for
     ‘panel.points’
    splom.slice: no visible binding for global variable ‘diag.panel.splom’
    xyplot.slice : pfun: no visible global function definition for
     ‘panel.xyplot’
    xyplot.slice : pfun: no visible global function definition for
     ‘panel.abline’
    xyplot.slice : pfun: no visible global function definition for
     ‘panel.number’
Flavors: r-devel-linux-x86_64-debian-clang, r-devel-linux-x86_64-debian-gcc, r-devel-linux-x86_64-fedora-clang, r-devel-linux-x86_64-fedora-gcc, r-devel-osx-x86_64-clang, r-prerel-windows-ix86+x86_64, r-prerel-linux-x86_64, r-prerel-solaris-sparc, r-prerel-solaris-x86, r-release-linux-x86_64, r-release-osx-x86_64-mavericks, r-release-windows-ix86+x86_64