CRAN Package Check Results for Package bbmle

Last updated on 2015-01-29 23:48:10.

Flavor Version Tinstall Tcheck Ttotal Status Flags
r-devel-linux-x86_64-debian-clang 1.0.17 1.38 79.46 80.84 NOTE
r-devel-linux-x86_64-debian-gcc 1.0.17 1.50 81.22 82.72 NOTE
r-devel-linux-x86_64-fedora-clang 1.0.17 169.60 NOTE
r-devel-linux-x86_64-fedora-gcc 1.0.17 166.96 NOTE
r-devel-osx-x86_64-clang 1.0.17 155.82 NOTE
r-devel-windows-ix86+x86_64 1.0.17 6.00 127.00 133.00 NOTE
r-patched-linux-x86_64 1.0.17 1.32 87.46 88.78 NOTE
r-patched-solaris-sparc 1.0.17 1100.70 NOTE
r-patched-solaris-x86 1.0.17 213.00 NOTE
r-release-linux-ix86 1.0.17 1.74 106.13 107.87 NOTE
r-release-linux-x86_64 1.0.17 1.32 87.37 88.69 NOTE
r-release-osx-x86_64-mavericks 1.0.17 NOTE
r-release-osx-x86_64-snowleopard 1.0.17 OK
r-release-windows-ix86+x86_64 1.0.17 7.00 130.00 137.00 NOTE
r-oldrel-windows-ix86+x86_64 1.0.17 6.00 139.00 145.00 OK

Check Details

Version: 1.0.17
Check: R code for possible problems
Result: NOTE
    splom.slice : up0: no visible global function definition for
     ‘panel.points’
    splom.slice: no visible binding for global variable ‘diag.panel.splom’
    xyplot.slice : pfun: no visible global function definition for
     ‘panel.xyplot’
    xyplot.slice : pfun: no visible global function definition for
     ‘panel.abline’
    xyplot.slice : pfun: no visible global function definition for
     ‘panel.number’
Flavors: r-devel-linux-x86_64-debian-clang, r-devel-linux-x86_64-debian-gcc, r-devel-linux-x86_64-fedora-clang, r-devel-linux-x86_64-fedora-gcc, r-devel-osx-x86_64-clang, r-devel-windows-ix86+x86_64, r-patched-linux-x86_64, r-patched-solaris-sparc, r-patched-solaris-x86, r-release-linux-ix86, r-release-linux-x86_64, r-release-osx-x86_64-mavericks, r-release-windows-ix86+x86_64