CRAN Package Check Results for Package bbmle

Last updated on 2015-04-25 12:46:11.

Flavor Version Tinstall Tcheck Ttotal Status Flags
r-devel-linux-x86_64-debian-clang 1.0.17 1.23 63.18 64.41 NOTE
r-devel-linux-x86_64-debian-gcc 1.0.17 1.21 61.72 62.94 NOTE
r-devel-linux-x86_64-fedora-clang 1.0.17 130.35 NOTE
r-devel-linux-x86_64-fedora-gcc 1.0.17 131.04 NOTE
r-devel-osx-x86_64-clang 1.0.17 120.80 NOTE
r-devel-windows-ix86+x86_64 1.0.17 4.00 102.00 106.00 NOTE
r-patched-linux-x86_64 1.0.17 1.22 62.68 63.90 NOTE
r-patched-solaris-sparc 1.0.17 994.00 NOTE
r-patched-solaris-x86 1.0.17 187.50 NOTE
r-release-linux-x86_64 1.0.17 1.20 62.56 63.76 NOTE
r-release-osx-x86_64-mavericks 1.0.17 NOTE
r-release-osx-x86_64-snowleopard 1.0.17 ERROR
r-release-windows-ix86+x86_64 1.0.17 6.00 97.00 103.00 NOTE
r-oldrel-windows-ix86+x86_64 1.0.17 4.00 118.00 122.00 NOTE

Check Details

Version: 1.0.17
Check: R code for possible problems
Result: NOTE
    splom.slice : up0: no visible global function definition for
     'panel.points'
    splom.slice: no visible binding for global variable 'diag.panel.splom'
    xyplot.slice : pfun: no visible global function definition for
     'panel.xyplot'
    xyplot.slice : pfun: no visible global function definition for
     'panel.abline'
    xyplot.slice : pfun: no visible global function definition for
     'panel.number'
Flavors: r-devel-windows-ix86+x86_64, r-release-windows-ix86+x86_64, r-oldrel-windows-ix86+x86_64