CRAN Package Check Results for Package bbmle

Last updated on 2017-08-22 02:47:27.

Flavor Version Tinstall Tcheck Ttotal Status Flags
r-devel-linux-x86_64-debian-clang 1.0.19 1.41 106.40 107.81 OK
r-devel-linux-x86_64-debian-gcc 1.0.19 1.57 104.17 105.74 OK
r-devel-linux-x86_64-fedora-clang 1.0.19 205.97 OK
r-devel-linux-x86_64-fedora-gcc 1.0.19 217.23 OK
r-devel-windows-ix86+x86_64 1.0.19 11.00 261.00 272.00 OK
r-patched-linux-x86_64 1.0.19 1.40 106.22 107.62 OK
r-patched-solaris-x86 1.0.19 240.40 OK
r-release-linux-x86_64 1.0.19 1.40 108.07 109.47 OK
r-release-windows-ix86+x86_64 1.0.19 7.00 264.00 271.00 OK
r-release-osx-x86_64 1.0.19 WARN
r-oldrel-windows-ix86+x86_64 1.0.19 5.00 137.00 142.00 OK
r-oldrel-osx-x86_64 1.0.19 OK

Check Details

Version: 1.0.19
Check: re-building of vignette outputs
Result: WARN
    Error in re-building vignettes:
     ...
     NaNs produced
    Warning in dbinom(x = c(0, 2, 1, 3, 4, 5, 0, 0, 0, 0, 1, 0, 0, 0, 0), prob = c(2.24718525433143, :
     NaNs produced
    Warning in dbinom(x = c(0, 2, 1, 3, 4, 5, 0, 0, 0, 0, 1, 0, 0, 0, 0), prob = c(0.219940849413555, :
     NaNs produced
    Warning in dbinom(x = c(0, 2, 1, 3, 4, 5, 0, 0, 0, 0, 1, 0, 0, 0, 0), prob = c(2.76406402172104, :
     NaNs produced
    Warning in dbinom(x = c(0, 2, 1, 3, 4, 5, 0, 0, 0, 0, 1, 0, 0, 0, 0), prob = c(0.191138285903703, :
     NaNs produced
    Warning in dbinom(x = c(0, 2, 1, 3, 4, 5, 0, 0, 0, 0, 1, 0, 0, 0, 0), prob = c(2.76406402172104, :
     NaNs produced
    Warning in dbinom(x = c(0, 2, 1, 3, 4, 5, 0, 0, 0, 0, 1, 0, 0, 0, 0), prob = c(0.191138285903703, :
     NaNs produced
    Error in texi2dvi(file = file, pdf = TRUE, clean = clean, quiet = quiet, :
     Running 'texi2dvi' on 'mle2.tex' failed.
    BibTeX errors:
    The top-level auxiliary file: mle2.aux
    I couldn't open style file chicago.bst
    ---line 19 of file mle2.aux
     : \bibstyle{chicago
     : }
    I'm skipping whatever remains of this command
    I found no style file---while reading file mle2.aux
    Calls: buildVignettes -> texi2pdf -> texi2dvi
    Execution halted
Flavor: r-release-osx-x86_64