CRAN Package Check Results for Package bbmle

Last updated on 2014-04-19 05:47:41.

Flavor Version Tinstall Tcheck Ttotal Status Flags
r-devel-linux-x86_64-debian-clang 1.0.16 1.53 84.72 86.25 OK
r-devel-linux-x86_64-debian-gcc 1.0.16 1.42 85.32 86.74 OK
r-devel-linux-x86_64-fedora-clang 1.0.16 176.98 OK
r-devel-linux-x86_64-fedora-gcc 1.0.16 167.69 OK
r-devel-macosx-x86_64-clang 1.0.16 133.56 OK
r-devel-macosx-x86_64-gcc 1.0.16 NOTE
r-devel-windows-ix86+x86_64 1.0.16 5.00 126.00 131.00 OK
r-patched-linux-x86_64 1.0.16 1.55 87.97 89.52 OK
r-patched-solaris-sparc 1.0.16 983.40 OK
r-patched-solaris-x86 1.0.16 201.70 OK
r-release-linux-ix86 1.0.16 3.00 134.00 137.00 OK
r-release-linux-x86_64 1.0.16 1.51 86.63 88.14 OK
r-release-macosx-x86_64 1.0.16 OK
r-release-windows-ix86+x86_64 1.0.16 4.00 128.00 132.00 OK
r-oldrel-windows-ix86+x86_64 1.0.16 5.00 122.00 127.00 OK

Check Details

Version: 1.0.16
Check: package dependencies
Result: NOTE
    Packages suggested but not available for checking:
     ‘emdbook’ ‘rms’ ‘ggplot2’ ‘AICcmodavg’ ‘Hmisc’ ‘knitr’
    
    Files named as vignettes but with no recognized vignette engine:
     ‘inst/doc/mle2.Rnw’
     ‘inst/doc/quasi.Rnw’
    (Is a VignetteBuilder field missing?)
Flavor: r-devel-macosx-x86_64-gcc

Version: 1.0.16
Check: R code for possible problems
Result: NOTE
    splom.slice : up0: no visible global function definition for
     ‘panel.points’
    splom.slice: no visible binding for global variable ‘diag.panel.splom’
    xyplot.slice : pfun: no visible global function definition for
     ‘panel.xyplot’
    xyplot.slice : pfun: no visible global function definition for
     ‘panel.abline’
    xyplot.slice : pfun: no visible global function definition for
     ‘panel.number’
Flavor: r-devel-macosx-x86_64-gcc