CRAN Package Check Results for Package bbmle

Last updated on 2015-05-30 06:46:36.

Flavor Version Tinstall Tcheck Ttotal Status Flags
r-devel-linux-x86_64-debian-clang 1.0.17 1.24 63.69 64.93 NOTE
r-devel-linux-x86_64-debian-gcc 1.0.17 1.19 60.66 61.85 NOTE
r-devel-linux-x86_64-fedora-clang 1.0.17 130.40 NOTE
r-devel-linux-x86_64-fedora-gcc 1.0.17 120.99 NOTE
r-devel-osx-x86_64-clang 1.0.17 114.37 NOTE
r-devel-windows-ix86+x86_64 1.0.17 5.00 109.00 114.00 NOTE
r-patched-linux-x86_64 1.0.17 1.20 60.77 61.96 NOTE
r-patched-solaris-sparc 1.0.17 763.50 NOTE
r-patched-solaris-x86 1.0.17 156.10 NOTE
r-release-linux-x86_64 1.0.17 1.30 61.83 63.13 NOTE
r-release-osx-x86_64-mavericks 1.0.17 NOTE
r-release-osx-x86_64-snowleopard 1.0.17 ERROR
r-release-windows-ix86+x86_64 1.0.17 5.00 104.00 109.00 NOTE
r-oldrel-windows-ix86+x86_64 1.0.17 5.00 104.00 109.00 NOTE

Check Details

Version: 1.0.17
Check: R code for possible problems
Result: NOTE
    splom.slice : up0: no visible global function definition for
     ‘panel.points’
    splom.slice: no visible binding for global variable ‘diag.panel.splom’
    xyplot.slice : pfun: no visible global function definition for
     ‘panel.xyplot’
    xyplot.slice : pfun: no visible global function definition for
     ‘panel.abline’
    xyplot.slice : pfun: no visible global function definition for
     ‘panel.number’
Flavors: r-devel-linux-x86_64-debian-clang, r-devel-linux-x86_64-debian-gcc, r-devel-linux-x86_64-fedora-clang, r-devel-linux-x86_64-fedora-gcc, r-devel-osx-x86_64-clang, r-devel-windows-ix86+x86_64, r-patched-linux-x86_64, r-patched-solaris-sparc, r-patched-solaris-x86, r-release-linux-x86_64, r-release-osx-x86_64-mavericks, r-release-windows-ix86+x86_64, r-oldrel-windows-ix86+x86_64

Version: 1.0.17
Check: package dependencies
Result: ERROR
    Packages suggested but not available for checking:
     ‘rms’ ‘ggplot2’ ‘Hmisc’ ‘knitr’
    
    VignetteBuilder package required for checking but not installed: ‘knitr’
    
    Files named as vignettes but with no recognized vignette engine:
     ‘inst/doc/mle2.Rnw’
     ‘inst/doc/quasi.Rnw’
    (Is a VignetteBuilder field missing?)
    
    See section ‘The DESCRIPTION file’ in the ‘Writing R Extensions’
    manual.
Flavor: r-release-osx-x86_64-snowleopard