CRAN Package Check Results for Package bbmle

Last updated on 2014-08-23 20:46:48.

Flavor Version Tinstall Tcheck Ttotal Status Flags
r-devel-linux-x86_64-debian-clang 1.0.17 1.29 79.50 80.79 NOTE
r-devel-linux-x86_64-debian-gcc 1.0.17 1.26 77.34 78.59 NOTE
r-devel-linux-x86_64-fedora-clang 1.0.17 166.41 NOTE
r-devel-linux-x86_64-fedora-gcc 1.0.17 158.15 NOTE
r-devel-osx-x86_64-clang 1.0.17 139.53 NOTE
r-devel-windows-ix86+x86_64 1.0.17 4.00 119.00 123.00 OK
r-patched-linux-x86_64 1.0.17 1.33 83.20 84.53 OK
r-patched-solaris-sparc 1.0.17 968.00 OK
r-patched-solaris-x86 1.0.17 204.10 OK
r-release-linux-ix86 1.0.17 1.84 108.08 109.93 OK
r-release-linux-x86_64 1.0.17 1.62 84.75 86.37 OK
r-release-osx-x86_64-mavericks 1.0.17 OK
r-release-osx-x86_64-snowleopard 1.0.17 OK
r-release-windows-ix86+x86_64 1.0.17 5.00 130.00 135.00 OK
r-oldrel-windows-ix86+x86_64 1.0.17 5.00 127.00 132.00 OK

Check Details

Version: 1.0.17
Check: R code for possible problems
Result: NOTE
    splom.slice : up0: no visible global function definition for
     ‘panel.points’
    splom.slice: no visible binding for global variable ‘diag.panel.splom’
    xyplot.slice : pfun: no visible global function definition for
     ‘panel.xyplot’
    xyplot.slice : pfun: no visible global function definition for
     ‘panel.abline’
    xyplot.slice : pfun: no visible global function definition for
     ‘panel.number’
Flavors: r-devel-linux-x86_64-debian-clang, r-devel-linux-x86_64-debian-gcc, r-devel-linux-x86_64-fedora-clang, r-devel-linux-x86_64-fedora-gcc, r-devel-osx-x86_64-clang