CRAN Package Check Results for Package bbmle

Last updated on 2015-07-30 03:48:08.

Flavor Version Tinstall Tcheck Ttotal Status Flags
r-devel-linux-x86_64-debian-clang 1.0.17 1.25 64.17 65.42 NOTE
r-devel-linux-x86_64-debian-gcc 1.0.17 1.20 61.63 62.83 NOTE
r-devel-linux-x86_64-fedora-clang 1.0.17 124.59 NOTE
r-devel-linux-x86_64-fedora-gcc 1.0.17 120.75 NOTE
r-devel-osx-x86_64-clang 1.0.17 107.97 NOTE
r-devel-windows-ix86+x86_64 1.0.17 8.00 107.00 115.00 NOTE
r-patched-linux-x86_64 1.0.17 1.19 63.19 64.38 NOTE
r-patched-solaris-sparc 1.0.17 786.00 NOTE
r-patched-solaris-x86 1.0.17 158.60 NOTE
r-release-linux-x86_64 1.0.17 1.19 65.29 66.48 NOTE
r-release-osx-x86_64-mavericks 1.0.17 NOTE
r-release-windows-ix86+x86_64 1.0.17 6.00 106.00 112.00 NOTE
r-oldrel-windows-ix86+x86_64 1.0.17 9.00 111.00 120.00 NOTE

Check Details

Version: 1.0.17
Check: R code for possible problems
Result: NOTE
    ICtab: no visible global function definition for ‘setNames’
    calc_mle2_function: no visible global function definition for
     ‘model.matrix’
    calc_mle2_function : fn: no visible global function definition for
     ‘deriv’
    gfun: no visible global function definition for ‘as.formula’
    mle2: no visible global function definition for ‘nlm’
    mle2: no visible global function definition for ‘nlminb’
    mle2: no visible global function definition for ‘constrOptim’
    mle2: no visible global function definition for ‘optimize’
    mle2: no visible global function definition for ‘new’
    sbeta: no visible global function definition for ‘qbeta’
    sbinom: no visible global function definition for ‘qbinom’
    sliceOld: no visible global function definition for ‘qchisq’
    snbinom: no visible global function definition for ‘qnbinom’
    splom.slice : up0: no visible global function definition for
     ‘panel.points’
    splom.slice: no visible binding for global variable ‘diag.panel.splom’
    spois: no visible global function definition for ‘qpois’
    xyplot.slice : pfun: no visible global function definition for
     ‘panel.xyplot’
    xyplot.slice : pfun: no visible global function definition for
     ‘panel.abline’
    xyplot.slice : pfun: no visible global function definition for
     ‘panel.number’
    anova,mle2: no visible global function definition for ‘pchisq’
    coerce,mle-mle2: no visible global function definition for ‘new’
    confint,mle2: no visible global function definition for ‘qchisq’
    confint,mle2: no visible global function definition for ‘uniroot’
    confint,mle2: no visible global function definition for ‘qnorm’
    confint,profile.mle2: no visible global function definition for ‘qnorm’
    confint,profile.mle2: no visible global function definition for
     ‘approx’
    confint,profile.mle2: no visible global function definition for
     ‘spline’
    formula,mle2: no visible global function definition for ‘as.formula’
    plot,profile.mle2-missing: no visible global function definition for
     ‘par’
    plot,profile.mle2-missing: no visible global function definition for
     ‘dev.interactive’
    plot,profile.mle2-missing: no visible global function definition for
     ‘qchisq’
    plot,profile.mle2-missing: no visible global function definition for
     ‘pchisq’
    plot,profile.mle2-missing: no visible global function definition for
     ‘approxfun’
    plot,profile.mle2-missing: no visible binding for global variable
     ‘na.omit’
    plot,profile.mle2-missing : predback : pfun0: no visible global
     function definition for ‘uniroot’
    plot,profile.mle2-missing: no visible global function definition for
     ‘lines’
    plot,profile.mle2-missing: no visible global function definition for
     ‘points’
    plot,profile.mle2-missing: no visible global function definition for
     ‘abline’
    plot,profile.mle2-missing: no visible global function definition for
     ‘text’
    profile,mle2: no visible global function definition for ‘qchisq’
    profile,mle2: no visible global function definition for ‘new’
    show,summary.mle2: no visible global function definition for
     ‘printCoefmat’
    summary,mle2: no visible global function definition for ‘pnorm’
    summary,mle2: no visible global function definition for ‘new’
    update,mle2: no visible global function definition for ‘update.formula’
    Undefined global functions or variables:
     abline approx approxfun as.formula constrOptim deriv dev.interactive
     diag.panel.splom lines model.matrix na.omit new nlm nlminb optimize
     panel.abline panel.number panel.points panel.xyplot par pchisq pnorm
     points printCoefmat qbeta qbinom qchisq qnbinom qnorm qpois setNames
     spline text uniroot update.formula
    Consider adding
     importFrom("grDevices", "dev.interactive")
     importFrom("graphics", "abline", "lines", "par", "points", "text")
     importFrom("methods", "new")
     importFrom("stats", "approx", "approxfun", "as.formula", "constrOptim",
     "deriv", "model.matrix", "na.omit", "nlm", "nlminb",
     "optimize", "pchisq", "pnorm", "printCoefmat", "qbeta",
     "qbinom", "qchisq", "qnbinom", "qnorm", "qpois", "setNames",
     "spline", "uniroot", "update.formula")
    to your NAMESPACE.
Flavors: r-devel-linux-x86_64-debian-clang, r-devel-linux-x86_64-debian-gcc, r-devel-linux-x86_64-fedora-clang, r-devel-linux-x86_64-fedora-gcc, r-devel-windows-ix86+x86_64

Version: 1.0.17
Check: R code for possible problems
Result: NOTE
    splom.slice : up0: no visible global function definition for
     ‘panel.points’
    splom.slice: no visible binding for global variable ‘diag.panel.splom’
    xyplot.slice : pfun: no visible global function definition for
     ‘panel.xyplot’
    xyplot.slice : pfun: no visible global function definition for
     ‘panel.abline’
    xyplot.slice : pfun: no visible global function definition for
     ‘panel.number’
    Undefined global functions or variables:
     diag.panel.splom panel.abline panel.number panel.points panel.xyplot
Flavor: r-devel-osx-x86_64-clang

Version: 1.0.17
Check: R code for possible problems
Result: NOTE
    splom.slice : up0: no visible global function definition for
     ‘panel.points’
    splom.slice: no visible binding for global variable ‘diag.panel.splom’
    xyplot.slice : pfun: no visible global function definition for
     ‘panel.xyplot’
    xyplot.slice : pfun: no visible global function definition for
     ‘panel.abline’
    xyplot.slice : pfun: no visible global function definition for
     ‘panel.number’
Flavors: r-patched-linux-x86_64, r-patched-solaris-sparc, r-patched-solaris-x86, r-release-linux-x86_64, r-release-osx-x86_64-mavericks, r-release-windows-ix86+x86_64, r-oldrel-windows-ix86+x86_64