CRAN Package Check Results for Package bc3net

Last updated on 2014-11-22 11:49:06.

Flavor Version Tinstall Tcheck Ttotal Status Flags
r-devel-linux-x86_64-debian-clang 1.0.2 3.70 36.02 39.71 NOTE
r-devel-linux-x86_64-debian-gcc 1.0.2 3.28 36.45 39.73 NOTE
r-devel-linux-x86_64-fedora-clang 1.0.2 91.92 NOTE
r-devel-linux-x86_64-fedora-gcc 1.0.2 90.33 NOTE
r-devel-osx-x86_64-clang 1.0.2 82.06 NOTE
r-devel-windows-ix86+x86_64 1.0.2 8.00 54.00 62.00 NOTE
r-patched-linux-x86_64 1.0.2 3.54 37.10 40.64 NOTE
r-patched-solaris-sparc 1.0.2 509.20 NOTE
r-patched-solaris-x86 1.0.2 124.90 NOTE
r-release-linux-ix86 1.0.2 4.28 44.96 49.24 NOTE
r-release-linux-x86_64 1.0.2 3.46 37.23 40.69 NOTE
r-release-osx-x86_64-mavericks 1.0.2 NOTE
r-release-osx-x86_64-snowleopard 1.0.2 OK
r-release-windows-ix86+x86_64 1.0.2 12.00 58.00 70.00 NOTE
r-oldrel-windows-ix86+x86_64 1.0.2 9.00 54.00 63.00 NOTE

Check Details

Version: 1.0.2
Check: top-level files
Result: NOTE
    Non-standard file/directory found at top level:
     ‘docs’
Flavors: r-devel-linux-x86_64-debian-clang, r-devel-linux-x86_64-debian-gcc, r-devel-linux-x86_64-fedora-clang, r-devel-linux-x86_64-fedora-gcc, r-patched-linux-x86_64, r-release-linux-x86_64

Version: 1.0.2
Check: dependencies in R code
Result: NOTE
    Packages in Depends field not imported from:
     ‘Matrix’ ‘c3net’ ‘igraph’ ‘infotheo’ ‘lattice’
     These packages need to be imported from (in the NAMESPACE file)
     for when this namespace is loaded but not attached.
    See the information on DESCRIPTION files in the chapter ‘Creating R
    packages’ of the ‘Writing R Extensions’ manual.
Flavors: r-devel-linux-x86_64-debian-clang, r-devel-linux-x86_64-debian-gcc, r-devel-linux-x86_64-fedora-clang, r-devel-linux-x86_64-fedora-gcc, r-devel-osx-x86_64-clang, r-devel-windows-ix86+x86_64, r-patched-linux-x86_64, r-patched-solaris-sparc, r-patched-solaris-x86, r-release-linux-ix86, r-release-linux-x86_64, r-release-osx-x86_64-mavericks, r-release-windows-ix86+x86_64, r-oldrel-windows-ix86+x86_64

Version: 1.0.2
Check: R code for possible problems
Result: NOTE
    .mat2igraph: no visible global function definition for
     ‘graph.data.frame’
    .mat2igraph: no visible global function definition for ‘E’
    .mat2igraph: no visible global function definition for ‘E<-’
    .mat2igraph: no visible global function definition for ‘V’
    .mat2igraph: no visible global function definition for ‘add.vertices’
    .mat2igraph: no visible global function definition for ‘V<-’
    .mat2igraph: no visible global function definition for ‘graph’
    bc3net: no visible global function definition for ‘c3’
    bc3net: no visible global function definition for ‘forceSymmetric’
    c3mtc: no visible global function definition for ‘c3’
    c3mtc: no visible global function definition for ‘forceSymmetric’
    mimwrap: no visible global function definition for ‘discretize’
    mimwrap: no visible global function definition for ‘mutinformation’
Flavors: r-devel-linux-x86_64-debian-clang, r-devel-linux-x86_64-debian-gcc, r-devel-linux-x86_64-fedora-clang, r-devel-linux-x86_64-fedora-gcc, r-devel-osx-x86_64-clang, r-devel-windows-ix86+x86_64, r-patched-linux-x86_64, r-patched-solaris-sparc, r-patched-solaris-x86, r-release-linux-ix86, r-release-linux-x86_64, r-release-windows-ix86+x86_64