CRAN Package Check Results for Package bc3net

Last updated on 2015-03-29 08:49:03.

Flavor Version Tinstall Tcheck Ttotal Status Flags
r-devel-linux-x86_64-debian-clang 1.0.2 2.78 29.08 31.86 NOTE
r-devel-linux-x86_64-debian-gcc 1.0.2 2.75 28.70 31.44 NOTE
r-devel-linux-x86_64-fedora-clang 1.0.2 67.62 NOTE
r-devel-linux-x86_64-fedora-gcc 1.0.2 63.98 NOTE
r-devel-osx-x86_64-clang 1.0.2 65.13 NOTE
r-prerel-windows-ix86+x86_64 1.0.2 11.00 46.00 57.00 NOTE
r-prerel-linux-x86_64 1.0.2 2.71 28.28 30.99 NOTE
r-prerel-solaris-sparc 1.0.2 427.90 NOTE
r-prerel-solaris-x86 1.0.2 95.70 NOTE
r-release-linux-x86_64 1.0.2 3.71 37.72 41.43 NOTE
r-release-osx-x86_64-mavericks 1.0.2 NOTE
r-release-osx-x86_64-snowleopard 1.0.2 OK
r-release-windows-ix86+x86_64 1.0.2 11.00 57.00 68.00 NOTE
r-oldrel-windows-ix86+x86_64 1.0.2 10.00 56.00 66.00 NOTE

Check Details

Version: 1.0.2
Check: DESCRIPTION meta-information
Result: NOTE
    Malformed Description field: should contain one or more complete sentences.
    Authors@R field gives more than one person with maintainer role:
     Ricardo de Matos Simoes <r.dematossimoes@qub.ac.uk> [aut, cre]
     Frank Emmert-Streib <f.emmert-streib@qub.ac.uk> [aut, cre]
Flavors: r-devel-linux-x86_64-debian-clang, r-devel-linux-x86_64-debian-gcc, r-devel-linux-x86_64-fedora-clang, r-devel-linux-x86_64-fedora-gcc, r-devel-osx-x86_64-clang, r-prerel-windows-ix86+x86_64, r-prerel-linux-x86_64, r-prerel-solaris-sparc, r-prerel-solaris-x86

Version: 1.0.2
Check: top-level files
Result: NOTE
    Non-standard file/directory found at top level:
     ‘docs’
Flavors: r-devel-linux-x86_64-debian-clang, r-devel-linux-x86_64-debian-gcc, r-devel-linux-x86_64-fedora-clang, r-devel-linux-x86_64-fedora-gcc, r-prerel-linux-x86_64, r-release-linux-x86_64

Version: 1.0.2
Check: dependencies in R code
Result: NOTE
    Packages in Depends field not imported from:
     ‘Matrix’ ‘c3net’ ‘igraph’ ‘infotheo’ ‘lattice’
     These packages need to be imported from (in the NAMESPACE file)
     for when this namespace is loaded but not attached.
Flavors: r-devel-linux-x86_64-debian-clang, r-devel-linux-x86_64-debian-gcc, r-devel-linux-x86_64-fedora-clang, r-devel-linux-x86_64-fedora-gcc, r-devel-osx-x86_64-clang, r-prerel-windows-ix86+x86_64, r-prerel-linux-x86_64, r-prerel-solaris-sparc, r-prerel-solaris-x86, r-release-linux-x86_64, r-release-windows-ix86+x86_64

Version: 1.0.2
Check: R code for possible problems
Result: NOTE
    .mat2igraph: no visible global function definition for
     ‘graph.data.frame’
    .mat2igraph: no visible global function definition for ‘E’
    .mat2igraph: no visible global function definition for ‘E<-’
    .mat2igraph: no visible global function definition for ‘V’
    .mat2igraph: no visible global function definition for ‘add.vertices’
    .mat2igraph: no visible global function definition for ‘V<-’
    .mat2igraph: no visible global function definition for ‘graph’
    bc3net: no visible global function definition for ‘c3’
    bc3net: no visible global function definition for ‘forceSymmetric’
    c3mtc: no visible global function definition for ‘c3’
    c3mtc: no visible global function definition for ‘forceSymmetric’
    mimwrap: no visible global function definition for ‘discretize’
    mimwrap: no visible global function definition for ‘mutinformation’
Flavors: r-devel-linux-x86_64-debian-clang, r-devel-linux-x86_64-debian-gcc, r-devel-linux-x86_64-fedora-clang, r-devel-linux-x86_64-fedora-gcc, r-devel-osx-x86_64-clang, r-prerel-windows-ix86+x86_64, r-prerel-linux-x86_64, r-prerel-solaris-sparc, r-prerel-solaris-x86, r-release-linux-x86_64, r-release-osx-x86_64-mavericks, r-release-windows-ix86+x86_64

Version: 1.0.2
Check: DESCRIPTION meta-information
Result: NOTE
    Authors@R field gives more than one person with maintainer role:
     Ricardo de Matos Simoes <r.dematossimoes@qub.ac.uk> [aut, cre]
     Frank Emmert-Streib <f.emmert-streib@qub.ac.uk> [aut, cre]
Flavors: r-release-linux-x86_64, r-release-windows-ix86+x86_64

Version: 1.0.2
Check: dependencies in R code
Result: NOTE
    Packages in Depends field not imported from:
     ‘Matrix’ ‘c3net’ ‘igraph’ ‘infotheo’ ‘lattice’
     These packages need to be imported from (in the NAMESPACE file)
     for when this namespace is loaded but not attached.
    See the information on DESCRIPTION files in the chapter ‘Creating R
    packages’ of the ‘Writing R Extensions’ manual.
Flavors: r-release-osx-x86_64-mavericks, r-oldrel-windows-ix86+x86_64