CRAN Package Check Results for Package bc3net

Last updated on 2014-04-24 03:47:40.

Flavor Version Tinstall Tcheck Ttotal Status Flags
r-devel-linux-x86_64-debian-clang 1.0.2 3.71 39.54 43.25 NOTE
r-devel-linux-x86_64-debian-gcc 1.0.2 3.75 38.74 42.48 NOTE
r-devel-linux-x86_64-fedora-clang 1.0.2 99.13 NOTE
r-devel-linux-x86_64-fedora-gcc 1.0.2 95.51 NOTE
r-devel-osx-x86_64-clang 1.0.2 74.82 NOTE
r-devel-osx-x86_64-gcc 1.0.2 ERROR
r-devel-windows-ix86+x86_64 1.0.2 10.00 56.00 66.00 NOTE
r-patched-linux-x86_64 1.0.2 3.70 40.02 43.72 NOTE
r-patched-solaris-sparc 1.0.2 528.30 NOTE
r-patched-solaris-x86 1.0.2 129.70 NOTE
r-release-linux-ix86 1.0.2 6.00 65.00 71.00 NOTE
r-release-linux-x86_64 1.0.2 3.67 39.77 43.44 NOTE
r-release-osx-x86_64-mavericks 1.0.2 WARN
r-release-osx-x86_64-snowleopard 1.0.2 OK
r-release-windows-ix86+x86_64 1.0.2 10.00 57.00 67.00 NOTE
r-oldrel-windows-ix86+x86_64 1.0.2 9.00 54.00 63.00 NOTE

Check Details

Version: 1.0.2
Check: dependencies in R code
Result: NOTE
    Packages in Depends field not imported from:
     ‘Matrix’ ‘c3net’ ‘igraph’ ‘infotheo’ ‘lattice’
     These packages need to be imported from (in the NAMESPACE file)
     for when this namespace is loaded but not attached.
    See the information on DESCRIPTION files in the chapter ‘Creating R
    packages’ of the ‘Writing R Extensions’ manual.
Flavors: r-devel-linux-x86_64-debian-clang, r-devel-linux-x86_64-debian-gcc, r-devel-linux-x86_64-fedora-clang, r-devel-linux-x86_64-fedora-gcc, r-devel-osx-x86_64-clang, r-devel-windows-ix86+x86_64, r-patched-linux-x86_64, r-patched-solaris-sparc, r-patched-solaris-x86, r-release-linux-ix86, r-release-linux-x86_64, r-release-osx-x86_64-mavericks, r-release-windows-ix86+x86_64, r-oldrel-windows-ix86+x86_64

Version: 1.0.2
Check: top-level files
Result: NOTE
    Non-standard file/directory found at top level:
     ‘docs’
Flavors: r-devel-linux-x86_64-fedora-clang, r-devel-linux-x86_64-fedora-gcc

Version: 1.0.2
Check: package dependencies
Result: ERROR
    Packages required but not available: ‘c3net’ ‘igraph’
    
    See the information on DESCRIPTION files in the chapter ‘Creating R
    packages’ of the ‘Writing R Extensions’ manual.
Flavor: r-devel-osx-x86_64-gcc

Version: 1.0.2
Check: PDF version of manual
Result: WARNING
    LaTeX errors when creating PDF version.
    This typically indicates Rd problems.
    LaTeX errors found:
    ! LaTeX Error: File `upquote.sty' not found.
    
    Type X to quit or <RETURN> to proceed,
    or enter new name. (Default extension: sty)
    
    b753603/Rd2.tex:8: ==> Fatal error occurred, no output PDF file produced!
Flavor: r-release-osx-x86_64-mavericks