CRAN Package Check Results for Package bc3net

Last updated on 2015-04-27 10:48:39.

Flavor Version Tinstall Tcheck Ttotal Status Flags
r-devel-linux-x86_64-debian-clang 1.0.2 2.75 29.94 32.69 NOTE
r-devel-linux-x86_64-debian-gcc 1.0.2 2.69 28.79 31.48 NOTE
r-devel-linux-x86_64-fedora-clang 1.0.2 67.51 NOTE
r-devel-linux-x86_64-fedora-gcc 1.0.2 61.96 NOTE
r-devel-osx-x86_64-clang 1.0.2 62.86 NOTE
r-devel-windows-ix86+x86_64 1.0.2 7.00 73.00 80.00 NOTE
r-patched-linux-x86_64 1.0.2 2.70 29.84 32.54 NOTE
r-patched-solaris-sparc 1.0.2 427.90 NOTE
r-patched-solaris-x86 1.0.2 95.50 NOTE
r-release-linux-x86_64 1.0.2 2.63 29.51 32.14 NOTE
r-release-osx-x86_64-mavericks 1.0.2 NOTE
r-release-osx-x86_64-snowleopard 1.0.2 ERROR
r-release-windows-ix86+x86_64 1.0.2 10.00 60.00 70.00 NOTE
r-oldrel-windows-ix86+x86_64 1.0.2 9.00 58.00 67.00 NOTE

Check Details

Version: 1.0.2
Check: DESCRIPTION meta-information
Result: NOTE
    Malformed Description field: should contain one or more complete sentences.
    Authors@R field gives more than one person with maintainer role:
     Ricardo de Matos Simoes <r.dematossimoes@qub.ac.uk> [aut, cre]
     Frank Emmert-Streib <f.emmert-streib@qub.ac.uk> [aut, cre]
Flavors: r-devel-linux-x86_64-debian-clang, r-devel-linux-x86_64-debian-gcc, r-devel-linux-x86_64-fedora-clang, r-devel-linux-x86_64-fedora-gcc, r-devel-osx-x86_64-clang, r-devel-windows-ix86+x86_64, r-patched-solaris-sparc, r-patched-solaris-x86, r-release-osx-x86_64-mavericks, r-release-windows-ix86+x86_64

Version: 1.0.2
Check: top-level files
Result: NOTE
    Non-standard file/directory found at top level:
     ‘docs’
Flavors: r-devel-linux-x86_64-debian-clang, r-devel-linux-x86_64-debian-gcc, r-devel-linux-x86_64-fedora-clang, r-devel-linux-x86_64-fedora-gcc

Version: 1.0.2
Check: dependencies in R code
Result: NOTE
    Packages in Depends field not imported from:
     ‘Matrix’ ‘c3net’ ‘igraph’ ‘infotheo’ ‘lattice’
     These packages need to be imported from (in the NAMESPACE file)
     for when this namespace is loaded but not attached.
Flavors: r-devel-linux-x86_64-debian-clang, r-devel-linux-x86_64-debian-gcc, r-devel-linux-x86_64-fedora-clang, r-devel-linux-x86_64-fedora-gcc, r-devel-osx-x86_64-clang, r-devel-windows-ix86+x86_64, r-patched-solaris-sparc, r-patched-solaris-x86, r-release-osx-x86_64-mavericks, r-release-windows-ix86+x86_64, r-oldrel-windows-ix86+x86_64

Version: 1.0.2
Check: R code for possible problems
Result: NOTE
    .mat2igraph: no visible global function definition for
     ‘graph.data.frame’
    .mat2igraph: no visible global function definition for ‘E’
    .mat2igraph: no visible global function definition for ‘E<-’
    .mat2igraph: no visible global function definition for ‘V’
    .mat2igraph: no visible global function definition for ‘add.vertices’
    .mat2igraph: no visible global function definition for ‘V<-’
    .mat2igraph: no visible global function definition for ‘graph’
    bc3net: no visible global function definition for ‘c3’
    bc3net: no visible global function definition for ‘forceSymmetric’
    c3mtc: no visible global function definition for ‘c3’
    c3mtc: no visible global function definition for ‘forceSymmetric’
    mimwrap: no visible global function definition for ‘discretize’
    mimwrap: no visible global function definition for ‘mutinformation’
Flavors: r-devel-linux-x86_64-debian-clang, r-devel-linux-x86_64-debian-gcc, r-devel-linux-x86_64-fedora-clang, r-devel-linux-x86_64-fedora-gcc, r-devel-osx-x86_64-clang, r-devel-windows-ix86+x86_64, r-patched-solaris-sparc, r-patched-solaris-x86, r-release-osx-x86_64-mavericks, r-release-windows-ix86+x86_64, r-oldrel-windows-ix86+x86_64

Version: 1.0.2
Check: package dependencies
Result: ERROR
    Packages required but not available: ‘c3net’ ‘igraph’
    
    See section ‘The DESCRIPTION file’ in the ‘Writing R Extensions’
    manual.
Flavor: r-release-osx-x86_64-snowleopard

Version: 1.0.2
Check: DESCRIPTION meta-information
Result: NOTE
    Authors@R field gives more than one person with maintainer role:
     Ricardo de Matos Simoes <r.dematossimoes@qub.ac.uk> [aut, cre]
     Frank Emmert-Streib <f.emmert-streib@qub.ac.uk> [aut, cre]
Flavor: r-oldrel-windows-ix86+x86_64