CRAN Package Check Results for Package bc3net

Last updated on 2015-08-31 07:47:19.

Flavor Version Tinstall Tcheck Ttotal Status Flags
r-devel-linux-x86_64-debian-clang 1.0.2 2.68 28.46 31.14 NOTE
r-devel-linux-x86_64-debian-gcc 1.0.2 2.56 27.92 30.48 NOTE
r-devel-linux-x86_64-fedora-clang 1.0.2 63.69 NOTE
r-devel-linux-x86_64-fedora-gcc 1.0.2 59.52 NOTE
r-devel-osx-x86_64-clang 1.0.2 49.74 NOTE
r-devel-windows-ix86+x86_64 1.0.2 10.00 53.00 63.00 NOTE
r-patched-linux-x86_64 1.0.2 2.85 29.60 32.45 NOTE
r-patched-solaris-sparc 1.0.2 427.60 NOTE
r-patched-solaris-x86 1.0.2 104.30 NOTE
r-release-linux-x86_64 1.0.2 2.72 29.54 32.26 NOTE
r-release-osx-x86_64-mavericks 1.0.2 NOTE
r-release-windows-ix86+x86_64 1.0.2 12.00 67.00 79.00 NOTE
r-oldrel-windows-ix86+x86_64 1.0.2 16.00 67.00 83.00 NOTE

Check Details

Version: 1.0.2
Check: DESCRIPTION meta-information
Result: NOTE
    Malformed Description field: should contain one or more complete sentences.
    Authors@R field gives more than one person with maintainer role:
     Ricardo de Matos Simoes <r.dematossimoes@qub.ac.uk> [aut, cre]
     Frank Emmert-Streib <f.emmert-streib@qub.ac.uk> [aut, cre]
Flavors: r-devel-linux-x86_64-debian-clang, r-devel-linux-x86_64-debian-gcc, r-devel-linux-x86_64-fedora-clang, r-devel-linux-x86_64-fedora-gcc, r-devel-osx-x86_64-clang, r-devel-windows-ix86+x86_64, r-patched-linux-x86_64, r-patched-solaris-sparc, r-patched-solaris-x86, r-release-linux-x86_64, r-release-osx-x86_64-mavericks, r-release-windows-ix86+x86_64

Version: 1.0.2
Check: top-level files
Result: NOTE
    Non-standard file/directory found at top level:
     ‘docs’
Flavors: r-devel-linux-x86_64-debian-clang, r-devel-linux-x86_64-debian-gcc, r-devel-linux-x86_64-fedora-clang, r-devel-linux-x86_64-fedora-gcc, r-patched-linux-x86_64, r-release-linux-x86_64

Version: 1.0.2
Check: dependencies in R code
Result: NOTE
    Packages in Depends field not imported from:
     ‘Matrix’ ‘c3net’ ‘igraph’ ‘infotheo’ ‘lattice’
     These packages need to be imported from (in the NAMESPACE file)
     for when this namespace is loaded but not attached.
Flavors: r-devel-linux-x86_64-debian-clang, r-devel-linux-x86_64-debian-gcc, r-devel-linux-x86_64-fedora-clang, r-devel-linux-x86_64-fedora-gcc, r-devel-osx-x86_64-clang, r-devel-windows-ix86+x86_64, r-patched-linux-x86_64, r-patched-solaris-sparc, r-patched-solaris-x86, r-release-linux-x86_64, r-release-osx-x86_64-mavericks, r-release-windows-ix86+x86_64, r-oldrel-windows-ix86+x86_64

Version: 1.0.2
Check: R code for possible problems
Result: NOTE
    .mat2igraph: no visible global function definition for
     ‘graph.data.frame’
    .mat2igraph: no visible global function definition for ‘E’
    .mat2igraph: no visible global function definition for ‘E<-’
    .mat2igraph: no visible global function definition for ‘V’
    .mat2igraph: no visible global function definition for ‘add.vertices’
    .mat2igraph: no visible global function definition for ‘V<-’
    .mat2igraph: no visible global function definition for ‘graph’
    bc3net: no visible global function definition for ‘c3’
    bc3net: no visible global function definition for ‘p.adjust’
    bc3net: no visible global function definition for ‘pbinom’
    bc3net: no visible global function definition for ‘forceSymmetric’
    c3mtc: no visible global function definition for ‘c3’
    c3mtc: no visible global function definition for ‘p.adjust’
    c3mtc: no visible global function definition for ‘forceSymmetric’
    mimwrap: no visible global function definition for ‘cor’
    mimwrap: no visible global function definition for ‘discretize’
    mimwrap: no visible global function definition for ‘mutinformation’
    Undefined global functions or variables:
     E E<- V V<- add.vertices c3 cor discretize forceSymmetric graph
     graph.data.frame mutinformation p.adjust pbinom
    Consider adding
     importFrom("stats", "cor", "p.adjust", "pbinom")
    to your NAMESPACE.
Flavors: r-devel-linux-x86_64-debian-clang, r-devel-linux-x86_64-debian-gcc, r-devel-linux-x86_64-fedora-clang, r-devel-linux-x86_64-fedora-gcc, r-devel-windows-ix86+x86_64

Version: 1.0.2
Check: R code for possible problems
Result: NOTE
    .mat2igraph: no visible global function definition for
     ‘graph.data.frame’
    .mat2igraph: no visible global function definition for ‘E’
    .mat2igraph: no visible global function definition for ‘E<-’
    .mat2igraph: no visible global function definition for ‘V’
    .mat2igraph: no visible global function definition for ‘add.vertices’
    .mat2igraph: no visible global function definition for ‘V<-’
    .mat2igraph: no visible global function definition for ‘graph’
    bc3net: no visible global function definition for ‘c3’
    bc3net: no visible global function definition for ‘forceSymmetric’
    c3mtc: no visible global function definition for ‘c3’
    c3mtc: no visible global function definition for ‘forceSymmetric’
    mimwrap: no visible global function definition for ‘discretize’
    mimwrap: no visible global function definition for ‘mutinformation’
    Undefined global functions or variables:
     E E<- V V<- add.vertices c3 discretize forceSymmetric graph
     graph.data.frame mutinformation
Flavor: r-devel-osx-x86_64-clang

Version: 1.0.2
Check: R code for possible problems
Result: NOTE
    .mat2igraph: no visible global function definition for
     ‘graph.data.frame’
    .mat2igraph: no visible global function definition for ‘E’
    .mat2igraph: no visible global function definition for ‘E<-’
    .mat2igraph: no visible global function definition for ‘V’
    .mat2igraph: no visible global function definition for ‘add.vertices’
    .mat2igraph: no visible global function definition for ‘V<-’
    .mat2igraph: no visible global function definition for ‘graph’
    bc3net: no visible global function definition for ‘c3’
    bc3net: no visible global function definition for ‘forceSymmetric’
    c3mtc: no visible global function definition for ‘c3’
    c3mtc: no visible global function definition for ‘forceSymmetric’
    mimwrap: no visible global function definition for ‘discretize’
    mimwrap: no visible global function definition for ‘mutinformation’
Flavors: r-patched-linux-x86_64, r-patched-solaris-sparc, r-patched-solaris-x86, r-release-linux-x86_64, r-release-osx-x86_64-mavericks, r-release-windows-ix86+x86_64, r-oldrel-windows-ix86+x86_64

Version: 1.0.2
Check: DESCRIPTION meta-information
Result: NOTE
    Authors@R field gives more than one person with maintainer role:
     Ricardo de Matos Simoes <r.dematossimoes@qub.ac.uk> [aut, cre]
     Frank Emmert-Streib <f.emmert-streib@qub.ac.uk> [aut, cre]
Flavor: r-oldrel-windows-ix86+x86_64