CRAN Package Check Results for Package bc3net

Last updated on 2014-07-23 22:46:58.

Flavor Version Tinstall Tcheck Ttotal Status Flags
r-devel-linux-x86_64-debian-clang 1.0.2 3.50 38.06 41.56 NOTE
r-devel-linux-x86_64-debian-gcc 1.0.2 3.44 37.27 40.70 NOTE
r-devel-linux-x86_64-fedora-clang 1.0.2 98.43 NOTE
r-devel-linux-x86_64-fedora-gcc 1.0.2 93.07 NOTE
r-devel-osx-x86_64-clang 1.0.2 78.96 NOTE
r-devel-windows-ix86+x86_64 1.0.2 11.00 60.00 71.00 NOTE
r-patched-linux-x86_64 1.0.2 3.52 37.42 40.94 NOTE
r-patched-solaris-sparc 1.0.2 528.30 NOTE
r-patched-solaris-x86 1.0.2 129.60 NOTE
r-release-linux-ix86 1.0.2 4.31 48.12 52.43 NOTE
r-release-linux-x86_64 1.0.2 3.56 38.32 41.88 NOTE
r-release-osx-x86_64-mavericks 1.0.2 NOTE
r-release-osx-x86_64-snowleopard 1.0.2 OK
r-release-windows-ix86+x86_64 1.0.2 10.00 58.00 68.00 NOTE
r-oldrel-windows-ix86+x86_64 1.0.2 10.00 51.00 61.00 NOTE

Check Details

Version: 1.0.2
Check: dependencies in R code
Result: NOTE
    Packages in Depends field not imported from:
     ‘Matrix’ ‘c3net’ ‘igraph’ ‘infotheo’ ‘lattice’
     These packages need to be imported from (in the NAMESPACE file)
     for when this namespace is loaded but not attached.
    See the information on DESCRIPTION files in the chapter ‘Creating R
    packages’ of the ‘Writing R Extensions’ manual.
Flavors: r-devel-linux-x86_64-debian-clang, r-devel-linux-x86_64-debian-gcc, r-devel-linux-x86_64-fedora-clang, r-devel-linux-x86_64-fedora-gcc, r-devel-osx-x86_64-clang, r-devel-windows-ix86+x86_64, r-patched-linux-x86_64, r-patched-solaris-sparc, r-patched-solaris-x86, r-release-linux-ix86, r-release-linux-x86_64, r-release-osx-x86_64-mavericks, r-release-windows-ix86+x86_64, r-oldrel-windows-ix86+x86_64

Version: 1.0.2
Check: top-level files
Result: NOTE
    Non-standard file/directory found at top level:
     ‘docs’
Flavors: r-devel-linux-x86_64-fedora-clang, r-devel-linux-x86_64-fedora-gcc