CRAN Package Check Results for Package bcfrailphdv

Last updated on 2024-06-12 22:56:14 CEST.

Flavor Version Tinstall Tcheck Ttotal Status Flags
r-devel-linux-x86_64-debian-clang 0.1.1 30.03 151.90 181.93 NOTE
r-devel-linux-x86_64-debian-gcc 0.1.1 21.21 108.11 129.32 NOTE
r-devel-linux-x86_64-fedora-clang 0.1.1 223.34 NOTE
r-devel-linux-x86_64-fedora-gcc 0.1.1 210.02 NOTE
r-devel-windows-x86_64 0.1.1 23.00 109.00 132.00 NOTE
r-patched-linux-x86_64 0.1.1 31.17 148.84 180.01 NOTE
r-release-linux-x86_64 0.1.1 25.29 145.04 170.33 NOTE
r-release-macos-arm64 0.1.1 54.00 NOTE
r-release-macos-x86_64 0.1.1 115.00 NOTE
r-release-windows-x86_64 0.1.1 23.00 115.00 138.00 NOTE
r-oldrel-macos-arm64 0.1.1 59.00 OK
r-oldrel-macos-x86_64 0.1.1 100.00 OK
r-oldrel-windows-x86_64 0.1.1 30.00 132.00 162.00 OK

Check Details

Version: 0.1.1
Check: Rd files
Result: NOTE checkRd: (-1) bcfraildv.Rd:35: Lost braces; missing escapes or markup? 35 | \item \code{coefficients} - {A vector of estimated Covariate coefficients.} | ^ checkRd: (-1) bcfraildv.Rd:36: Lost braces; missing escapes or markup? 36 | \item \code{frailparest} - {A vector of estimated Frailty parameters i.e. frailty variance and correlation.} | ^ checkRd: (-1) bcfraildv.Rd:37: Lost braces; missing escapes or markup? 37 | \item \code{stderr}-{A vector containing the Standard error of the Estimated parameters both covariate coefficients and frailty parameters.} | ^ checkRd: (-1) bcfraildv.Rd:42: Lost braces; missing escapes or markup? 42 | \item \code{X}-{Matrix of observed covariates.} | ^ checkRd: (-1) bcfraildv.Rd:43: Lost braces; missing escapes or markup? 43 | \item \code{time}-{the observed survival time.} | ^ checkRd: (-1) bcfraildv.Rd:44: Lost braces; missing escapes or markup? 44 | \item \code{censor}-{censoring indicator.} | ^ checkRd: (-1) bcfraildv.Rd:45: Lost braces; missing escapes or markup? 45 | \item \code{resid}-{the martingale residuals.} | ^ checkRd: (-1) bcfraildv.Rd:46: Lost braces; missing escapes or markup? 46 | \item \code{lin.prid}-{the vector of linear predictors.} | ^ checkRd: (-1) bcfraildv.Rd:47: Lost braces; missing escapes or markup? 47 | \item \code{frail}-{estimated Frailty values.} | ^ checkRd: (-1) bcfraildv.Rd:48: Lost braces; missing escapes or markup? 48 | \item \code{iteration}-{Number of outer iterations.} | ^ checkRd: (-1) bcfraildv.Rd:49: Lost braces; missing escapes or markup? 49 | \item \code{e.time}-{the vector of unique event times.} | ^ checkRd: (-1) bcfraildv.Rd:50: Lost braces; missing escapes or markup? 50 | \item \code{n.event}- {the number of events at each of the unique event times.} | ^ checkRd: (-1) bcfraildv.Rd:51: Lost braces; missing escapes or markup? 51 | \item \code{convergence}-{an indicator, 0 if converge and 1 otherwise.} | ^ checkRd: (-1) bcfrailpar.Rd:41: Lost braces; missing escapes or markup? 41 | \item \code{coefficients} - {A vector of estimated Covariate coefficients.} | ^ checkRd: (-1) bcfrailpar.Rd:42: Lost braces; missing escapes or markup? 42 | \item \code{frailparest} - {A vector of estimated Frailty parameters i.e. frailty variance and correlation.} | ^ checkRd: (-1) bcfrailpar.Rd:43: Lost braces; missing escapes or markup? 43 | \item \code{basehazpar} - {A vector of estimated baseline hazard parameters i.e. scale and shape.} | ^ checkRd: (-1) bcfrailpar.Rd:44: Lost braces; missing escapes or markup? 44 | \item \code{stderr}-{A vector containing the Standard errors of the Estimated parameters with the order of frailty parameters,baseline hazard parameters and covariate coefficients.} | ^ checkRd: (-1) bcfrailpar.Rd:45: Lost braces; missing escapes or markup? 45 | \item \code{vcov}- {Variance Covariance matrix of the Estimated parameters.} | ^ checkRd: (-1) bcfrailpar.Rd:46: Lost braces; missing escapes or markup? 46 | \item \code{loglik}-{Log likelihood of the model.} | ^ checkRd: (-1) bcfrailpar.Rd:47: Lost braces; missing escapes or markup? 47 | \item \code{AIC}-{AIC of the model.} | ^ checkRd: (-1) bcfrailpar.Rd:48: Lost braces; missing escapes or markup? 48 | \item \code{BIC}-{BIC of the model.} | ^ checkRd: (-1) bcfrailpar.Rd:49: Lost braces 49 | \item \code{iterations}-{Number of outer iterations.See\link{constrOptim} for further.} | ^ checkRd: (-1) bcfrailpar.Rd:50: Lost braces 50 | \item \code{convergence}-{An indicator of convergence. See\link{constrOptim} for further.} | ^ checkRd: (-1) simbcfraildv.Rd:52: Lost braces in \itemize; \value handles \item{}{} directly checkRd: (-1) simbcfraildv.Rd:54: Lost braces in \itemize; \value handles \item{}{} directly checkRd: (-1) simbcfraildv.Rd:56: Lost braces in \itemize; \value handles \item{}{} directly checkRd: (-1) simbcfraildv.Rd:58: Lost braces in \itemize; \value handles \item{}{} directly checkRd: (-1) simbcfraildv.Rd:60: Lost braces in \itemize; \value handles \item{}{} directly Flavors: r-devel-linux-x86_64-debian-clang, r-devel-linux-x86_64-debian-gcc, r-devel-linux-x86_64-fedora-clang, r-devel-linux-x86_64-fedora-gcc, r-devel-windows-x86_64, r-patched-linux-x86_64, r-release-linux-x86_64, r-release-macos-arm64, r-release-macos-x86_64, r-release-windows-x86_64