CRAN Package Check Results for Package bcgam

Last updated on 2020-09-28 04:47:27 CEST.

Flavor Version Tinstall Tcheck Ttotal Status Flags
r-devel-linux-x86_64-debian-clang 1.0 8.61 117.00 125.61 OK
r-devel-linux-x86_64-debian-gcc 1.0 6.69 91.62 98.31 OK
r-devel-linux-x86_64-fedora-clang 1.0 160.59 OK
r-devel-linux-x86_64-fedora-gcc 1.0 150.71 OK
r-devel-windows-ix86+x86_64 1.0 16.00 137.00 153.00 OK
r-patched-linux-x86_64 1.0 7.80 110.01 117.81 OK
r-patched-solaris-x86 1.0 165.80 ERROR
r-release-linux-x86_64 1.0 10.05 109.86 119.91 OK
r-release-macos-x86_64 1.0 OK
r-release-windows-ix86+x86_64 1.0 16.00 139.00 155.00 OK
r-oldrel-macos-x86_64 1.0 OK
r-oldrel-windows-ix86+x86_64 1.0 14.00 137.00 151.00 OK

Check Details

Version: 1.0
Check: tests
Result: ERROR
     Running ‘testthat.R’ [26s/33s]
    Running the tests in ‘tests/testthat.R’ failed.
    Complete output:
     > library(testthat)
     > library(bcgam)
     Loading required package: nimble
     nimble version 0.9.1 is loaded.
     For more information on NIMBLE and a User Manual,
     please visit http://R-nimble.org.
    
     Attaching package: 'nimble'
    
     The following object is masked from 'package:stats':
    
     simulate
    
     >
     > test_check("bcgam")
     ===== Monitors =====
     thin = 1: tau, betalpha
     ===== Samplers =====
     conjugate sampler (5)
     - tau
     - betalpha[] (4 elements)
     RW sampler (10)
     - betalpha[] (10 elements)
     thin = 1: tau, betalpha, sigma, eta
     ── 1. Error: (unknown) (@testthat.R#3) ────────────────────────────────────────
     Failed to create the shared library. Run 'printErrors()' to see the compilation errors.
     Backtrace:
     1. bcgam::bcgam(...)
     2. bcgam:::bcgam.fit(...)
     3. nimble::compileNimble(gaus)
     4. project$compileModel(units[[i]], control = control, showCompilerOutput = showCompilerOutput)
     5. cppProj$compileFile(compileList, showCompilerOutput)
     6. nimble:::compileDynamicRegistrations(showCompilerOutput = showCompilerOutput)
     7. nimble:::compileStaticCode(dllName, cppName, showCompilerOutput)
    
     ══ testthat results ═══════════════════════════════════════════════════════════
     [ OK: 0 | SKIPPED: 0 | WARNINGS: 1 | FAILED: 1 ]
     1. Error: (unknown) (@testthat.R#3)
    
     Error: testthat unit tests failed
     Execution halted
Flavor: r-patched-solaris-x86