CRAN Package Check Results for Package bclust

Last updated on 2017-12-14 21:49:15 CET.

Flavor Version Tinstall Tcheck Ttotal Status Flags
r-devel-linux-x86_64-debian-clang 1.5 4.14 17.05 21.19 FAIL
r-devel-linux-x86_64-debian-gcc 1.5 3.44 25.47 28.91 NOTE
r-devel-linux-x86_64-fedora-clang 1.5 41.41 NOTE
r-devel-linux-x86_64-fedora-gcc 1.5 40.95 NOTE
r-devel-windows-ix86+x86_64 1.5 19.00 57.00 76.00 OK
r-patched-linux-x86_64 1.5 3.50 30.46 33.96 NOTE
r-patched-solaris-x86 1.5 55.70 OK
r-release-linux-x86_64 1.5 3.15 30.24 33.39 NOTE
r-release-windows-ix86+x86_64 1.5 12.00 55.00 67.00 OK
r-release-osx-x86_64 1.5 OK
r-oldrel-windows-ix86+x86_64 1.5 12.00 51.00 63.00 OK
r-oldrel-osx-x86_64 1.5 OK

Check Details

Version: 1.5
Check: pragmas in C/C++ headers and code
Result: FAIL
    
Flavor: r-devel-linux-x86_64-debian-clang

Version: 1.5
Check: compiled code
Result: NOTE
    File ‘bclust/libs/bclust.so’:
     Found no calls to: ‘R_registerRoutines’, ‘R_useDynamicSymbols’
    
    It is good practice to register native routines and to disable symbol
    search.
    
    See ‘Writing portable packages’ in the ‘Writing R Extensions’ manual.
Flavors: r-devel-linux-x86_64-debian-gcc, r-devel-linux-x86_64-fedora-clang, r-devel-linux-x86_64-fedora-gcc, r-patched-linux-x86_64, r-release-linux-x86_64