CRAN Package Check Results for Package bclust

Last updated on 2018-11-17 03:48:18 CET.

Flavor Version Tinstall Tcheck Ttotal Status Flags
r-devel-linux-x86_64-debian-clang 1.5 6.24 30.96 37.20 OK
r-devel-linux-x86_64-debian-gcc 1.5 4.49 24.94 29.43 OK
r-devel-linux-x86_64-fedora-clang 1.5 45.73 NOTE
r-devel-linux-x86_64-fedora-gcc 1.5 43.65 NOTE
r-devel-windows-ix86+x86_64 1.5 13.00 55.00 68.00 OK
r-patched-linux-x86_64 1.5 5.46 28.05 33.51 OK
r-patched-solaris-x86 1.5 64.00 OK
r-release-linux-x86_64 1.5 5.81 27.27 33.08 OK
r-release-windows-ix86+x86_64 1.5 19.00 53.00 72.00 OK
r-release-osx-x86_64 1.5 OK
r-oldrel-windows-ix86+x86_64 1.5 12.00 57.00 69.00 OK
r-oldrel-osx-x86_64 1.5 OK

Check Details

Version: 1.5
Check: compiled code
Result: NOTE
    File ‘bclust/libs/bclust.so’:
     Found no calls to: ‘R_registerRoutines’, ‘R_useDynamicSymbols’
    
    It is good practice to register native routines and to disable symbol
    search.
    
    See ‘Writing portable packages’ in the ‘Writing R Extensions’ manual.
Flavors: r-devel-linux-x86_64-fedora-clang, r-devel-linux-x86_64-fedora-gcc