CRAN Package Check Results for Package bclust

Last updated on 2014-10-20 09:55:55.

Flavor Version Tinstall Tcheck Ttotal Status Flags
r-devel-linux-x86_64-debian-clang 1.4 2.34 17.76 20.10 WARN
r-devel-linux-x86_64-debian-gcc 1.4 2.98 17.82 20.80 WARN
r-devel-linux-x86_64-fedora-clang 1.4 39.37 WARN
r-devel-linux-x86_64-fedora-gcc 1.4 38.50 WARN
r-devel-osx-x86_64-clang 1.4 40.26 WARN
r-devel-windows-ix86+x86_64 1.4 11.00 40.00 51.00 WARN
r-patched-linux-x86_64 1.4 3.00 18.42 21.42 WARN
r-patched-solaris-sparc 1.4 252.80 NOTE
r-patched-solaris-x86 1.4 57.70 NOTE
r-release-linux-ix86 1.4 3.63 26.37 30.00 WARN
r-release-linux-x86_64 1.4 2.94 17.47 20.41 WARN
r-release-osx-x86_64-mavericks 1.4 NOTE
r-release-windows-ix86+x86_64 1.4 13.00 39.00 52.00 WARN
r-oldrel-windows-ix86+x86_64 1.4 11.00 38.00 49.00 NOTE

Check Details

Version: 1.4
Check: whether package can be installed
Result: WARN
    Found the following significant warnings:
     ClusteringvsGAL05.c:2695:2: warning: control may reach end of non-void function [-Wreturn-type]
    Found the following additional warnings:
     ClusteringvsGAL05.c:2695:2: warning: control may reach end of non-void function [-Wreturn-type]
Flavors: r-devel-linux-x86_64-debian-clang, r-devel-linux-x86_64-fedora-clang, r-devel-osx-x86_64-clang

Version: 1.4
Check: dependencies in R code
Result: NOTE
    Unexported object imported by a ':::' call: ‘stats:::plotNode’
     See the note in ?`:::` about the use of this operator.
    See the information on DESCRIPTION files in the chapter ‘Creating R
    packages’ of the ‘Writing R Extensions’ manual.
Flavors: r-devel-linux-x86_64-debian-clang, r-devel-linux-x86_64-debian-gcc, r-devel-linux-x86_64-fedora-clang, r-devel-linux-x86_64-fedora-gcc, r-devel-osx-x86_64-clang, r-devel-windows-ix86+x86_64, r-patched-linux-x86_64, r-patched-solaris-sparc, r-patched-solaris-x86, r-release-linux-ix86, r-release-linux-x86_64, r-release-osx-x86_64-mavericks, r-release-windows-ix86+x86_64, r-oldrel-windows-ix86+x86_64

Version: 1.4
Check: compiled code
Result: NOTE
    File ‘bclust/libs/bclust.so’:
     Found ‘rand’, possibly from ‘rand’ (C)
     Object: ‘ClusteringvsGAL05.o’
    
    Compiled code should not call entry points which might terminate R nor
    write to stdout/stderr instead of to the console, nor the C RNG.
    
    See ‘Writing portable packages’ in the ‘Writing R Extensions’ manual.
Flavors: r-devel-linux-x86_64-debian-clang, r-devel-linux-x86_64-debian-gcc, r-devel-linux-x86_64-fedora-clang, r-devel-linux-x86_64-fedora-gcc, r-patched-linux-x86_64, r-patched-solaris-sparc, r-patched-solaris-x86

Version: 1.4
Check: whether package can be installed
Result: WARN
    Found the following significant warnings:
     ClusteringvsGAL05.c:2695:2: warning: control reaches end of non-void function [-Wreturn-type]
Flavors: r-devel-linux-x86_64-debian-gcc, r-devel-linux-x86_64-fedora-gcc, r-devel-windows-ix86+x86_64, r-patched-linux-x86_64, r-release-linux-ix86, r-release-linux-x86_64, r-release-windows-ix86+x86_64

Version: 1.4
Check: compiled code
Result: NOTE
    File ‘bclust/libs/bclust.so’:
     Found ‘_rand’, possibly from ‘rand’ (C)
     Object: ‘ClusteringvsGAL05.o’
    
    Compiled code should not call entry points which might terminate R nor
    write to stdout/stderr instead of to the console, nor the C RNG.
    
    See ‘Writing portable packages’ in the ‘Writing R Extensions’ manual.
Flavor: r-devel-osx-x86_64-clang

Version: 1.4
Check: compiled code
Result: NOTE
    File 'bclust/libs/i386/bclust.dll':
     Found 'rand', possibly from 'rand' (C)
     Object: 'ClusteringvsGAL05.o'
    File 'bclust/libs/x64/bclust.dll':
     Found 'rand', possibly from 'rand' (C)
     Object: 'ClusteringvsGAL05.o'
    
    Compiled code should not call entry points which might terminate R nor
    write to stdout/stderr instead of to the console, nor the C RNG.
    
    See 'Writing portable packages' in the 'Writing R Extensions' manual.
Flavor: r-devel-windows-ix86+x86_64