CRAN Package Check Results for Package bclust

Last updated on 2018-04-22 19:46:28 CEST.

Flavor Version Tinstall Tcheck Ttotal Status Flags
r-devel-linux-x86_64-debian-clang 1.5 5.85 29.95 35.80 NOTE
r-devel-linux-x86_64-debian-gcc 1.5 4.86 23.47 28.33 NOTE
r-devel-linux-x86_64-fedora-clang 1.5 44.50 NOTE
r-devel-linux-x86_64-fedora-gcc 1.5 41.73 NOTE
r-devel-windows-ix86+x86_64 1.5 19.00 53.00 72.00 OK
r-devel-osx-x86_64 1.5 OK
r-patched-linux-x86_64 1.5 4.58 29.61 34.19 NOTE
r-patched-solaris-x86 1.5 63.20 OK
r-release-linux-x86_64 1.5 4.34 30.96 35.30 NOTE
r-release-windows-ix86+x86_64 1.5 12.00 55.00 67.00 OK
r-release-osx-x86_64 1.5 OK
r-oldrel-windows-ix86+x86_64 1.5 12.00 51.00 63.00 OK

Check Details

Version: 1.5
Check: compiled code
Result: NOTE
    File ‘bclust/libs/bclust.so’:
     Found no calls to: ‘R_registerRoutines’, ‘R_useDynamicSymbols’
    
    It is good practice to register native routines and to disable symbol
    search.
    
    See ‘Writing portable packages’ in the ‘Writing R Extensions’ manual.
Flavors: r-devel-linux-x86_64-debian-clang, r-devel-linux-x86_64-debian-gcc, r-devel-linux-x86_64-fedora-clang, r-devel-linux-x86_64-fedora-gcc, r-patched-linux-x86_64, r-release-linux-x86_64