CRAN Package Check Results for Package bclust

Last updated on 2015-07-01 19:47:35.

Flavor Version Tinstall Tcheck Ttotal Status Flags
r-devel-linux-x86_64-debian-clang 1.4 2.43 16.63 19.06 WARN
r-devel-linux-x86_64-debian-gcc 1.4 2.78 16.41 19.19 WARN
r-devel-linux-x86_64-fedora-clang 1.4 36.16 WARN
r-devel-linux-x86_64-fedora-gcc 1.4 34.78 WARN
r-devel-osx-x86_64-clang 1.4 35.33 WARN
r-devel-windows-ix86+x86_64 1.4 16.00 36.00 52.00 WARN
r-patched-linux-x86_64 1.4 2.79 16.79 19.58 WARN
r-patched-solaris-sparc 1.4 238.60 NOTE
r-patched-solaris-x86 1.4 54.70 NOTE
r-release-linux-x86_64 1.4 2.84 17.14 19.99 WARN
r-release-osx-x86_64-mavericks 1.4 WARN
r-release-windows-ix86+x86_64 1.4 9.00 37.00 46.00 WARN
r-oldrel-windows-ix86+x86_64 1.4 14.00 43.00 57.00 WARN

Check Details

Version: 1.4
Check: whether package can be installed
Result: WARN
    Found the following significant warnings:
     ClusteringvsGAL05.c:2695:2: warning: control may reach end of non-void function [-Wreturn-type]
    Found the following additional warnings:
     ClusteringvsGAL05.c:2695:2: warning: control may reach end of non-void function [-Wreturn-type]
Flavors: r-devel-linux-x86_64-debian-clang, r-devel-linux-x86_64-fedora-clang, r-devel-osx-x86_64-clang, r-release-osx-x86_64-mavericks

Version: 1.4
Check: DESCRIPTION meta-information
Result: NOTE
    Malformed Title field: should not end in a period.
Flavors: r-devel-linux-x86_64-debian-clang, r-devel-linux-x86_64-debian-gcc, r-devel-linux-x86_64-fedora-clang, r-devel-linux-x86_64-fedora-gcc, r-devel-osx-x86_64-clang, r-devel-windows-ix86+x86_64, r-patched-linux-x86_64, r-patched-solaris-sparc, r-patched-solaris-x86, r-release-linux-x86_64, r-release-osx-x86_64-mavericks, r-release-windows-ix86+x86_64

Version: 1.4
Check: dependencies in R code
Result: NOTE
    Unexported object imported by a ':::' call: ‘stats:::plotNode’
     See the note in ?`:::` about the use of this operator.
Flavors: r-devel-linux-x86_64-debian-clang, r-devel-linux-x86_64-debian-gcc, r-devel-linux-x86_64-fedora-clang, r-devel-linux-x86_64-fedora-gcc, r-devel-osx-x86_64-clang, r-devel-windows-ix86+x86_64, r-patched-linux-x86_64, r-patched-solaris-sparc, r-patched-solaris-x86, r-release-linux-x86_64, r-release-osx-x86_64-mavericks, r-release-windows-ix86+x86_64, r-oldrel-windows-ix86+x86_64

Version: 1.4
Check: R code for possible problems
Result: NOTE
    bclust : nocrossing.order: no visible global function definition for
     ‘na.exclude’
    bclust: no visible global function definition for ‘diffinv’
    bclust: no visible global function definition for ‘cutree’
    ditplot: no visible global function definition for ‘rainbow’
    ditplot: no visible global function definition for ‘heat.colors’
    ditplot : cutplot.dendrogramh: no visible global function definition
     for ‘plot’
    ditplot : cutplot.dendrogramh: no visible global function definition
     for ‘par’
    ditplot : cutplot.dendrogramh: no visible global function definition
     for ‘rainbow’
    ditplot : cutplot.dendrogramh: no visible global function definition
     for ‘abline’
    ditplot: no visible global function definition for ‘layout’
    ditplot: no visible global function definition for ‘as.dendrogram’
    ditplot: no visible global function definition for ‘order.dendrogram’
    ditplot: no visible global function definition for ‘par’
    ditplot: no visible global function definition for ‘image’
    ditplot: no visible global function definition for ‘axis’
    dptplot: no visible global function definition for ‘heat.colors’
    dptplot: no visible global function definition for ‘rainbow’
    dptplot : cutplot.dendrogramh: no visible global function definition
     for ‘plot’
    dptplot : cutplot.dendrogramh: no visible global function definition
     for ‘par’
    dptplot : cutplot.dendrogramh: no visible global function definition
     for ‘rainbow’
    dptplot : cutplot.dendrogramh: no visible global function definition
     for ‘abline’
    dptplot: no visible global function definition for ‘layout’
    dptplot: no visible global function definition for ‘as.dendrogram’
    dptplot: no visible global function definition for ‘order.dendrogram’
    dptplot: no visible global function definition for ‘par’
    dptplot: no visible global function definition for ‘image’
    imp: no visible global function definition for ‘cutree’
    profileplot: no visible global function definition for ‘heat.colors’
    profileplot: no visible global function definition for ‘par’
    profileplot: no visible global function definition for ‘image’
    profileplot: no visible global function definition for ‘abline’
    profileplot: no visible global function definition for ‘axis’
    profileplot: no visible global function definition for ‘points’
    teethplot: no visible global function definition for ‘order.dendrogram’
    teethplot: no visible global function definition for ‘as.dendrogram’
    teethplot: no visible global function definition for ‘image’
    teethplot: no visible global function definition for ‘points’
    viplot: no visible global function definition for ‘par’
    viplot: no visible global function definition for ‘barplot’
    viplot: no visible global function definition for ‘text’
Flavors: r-devel-linux-x86_64-debian-clang, r-devel-linux-x86_64-debian-gcc, r-devel-linux-x86_64-fedora-clang, r-devel-linux-x86_64-fedora-gcc

Version: 1.4
Check: compiled code
Result: NOTE
    File ‘bclust/libs/bclust.so’:
     Found ‘rand’, possibly from ‘rand’ (C)
     Object: ‘ClusteringvsGAL05.o’
    
    Compiled code should not call entry points which might terminate R nor
    write to stdout/stderr instead of to the console, nor the system RNG.
    
    See ‘Writing portable packages’ in the ‘Writing R Extensions’ manual.
Flavors: r-devel-linux-x86_64-debian-clang, r-devel-linux-x86_64-debian-gcc, r-devel-linux-x86_64-fedora-clang, r-devel-linux-x86_64-fedora-gcc, r-patched-linux-x86_64, r-patched-solaris-sparc, r-patched-solaris-x86, r-release-linux-x86_64

Version: 1.4
Check: whether package can be installed
Result: WARN
    Found the following significant warnings:
     ClusteringvsGAL05.c:2695:2: warning: control reaches end of non-void function [-Wreturn-type]
Flavors: r-devel-linux-x86_64-debian-gcc, r-devel-linux-x86_64-fedora-gcc, r-devel-windows-ix86+x86_64, r-patched-linux-x86_64, r-release-linux-x86_64, r-release-windows-ix86+x86_64, r-oldrel-windows-ix86+x86_64

Version: 1.4
Check: compiled code
Result: NOTE
    File ‘bclust/libs/bclust.so’:
     Found ‘_rand’, possibly from ‘rand’ (C)
     Object: ‘ClusteringvsGAL05.o’
    
    Compiled code should not call entry points which might terminate R nor
    write to stdout/stderr instead of to the console, nor the system RNG.
    
    See ‘Writing portable packages’ in the ‘Writing R Extensions’ manual.
Flavors: r-devel-osx-x86_64-clang, r-release-osx-x86_64-mavericks

Version: 1.4
Check: compiled code
Result: NOTE
    File 'bclust/libs/i386/bclust.dll':
     Found 'rand', possibly from 'rand' (C)
     Object: 'ClusteringvsGAL05.o'
    File 'bclust/libs/x64/bclust.dll':
     Found 'rand', possibly from 'rand' (C)
     Object: 'ClusteringvsGAL05.o'
    
    Compiled code should not call entry points which might terminate R nor
    write to stdout/stderr instead of to the console, nor the system RNG.
    
    See 'Writing portable packages' in the 'Writing R Extensions' manual.
Flavors: r-devel-windows-ix86+x86_64, r-release-windows-ix86+x86_64, r-oldrel-windows-ix86+x86_64