CRAN Package Check Results for Package bclust

Last updated on 2019-01-18 04:49:42 CET.

Flavor Version Tinstall Tcheck Ttotal Status Flags
r-devel-linux-x86_64-debian-clang 1.5 5.98 29.68 35.66 OK
r-devel-linux-x86_64-debian-gcc 1.5 4.62 24.98 29.60 OK
r-devel-linux-x86_64-fedora-clang 1.5 46.37 NOTE
r-devel-linux-x86_64-fedora-gcc 1.5 44.23 NOTE
r-devel-windows-ix86+x86_64 1.5 13.00 55.00 68.00 OK
r-patched-linux-x86_64 1.5 5.18 28.90 34.08 OK
r-patched-solaris-x86 1.5 64.90 OK
r-release-linux-x86_64 1.5 5.74 28.00 33.74 OK
r-release-windows-ix86+x86_64 1.5 14.00 53.00 67.00 OK
r-release-osx-x86_64 1.5 OK
r-oldrel-windows-ix86+x86_64 1.5 12.00 57.00 69.00 OK
r-oldrel-osx-x86_64 1.5 OK

Check Details

Version: 1.5
Check: compiled code
Result: NOTE
    File ‘bclust/libs/bclust.so’:
     Found no calls to: ‘R_registerRoutines’, ‘R_useDynamicSymbols’
    
    It is good practice to register native routines and to disable symbol
    search.
    
    See ‘Writing portable packages’ in the ‘Writing R Extensions’ manual.
Flavors: r-devel-linux-x86_64-fedora-clang, r-devel-linux-x86_64-fedora-gcc