CRAN Package Check Results for Package bclust

Last updated on 2019-03-23 16:47:34 CET.

Flavor Version Tinstall Tcheck Ttotal Status Flags
r-devel-linux-x86_64-debian-clang 1.5 6.83 32.31 39.14 OK
r-devel-linux-x86_64-debian-gcc 1.5 4.72 24.98 29.70 OK
r-devel-linux-x86_64-fedora-clang 1.5 48.27 NOTE
r-devel-linux-x86_64-fedora-gcc 1.5 44.41 NOTE
r-devel-windows-ix86+x86_64 1.5 22.00 72.00 94.00 OK
r-patched-linux-x86_64 1.5 4.83 29.07 33.90 OK
r-patched-solaris-x86 1.5 62.80 OK
r-release-linux-x86_64 1.5 0.29 1.95 2.24 ERROR
r-release-windows-ix86+x86_64 1.5 14.00 53.00 67.00 OK
r-release-osx-x86_64 1.5 OK
r-oldrel-windows-ix86+x86_64 1.5 12.00 57.00 69.00 OK
r-oldrel-osx-x86_64 1.5 OK

Check Details

Version: 1.5
Check: compiled code
Result: NOTE
    File ‘bclust/libs/bclust.so’:
     Found no calls to: ‘R_registerRoutines’, ‘R_useDynamicSymbols’
    
    It is good practice to register native routines and to disable symbol
    search.
    
    See ‘Writing portable packages’ in the ‘Writing R Extensions’ manual.
Flavors: r-devel-linux-x86_64-fedora-clang, r-devel-linux-x86_64-fedora-gcc

Version: 1.5
Check: whether package can be installed
Result: ERROR
    Installation failed.
Flavor: r-release-linux-x86_64