CRAN Package Check Results for Package bclust

Last updated on 2014-07-23 04:48:21.

Flavor Version Tinstall Tcheck Ttotal Status Flags
r-devel-linux-x86_64-debian-clang 1.4 1.86 16.80 18.66 NOTE
r-devel-linux-x86_64-debian-gcc 1.4 2.87 16.66 19.52 WARN
r-devel-linux-x86_64-fedora-clang 1.4 38.56 NOTE
r-devel-linux-x86_64-fedora-gcc 1.4 37.46 WARN
r-devel-osx-x86_64-clang 1.4 35.16 NOTE
r-devel-windows-ix86+x86_64 1.4 10.00 35.00 45.00 WARN
r-patched-linux-x86_64 1.4 2.80 16.93 19.73 WARN
r-patched-solaris-sparc 1.4 227.50 NOTE
r-patched-solaris-x86 1.4 54.20 NOTE
r-release-linux-ix86 1.4 3.62 25.20 28.82 WARN
r-release-linux-x86_64 1.4 3.10 17.27 20.36 WARN
r-release-osx-x86_64-mavericks 1.4 NOTE
r-release-windows-ix86+x86_64 1.4 13.00 39.00 52.00 WARN
r-oldrel-windows-ix86+x86_64 1.4 11.00 38.00 49.00 NOTE

Check Details

Version: 1.4
Check: whether package can be installed
Result: NOTE
    Found the following warnings:
     ClusteringvsGAL05.c:2695:2: warning: control may reach end of non-void function [-Wreturn-type]
    See ‘/home/hornik/tmp/R.check/r-devel-clang/Work/PKGS/bclust.Rcheck/00install.out’ for details.
Flavor: r-devel-linux-x86_64-debian-clang

Version: 1.4
Check: dependencies in R code
Result: NOTE
    Unexported object imported by a ':::' call: ‘stats:::plotNode’
     See the note in ?`:::` about the use of this operator.
    See the information on DESCRIPTION files in the chapter ‘Creating R
    packages’ of the ‘Writing R Extensions’ manual.
Flavors: r-devel-linux-x86_64-debian-clang, r-devel-linux-x86_64-debian-gcc, r-devel-linux-x86_64-fedora-clang, r-devel-linux-x86_64-fedora-gcc, r-devel-osx-x86_64-clang, r-devel-windows-ix86+x86_64, r-patched-linux-x86_64, r-patched-solaris-sparc, r-patched-solaris-x86, r-release-linux-ix86, r-release-linux-x86_64, r-release-osx-x86_64-mavericks, r-release-windows-ix86+x86_64, r-oldrel-windows-ix86+x86_64

Version: 1.4
Check: whether package can be installed
Result: WARNING
    Found the following significant warnings:
     ClusteringvsGAL05.c:2695:2: warning: control reaches end of non-void function [-Wreturn-type]
    See ‘/home/hornik/tmp/R.check/r-devel-gcc/Work/PKGS/bclust.Rcheck/00install.out’ for details.
Flavor: r-devel-linux-x86_64-debian-gcc

Version: 1.4
Check: whether package can be installed
Result: NOTE
    Found the following warnings:
     ClusteringvsGAL05.c:2695:2: warning: control may reach end of non-void function [-Wreturn-type]
    See ‘/data/gannet/ripley/R/packages/tests-clang/bclust.Rcheck/00install.out’ for details.
Flavor: r-devel-linux-x86_64-fedora-clang

Version: 1.4
Check: whether package can be installed
Result: WARNING
    Found the following significant warnings:
     ClusteringvsGAL05.c:2695:2: warning: control reaches end of non-void function [-Wreturn-type]
    See ‘/data/gannet/ripley/R/packages/tests-devel/bclust.Rcheck/00install.out’ for details.
Flavor: r-devel-linux-x86_64-fedora-gcc

Version: 1.4
Check: whether package can be installed
Result: NOTE
    Found the following warnings:
     ClusteringvsGAL05.c:2695:2: warning: control may reach end of non-void function [-Wreturn-type]
    See ‘/Users/ripley/R/packages/tests-devel/bclust.Rcheck/00install.out’ for details.
Flavor: r-devel-osx-x86_64-clang

Version: 1.4
Check: whether package can be installed
Result: WARNING
    Found the following significant warnings:
     ClusteringvsGAL05.c:2695:2: warning: control reaches end of non-void function [-Wreturn-type]
    See 'd:/Rcompile/CRANpkg/local/3.2/bclust.Rcheck/00install.out' for details.
Flavor: r-devel-windows-ix86+x86_64

Version: 1.4
Check: whether package can be installed
Result: WARNING
    Found the following significant warnings:
     ClusteringvsGAL05.c:2695:2: warning: control reaches end of non-void function [-Wreturn-type]
    See ‘/home/hornik/tmp/R.check/r-patched-gcc/Work/PKGS/bclust.Rcheck/00install.out’ for details.
Flavor: r-patched-linux-x86_64

Version: 1.4
Check: whether package can be installed
Result: WARNING
    Found the following significant warnings:
     ClusteringvsGAL05.c:2695:2: warning: control reaches end of non-void function [-Wreturn-type]
    See ‘/home/hornik/tmp/R.check/r-release-gcc/Work/PKGS/bclust.Rcheck/00install.out’ for details.
Flavors: r-release-linux-ix86, r-release-linux-x86_64

Version: 1.4
Check: whether package can be installed
Result: WARNING
    Found the following significant warnings:
     ClusteringvsGAL05.c:2695:2: warning: control reaches end of non-void function [-Wreturn-type]
    See 'd:/Rcompile/CRANpkg/local/3.1/bclust.Rcheck/00install.out' for details.
Flavor: r-release-windows-ix86+x86_64