CRAN Package Check Results for Package bclust

Last updated on 2014-08-21 05:46:48.

Flavor Version Tinstall Tcheck Ttotal Status Flags
r-devel-linux-x86_64-debian-clang 1.4 1.95 17.11 19.06 NOTE
r-devel-linux-x86_64-debian-gcc 1.4 2.78 16.79 19.57 WARN
r-devel-linux-x86_64-fedora-clang 1.4 38.51 NOTE
r-devel-linux-x86_64-fedora-gcc 1.4 36.45 WARN
r-devel-osx-x86_64-clang 1.4 35.26 NOTE
r-devel-windows-ix86+x86_64 1.4 10.00 36.00 46.00 WARN
r-patched-linux-x86_64 1.4 2.80 17.22 20.03 WARN
r-patched-solaris-sparc 1.4 234.10 NOTE
r-patched-solaris-x86 1.4 54.40 NOTE
r-release-linux-ix86 1.4 3.62 25.26 28.88 WARN
r-release-linux-x86_64 1.4 2.76 19.04 21.80 WARN
r-release-osx-x86_64-mavericks 1.4 NOTE
r-release-windows-ix86+x86_64 1.4 13.00 39.00 52.00 WARN
r-oldrel-windows-ix86+x86_64 1.4 11.00 38.00 49.00 NOTE

Check Details

Version: 1.4
Check: whether package can be installed
Result: NOTE
    Found the following warnings:
     ClusteringvsGAL05.c:2695:2: warning: control may reach end of non-void function [-Wreturn-type]
Flavors: r-devel-linux-x86_64-debian-clang, r-devel-linux-x86_64-fedora-clang, r-devel-osx-x86_64-clang

Version: 1.4
Check: dependencies in R code
Result: NOTE
    Unexported object imported by a ':::' call: ‘stats:::plotNode’
     See the note in ?`:::` about the use of this operator.
    See the information on DESCRIPTION files in the chapter ‘Creating R
    packages’ of the ‘Writing R Extensions’ manual.
Flavors: r-devel-linux-x86_64-debian-clang, r-devel-linux-x86_64-debian-gcc, r-devel-linux-x86_64-fedora-clang, r-devel-linux-x86_64-fedora-gcc, r-devel-osx-x86_64-clang, r-devel-windows-ix86+x86_64, r-patched-linux-x86_64, r-patched-solaris-sparc, r-patched-solaris-x86, r-release-linux-ix86, r-release-linux-x86_64, r-release-osx-x86_64-mavericks, r-release-windows-ix86+x86_64, r-oldrel-windows-ix86+x86_64

Version: 1.4
Check: whether package can be installed
Result: WARNING
    Found the following significant warnings:
     ClusteringvsGAL05.c:2695:2: warning: control reaches end of non-void function [-Wreturn-type]
Flavors: r-devel-linux-x86_64-debian-gcc, r-devel-linux-x86_64-fedora-gcc, r-devel-windows-ix86+x86_64, r-patched-linux-x86_64, r-release-linux-ix86, r-release-linux-x86_64, r-release-windows-ix86+x86_64