CRAN Package Check Results for Package bclust

Last updated on 2018-09-22 20:46:16 CEST.

Flavor Version Tinstall Tcheck Ttotal Status Flags
r-devel-linux-x86_64-debian-clang 1.5 6.91 31.46 38.37 OK
r-devel-linux-x86_64-debian-gcc 1.5 4.52 24.95 29.47 OK
r-devel-linux-x86_64-fedora-clang 1.5 46.29 NOTE
r-devel-linux-x86_64-fedora-gcc 1.5 43.06 NOTE
r-devel-windows-ix86+x86_64 1.5 14.00 56.00 70.00 OK
r-patched-linux-x86_64 1.5 4.93 28.92 33.85 OK
r-patched-solaris-x86 1.5 62.20 OK
r-release-linux-x86_64 1.5 4.82 29.84 34.66 OK
r-release-windows-ix86+x86_64 1.5 19.00 53.00 72.00 OK
r-release-osx-x86_64 1.5 OK
r-oldrel-windows-ix86+x86_64 1.5 12.00 55.00 67.00 OK
r-oldrel-osx-x86_64 1.5 OK

Check Details

Version: 1.5
Check: compiled code
Result: NOTE
    File ‘bclust/libs/bclust.so’:
     Found no calls to: ‘R_registerRoutines’, ‘R_useDynamicSymbols’
    
    It is good practice to register native routines and to disable symbol
    search.
    
    See ‘Writing portable packages’ in the ‘Writing R Extensions’ manual.
Flavors: r-devel-linux-x86_64-fedora-clang, r-devel-linux-x86_64-fedora-gcc