CRAN Package Check Results for Package bclust

Last updated on 2014-04-21 04:48:36.

Flavor Version Tinstall Tcheck Ttotal Status Flags
r-devel-linux-x86_64-debian-clang 1.4 1.97 17.71 19.68 NOTE
r-devel-linux-x86_64-debian-gcc 1.4 2.70 17.99 20.70 WARN
r-devel-linux-x86_64-fedora-clang 1.4 38.44 NOTE
r-devel-linux-x86_64-fedora-gcc 1.4 37.03 WARN
r-devel-macosx-x86_64-clang 1.4 32.20 NOTE
r-devel-macosx-x86_64-gcc 1.4 NOTE
r-devel-windows-ix86+x86_64 1.4 9.00 38.00 47.00 WARN
r-patched-linux-x86_64 1.4 2.70 17.58 20.28 WARN
r-patched-solaris-sparc 1.4 227.50 NOTE
r-patched-solaris-x86 1.4 54.70 NOTE
r-release-linux-ix86 WARN
r-release-linux-x86_64 1.4 2.74 18.12 20.86 WARN
r-release-windows-ix86+x86_64 1.4 15.00 48.00 63.00 WARN
r-oldrel-windows-ix86+x86_64 1.4 11.00 38.00 49.00 NOTE

Check Details

Version: 1.4
Check: dependencies in R code
Result: NOTE
    Unexported object imported by a ':::' call: ‘stats:::plotNode’
     See the note in ?`:::` about the use of this operator.
    See the information on DESCRIPTION files in the chapter ‘Creating R
    packages’ of the ‘Writing R Extensions’ manual.
Flavors: r-devel-linux-x86_64-debian-clang, r-devel-linux-x86_64-debian-gcc, r-devel-linux-x86_64-fedora-clang, r-devel-linux-x86_64-fedora-gcc, r-devel-macosx-x86_64-clang, r-devel-macosx-x86_64-gcc, r-devel-windows-ix86+x86_64, r-patched-linux-x86_64, r-patched-solaris-sparc, r-patched-solaris-x86, r-release-linux-ix86, r-release-linux-x86_64, r-release-windows-ix86+x86_64, r-oldrel-windows-ix86+x86_64

Version: 1.4
Check: whether package can be installed
Result: WARNING
    Found the following significant warnings:
     ClusteringvsGAL05.c:2695:2: warning: control reaches end of non-void function [-Wreturn-type]
    See ‘/home/hornik/tmp/R.check/r-devel-gcc/Work/PKGS/bclust.Rcheck/00install.out’ for details.
Flavor: r-devel-linux-x86_64-debian-gcc

Version: 1.4
Check: whether package can be installed
Result: WARNING
    Found the following significant warnings:
     ClusteringvsGAL05.c:2695:2: warning: control reaches end of non-void function [-Wreturn-type]
    See ‘/data/gannet/ripley/R/packages/tests-devel/bclust.Rcheck/00install.out’ for details.
Flavor: r-devel-linux-x86_64-fedora-gcc

Version: 1.4
Check: whether package can be installed
Result: WARNING
    Found the following significant warnings:
     ClusteringvsGAL05.c:2695:2: warning: control reaches end of non-void function [-Wreturn-type]
     ClusteringvsGAL05.c:2695:2: warning: control reaches end of non-void function [-Wreturn-type]
    See 'd:/Rcompile/CRANpkg/local/3.2/bclust.Rcheck/00install.out' for details.
Flavor: r-devel-windows-ix86+x86_64

Version: 1.4
Check: whether package can be installed
Result: WARNING
    Found the following significant warnings:
     ClusteringvsGAL05.c:2695:2: warning: control reaches end of non-void function [-Wreturn-type]
    See ‘/home/hornik/tmp/R.check/r-patched-gcc/Work/PKGS/bclust.Rcheck/00install.out’ for details.
Flavor: r-patched-linux-x86_64

Version: 1.4
Check: whether package can be installed
Result: WARNING
    Found the following significant warnings:
     ClusteringvsGAL05.c:2695:2: warning: control reaches end of non-void function [-Wreturn-type]
    See ‘/home/hornik/tmp/R.check/r-release-gcc/Work/PKGS/bclust.Rcheck/00install.out’ for details.
Flavors: r-release-linux-ix86, r-release-linux-x86_64

Version: 1.4
Check: whether package can be installed
Result: WARNING
    Found the following significant warnings:
     ClusteringvsGAL05.c:2695:2: warning: control reaches end of non-void function [-Wreturn-type]
     ClusteringvsGAL05.c:2695:2: warning: control reaches end of non-void function [-Wreturn-type]
    See 'd:/Rcompile/CRANpkg/local/3.1/bclust.Rcheck/00install.out' for details.
Flavor: r-release-windows-ix86+x86_64