CRAN Package Check Results for Package bclust

Last updated on 2017-08-23 01:46:11.

Flavor Version Tinstall Tcheck Ttotal Status Flags
r-devel-linux-x86_64-debian-clang 1.5 3.62 20.25 23.86 NOTE
r-devel-linux-x86_64-debian-gcc 1.5 2.84 20.51 23.36 NOTE
r-devel-linux-x86_64-fedora-clang 1.5 47.79 NOTE
r-devel-linux-x86_64-fedora-gcc 1.5 43.50 NOTE
r-devel-windows-ix86+x86_64 1.5 11.00 53.00 64.00 OK
r-patched-linux-x86_64 1.5 2.83 20.50 23.32 NOTE
r-patched-solaris-x86 1.5 55.80 OK
r-release-linux-x86_64 1.5 2.88 20.40 23.28 NOTE
r-release-windows-ix86+x86_64 1.5 12.00 55.00 67.00 OK
r-release-osx-x86_64 1.5 OK
r-oldrel-windows-ix86+x86_64 1.5 12.00 51.00 63.00 OK
r-oldrel-osx-x86_64 1.5 OK

Check Details

Version: 1.5
Check: compiled code
Result: NOTE
    File ‘bclust/libs/bclust.so’:
     Found no calls to: ‘R_registerRoutines’, ‘R_useDynamicSymbols’
    
    It is good practice to register native routines and to disable symbol
    search.
    
    See ‘Writing portable packages’ in the ‘Writing R Extensions’ manual.
Flavors: r-devel-linux-x86_64-debian-clang, r-devel-linux-x86_64-debian-gcc, r-devel-linux-x86_64-fedora-clang, r-devel-linux-x86_64-fedora-gcc, r-patched-linux-x86_64, r-release-linux-x86_64