CRAN Package Check Results for Package bclust

Last updated on 2019-08-17 19:48:22 CEST.

Flavor Version Tinstall Tcheck Ttotal Status Flags
r-devel-linux-x86_64-debian-clang 1.5 7.95 31.79 39.74 OK
r-devel-linux-x86_64-debian-gcc 1.5 5.03 25.08 30.11 OK
r-devel-linux-x86_64-fedora-clang 1.5 46.75 NOTE
r-devel-linux-x86_64-fedora-gcc 1.5 45.97 NOTE
r-devel-windows-ix86+x86_64 1.5 20.00 78.00 98.00 OK
r-patched-linux-x86_64 1.5 5.24 31.33 36.57 OK
r-patched-solaris-x86 1.5 70.70 OK
r-release-linux-x86_64 1.5 5.83 32.08 37.91 OK
r-release-windows-ix86+x86_64 1.5 14.00 92.00 106.00 OK
r-release-osx-x86_64 1.5 OK
r-oldrel-windows-ix86+x86_64 1.5 14.00 53.00 67.00 OK
r-oldrel-osx-x86_64 1.5 OK

Additional issues

OpenBLAS

Check Details

Version: 1.5
Check: compiled code
Result: NOTE
    File ‘bclust/libs/bclust.so’:
     Found no calls to: ‘R_registerRoutines’, ‘R_useDynamicSymbols’
    
    It is good practice to register native routines and to disable symbol
    search.
    
    See ‘Writing portable packages’ in the ‘Writing R Extensions’ manual.
Flavors: r-devel-linux-x86_64-fedora-clang, r-devel-linux-x86_64-fedora-gcc