CRAN Package Check Results for Package bclust

Last updated on 2017-04-27 11:53:21.

Flavor Version Tinstall Tcheck Ttotal Status Flags
r-devel-linux-x86_64-debian-clang 1.5 3.72 20.50 24.22 NOTE
r-devel-linux-x86_64-debian-gcc 1.5 2.82 20.15 22.98 NOTE
r-devel-linux-x86_64-fedora-clang 1.5 46.00 NOTE --no-stop-on-test-error
r-devel-linux-x86_64-fedora-gcc 1.5 43.22 NOTE --no-stop-on-test-error
r-devel-windows-ix86+x86_64 1.5 17.00 55.00 72.00 OK
r-patched-linux-x86_64 1.5 2.67 20.29 22.96 NOTE
r-patched-solaris-sparc 1.5 259.90 OK
r-patched-solaris-x86 1.5 57.60 OK
r-release-linux-x86_64 1.5 2.82 20.28 23.10 NOTE
r-release-windows-ix86+x86_64 1.5 12.00 52.00 64.00 OK
r-release-osx-x86_64 1.5 OK
r-oldrel-windows-ix86+x86_64 1.5 12.00 51.00 63.00 OK
r-oldrel-osx-x86_64 1.5 OK

Check Details

Version: 1.5
Check: compiled code
Result: NOTE
    File ‘bclust/libs/bclust.so’:
     Found no calls to: ‘R_registerRoutines’, ‘R_useDynamicSymbols’
    
    It is good practice to register native routines and to disable symbol
    search.
    
    See ‘Writing portable packages’ in the ‘Writing R Extensions’ manual.
Flavors: r-devel-linux-x86_64-debian-clang, r-devel-linux-x86_64-debian-gcc, r-patched-linux-x86_64, r-release-linux-x86_64

Version: 1.5
Flags: --no-stop-on-test-error
Check: compiled code
Result: NOTE
    File ‘bclust/libs/bclust.so’:
     Found no calls to: ‘R_registerRoutines’, ‘R_useDynamicSymbols’
    
    It is good practice to register native routines and to disable symbol
    search.
    
    See ‘Writing portable packages’ in the ‘Writing R Extensions’ manual.
Flavors: r-devel-linux-x86_64-fedora-clang, r-devel-linux-x86_64-fedora-gcc