CRAN Package Check Results for Package bclust

Last updated on 2017-06-27 23:47:50.

Flavor Version Tinstall Tcheck Ttotal Status Flags
r-devel-linux-x86_64-debian-clang 1.5 3.64 20.16 23.80 NOTE
r-devel-linux-x86_64-debian-gcc 1.5 2.88 19.72 22.60 NOTE
r-devel-linux-x86_64-fedora-clang 1.5 46.26 NOTE
r-devel-linux-x86_64-fedora-gcc 1.5 42.73 NOTE
r-devel-windows-ix86+x86_64 1.5 16.00 69.00 85.00 OK
r-patched-linux-x86_64 1.5 3.01 20.29 23.30 NOTE
r-patched-solaris-sparc 1.5 259.90 OK
r-patched-solaris-x86 1.5 55.70 OK
r-release-linux-x86_64 1.5 2.88 20.63 23.51 NOTE
r-release-windows-ix86+x86_64 1.5 12.00 52.00 64.00 OK
r-release-osx-x86_64 1.5 OK
r-oldrel-windows-ix86+x86_64 1.5 12.00 51.00 63.00 OK
r-oldrel-osx-x86_64 1.5 OK

Check Details

Version: 1.5
Check: compiled code
Result: NOTE
    File ‘bclust/libs/bclust.so’:
     Found no calls to: ‘R_registerRoutines’, ‘R_useDynamicSymbols’
    
    It is good practice to register native routines and to disable symbol
    search.
    
    See ‘Writing portable packages’ in the ‘Writing R Extensions’ manual.
Flavors: r-devel-linux-x86_64-debian-clang, r-devel-linux-x86_64-debian-gcc, r-devel-linux-x86_64-fedora-clang, r-devel-linux-x86_64-fedora-gcc, r-patched-linux-x86_64, r-release-linux-x86_64