CRAN Package Check Results for Package bclust

Last updated on 2016-02-12 23:47:51.

Flavor Version Tinstall Tcheck Ttotal Status Flags
r-devel-linux-x86_64-debian-gcc 1.5 2.70 17.03 19.73 OK
r-devel-linux-x86_64-fedora-clang 1.5 35.56 OK
r-devel-linux-x86_64-fedora-gcc 1.5 34.41 OK
r-devel-osx-x86_64-clang 1.5 37.36 OK
r-devel-windows-ix86+x86_64 1.5 13.00 57.00 70.00 OK
r-patched-linux-x86_64 1.5 2.63 17.81 20.43 OK
r-patched-solaris-sparc 1.5 234.00 OK
r-patched-solaris-x86 1.5 52.00 OK
r-release-linux-x86_64 1.5 2.80 17.54 20.33 OK
r-release-osx-x86_64-mavericks 1.5 OK
r-release-windows-ix86+x86_64 1.5 11.00 41.00 52.00 OK
r-oldrel-windows-ix86+x86_64 1.4 14.00 43.00 57.00 WARN

Check Details

Version: 1.4
Check: whether package can be installed
Result: WARN
    Found the following significant warnings:
     ClusteringvsGAL05.c:2695:2: warning: control reaches end of non-void function [-Wreturn-type]
Flavor: r-oldrel-windows-ix86+x86_64

Version: 1.4
Check: dependencies in R code
Result: NOTE
    Unexported object imported by a ':::' call: 'stats:::plotNode'
     See the note in ?`:::` about the use of this operator.
Flavor: r-oldrel-windows-ix86+x86_64

Version: 1.4
Check: compiled code
Result: NOTE
    File 'bclust/libs/i386/bclust.dll':
     Found 'rand', possibly from 'rand' (C)
     Object: 'ClusteringvsGAL05.o'
    File 'bclust/libs/x64/bclust.dll':
     Found 'rand', possibly from 'rand' (C)
     Object: 'ClusteringvsGAL05.o'
    
    Compiled code should not call entry points which might terminate R nor
    write to stdout/stderr instead of to the console, nor the system RNG.
    
    See 'Writing portable packages' in the 'Writing R Extensions' manual.
Flavor: r-oldrel-windows-ix86+x86_64