CRAN Package Check Results for Package bcmaps

Last updated on 2019-07-21 10:46:08 CEST.

Flavor Version Tinstall Tcheck Ttotal Status Flags
r-devel-linux-x86_64-debian-clang 0.18.0 4.41 52.21 56.62 NOTE
r-devel-linux-x86_64-debian-gcc 0.18.0 3.63 41.88 45.51 NOTE
r-devel-linux-x86_64-fedora-clang 0.18.0 69.28 NOTE
r-devel-linux-x86_64-fedora-gcc 0.18.0 67.94 NOTE
r-devel-windows-ix86+x86_64 0.18.0 10.00 62.00 72.00 NOTE
r-patched-linux-x86_64 0.18.0 4.53 52.06 56.59 NOTE
r-patched-solaris-x86 0.18.0 109.00 NOTE
r-release-linux-x86_64 0.18.0 4.67 51.53 56.20 NOTE
r-release-windows-ix86+x86_64 0.18.0 8.00 62.00 70.00 NOTE
r-release-osx-x86_64 0.18.0 NOTE
r-oldrel-windows-ix86+x86_64 0.18.0 8.00 87.00 95.00 NOTE
r-oldrel-osx-x86_64 0.18.0 NOTE

Check Details

Version: 0.18.0
Check: package dependencies
Result: NOTE
    Package suggested but not available for checking: 'bcmapsdata'
Flavors: r-devel-linux-x86_64-debian-clang, r-devel-linux-x86_64-debian-gcc, r-devel-linux-x86_64-fedora-clang, r-devel-linux-x86_64-fedora-gcc, r-patched-linux-x86_64, r-patched-solaris-x86, r-release-linux-x86_64, r-release-osx-x86_64, r-oldrel-osx-x86_64

Version: 0.18.0
Check: package dependencies
Result: NOTE
    Packages suggested but not available for checking: 'bcmapsdata', 'doMC'
Flavors: r-devel-windows-ix86+x86_64, r-release-windows-ix86+x86_64

Version: 0.18.0
Check: package dependencies
Result: NOTE
    Packages suggested but not available for checking: 'bcmapsdata' 'doMC'
Flavor: r-oldrel-windows-ix86+x86_64