CRAN Package Check Results for Package bcmaps

Last updated on 2019-04-23 10:47:57 CEST.

Flavor Version Tinstall Tcheck Ttotal Status Flags
r-devel-linux-x86_64-debian-clang 0.18.0 4.22 49.91 54.13 NOTE
r-devel-linux-x86_64-debian-gcc 0.18.0 4.08 43.25 47.33 NOTE
r-devel-linux-x86_64-fedora-clang 0.18.0 67.58 NOTE
r-devel-linux-x86_64-fedora-gcc 0.18.0 67.22 NOTE
r-devel-windows-ix86+x86_64 0.18.0 11.00 61.00 72.00 NOTE
r-patched-linux-x86_64 0.18.0 4.68 51.25 55.93 NOTE
r-patched-solaris-x86 0.18.0 110.10 NOTE
r-release-linux-x86_64 0.18.0 2.71 49.50 52.21 NOTE
r-release-windows-ix86+x86_64 0.18.0 6.00 95.00 101.00 NOTE
r-release-osx-x86_64 0.18.0 NOTE
r-oldrel-windows-ix86+x86_64 0.18.0 4.00 100.00 104.00 NOTE
r-oldrel-osx-x86_64 0.18.0 NOTE

Check Details

Version: 0.18.0
Check: package dependencies
Result: NOTE
    Package suggested but not available for checking: 'bcmapsdata'
Flavors: r-devel-linux-x86_64-debian-clang, r-devel-linux-x86_64-debian-gcc, r-devel-linux-x86_64-fedora-clang, r-devel-linux-x86_64-fedora-gcc, r-patched-linux-x86_64, r-patched-solaris-x86, r-release-linux-x86_64, r-release-osx-x86_64, r-oldrel-osx-x86_64

Version: 0.18.0
Check: package dependencies
Result: NOTE
    Packages suggested but not available for checking: 'bcmapsdata', 'doMC'
Flavor: r-devel-windows-ix86+x86_64

Version: 0.18.0
Check: package dependencies
Result: NOTE
    Packages suggested but not available for checking: 'bcmapsdata' 'doMC'
Flavors: r-release-windows-ix86+x86_64, r-oldrel-windows-ix86+x86_64