CRAN Package Check Results for Package bcp

Last updated on 2016-05-31 23:48:11.

Flavor Version Tinstall Tcheck Ttotal Status Flags
r-devel-linux-x86_64-debian-gcc 4.0.0 45.25 29.31 74.57 NOTE
r-devel-linux-x86_64-fedora-clang 4.0.0 129.63 OK
r-devel-linux-x86_64-fedora-gcc 4.0.0 119.09 OK
r-devel-osx-x86_64-clang 4.0.0 110.86 OK
r-devel-windows-ix86+x86_64 4.0.0 105.00 71.00 176.00 OK
r-patched-linux-x86_64 4.0.0 34.72 28.91 63.63 OK
r-patched-solaris-sparc 4.0.0 682.40 OK
r-patched-solaris-x86 4.0.0 131.00 OK
r-release-linux-x86_64 4.0.0 33.34 26.78 60.12 OK
r-release-osx-x86_64-mavericks 4.0.0 OK
r-release-windows-ix86+x86_64 4.0.0 144.00 75.00 219.00 OK
r-oldrel-windows-ix86+x86_64 4.0.0 95.00 87.00 182.00 OK

Memtest notes: clang-ASAN

Check Details

Version: 4.0.0
Check: installed package size
Result: NOTE
     installed size is 5.0Mb
     sub-directories of 1Mb or more:
     libs 4.8Mb
Flavor: r-devel-linux-x86_64-debian-gcc