CRAN Package Check Results for Package bcp

Last updated on 2016-09-29 23:47:24.

Flavor Version Tinstall Tcheck Ttotal Status Flags
r-devel-linux-x86_64-debian-clang 4.0.0 36.15 33.48 69.63 OK
r-devel-linux-x86_64-debian-gcc 4.0.0 39.90 32.45 72.35 NOTE
r-devel-linux-x86_64-fedora-clang 4.0.0 133.61 OK
r-devel-linux-x86_64-fedora-gcc 4.0.0 132.22 NOTE
r-devel-macos-x86_64-clang 4.0.0 87.95 OK
r-devel-windows-ix86+x86_64 4.0.0 116.00 95.00 211.00 OK
r-patched-linux-x86_64 4.0.0 32.16 32.06 64.22 OK
r-patched-solaris-sparc 4.0.0 693.60 OK
r-patched-solaris-x86 4.0.0 131.40 OK
r-release-linux-x86_64 4.0.0 34.16 32.52 66.67 OK
r-release-osx-x86_64-mavericks 4.0.0 OK
r-release-windows-ix86+x86_64 4.0.0 108.00 77.00 185.00 OK
r-oldrel-windows-ix86+x86_64 4.0.0 145.00 124.00 269.00 OK

Memtest notes: clang-ASAN

Check Details

Version: 4.0.0
Check: installed package size
Result: NOTE
     installed size is 5.1Mb
     sub-directories of 1Mb or more:
     libs 4.8Mb
Flavors: r-devel-linux-x86_64-debian-gcc, r-devel-linux-x86_64-fedora-gcc