CRAN Package Check Results for Package bcp

Last updated on 2017-11-25 09:49:13 CET.

Flavor Version Tinstall Tcheck Ttotal Status Flags
r-devel-linux-x86_64-debian-clang 4.0.0 51.41 77.78 129.19 NOTE
r-devel-linux-x86_64-debian-gcc 4.0.0 45.28 69.79 115.07 NOTE
r-devel-linux-x86_64-fedora-clang 4.0.0 137.75 NOTE
r-devel-linux-x86_64-fedora-gcc 4.0.0 132.12 NOTE
r-devel-windows-ix86+x86_64 4.0.0 106.00 97.00 203.00 OK
r-patched-linux-x86_64 4.0.0 55.13 81.18 136.31 NOTE
r-patched-solaris-x86 4.0.0 150.50 OK
r-release-linux-x86_64 4.0.0 54.46 76.51 130.97 NOTE
r-release-windows-ix86+x86_64 4.0.0 117.00 96.00 213.00 OK
r-release-osx-x86_64 4.0.0 OK
r-oldrel-windows-ix86+x86_64 4.0.0 118.00 97.00 215.00 OK
r-oldrel-osx-x86_64 4.0.0 OK

Additional issues

clang-ASAN

Check Details

Version: 4.0.0
Check: compiled code
Result: NOTE
    File ‘bcp/libs/bcp.so’:
     Found no calls to: ‘R_registerRoutines’, ‘R_useDynamicSymbols’
    
    It is good practice to register native routines and to disable symbol
    search.
    
    See ‘Writing portable packages’ in the ‘Writing R Extensions’ manual.
Flavors: r-devel-linux-x86_64-debian-clang, r-devel-linux-x86_64-debian-gcc, r-devel-linux-x86_64-fedora-clang, r-devel-linux-x86_64-fedora-gcc, r-patched-linux-x86_64, r-release-linux-x86_64

Version: 4.0.0
Check: installed package size
Result: NOTE
     installed size is 5.3Mb
     sub-directories of 1Mb or more:
     libs 5.0Mb
Flavor: r-devel-linux-x86_64-fedora-gcc