CRAN Package Check Results for Package bcp

Last updated on 2017-07-24 10:46:35.

Flavor Version Tinstall Tcheck Ttotal Status Flags
r-devel-linux-x86_64-debian-clang 4.0.0 38.09 38.95 77.04 NOTE
r-devel-linux-x86_64-debian-gcc 4.0.0 41.10 37.47 78.58 NOTE
r-devel-linux-x86_64-fedora-clang 4.0.0 144.07 NOTE
r-devel-linux-x86_64-fedora-gcc 4.0.0 147.35 NOTE
r-devel-windows-ix86+x86_64 4.0.0 154.00 125.00 279.00 OK
r-patched-linux-x86_64 4.0.0 41.07 38.89 79.96 NOTE
r-patched-solaris-x86 4.0.0 149.00 OK
r-release-linux-x86_64 4.0.0 41.18 38.24 79.42 NOTE
r-release-windows-ix86+x86_64 4.0.0 142.00 137.00 279.00 OK
r-release-osx-x86_64 4.0.0 OK
r-oldrel-windows-ix86+x86_64 4.0.0 118.00 88.00 206.00 OK
r-oldrel-osx-x86_64 4.0.0 OK

Additional issues

clang-ASAN

Check Details

Version: 4.0.0
Check: compiled code
Result: NOTE
    File ‘bcp/libs/bcp.so’:
     Found no calls to: ‘R_registerRoutines’, ‘R_useDynamicSymbols’
    
    It is good practice to register native routines and to disable symbol
    search.
    
    See ‘Writing portable packages’ in the ‘Writing R Extensions’ manual.
Flavors: r-devel-linux-x86_64-debian-clang, r-devel-linux-x86_64-debian-gcc, r-devel-linux-x86_64-fedora-clang, r-devel-linux-x86_64-fedora-gcc, r-patched-linux-x86_64, r-release-linux-x86_64

Version: 4.0.0
Check: installed package size
Result: NOTE
     installed size is 5.5Mb
     sub-directories of 1Mb or more:
     libs 5.2Mb
Flavor: r-devel-linux-x86_64-fedora-gcc