CRAN Package Check Results for Package bcp

Last updated on 2017-09-20 07:46:44.

Flavor Version Tinstall Tcheck Ttotal Status Flags
r-devel-linux-x86_64-debian-clang 4.0.0 38.64 33.66 72.30 NOTE
r-devel-linux-x86_64-debian-gcc 4.0.0 40.82 32.39 73.21 NOTE
r-devel-linux-x86_64-fedora-clang 4.0.0 145.68 NOTE
r-devel-linux-x86_64-fedora-gcc 4.0.0 140.01 NOTE
r-devel-windows-ix86+x86_64 4.0.0 118.00 138.00 256.00 OK
r-patched-linux-x86_64 4.0.0 41.00 31.57 72.57 NOTE
r-patched-solaris-x86 4.0.0 148.00 OK
r-release-linux-x86_64 4.0.0 41.45 32.31 73.75 NOTE
r-release-windows-ix86+x86_64 4.0.0 123.00 101.00 224.00 OK
r-release-osx-x86_64 4.0.0 OK
r-oldrel-windows-ix86+x86_64 4.0.0 113.00 90.00 203.00 OK
r-oldrel-osx-x86_64 4.0.0 OK

Additional issues

clang-ASAN

Check Details

Version: 4.0.0
Check: compiled code
Result: NOTE
    File ‘bcp/libs/bcp.so’:
     Found no calls to: ‘R_registerRoutines’, ‘R_useDynamicSymbols’
    
    It is good practice to register native routines and to disable symbol
    search.
    
    See ‘Writing portable packages’ in the ‘Writing R Extensions’ manual.
Flavors: r-devel-linux-x86_64-debian-clang, r-devel-linux-x86_64-debian-gcc, r-devel-linux-x86_64-fedora-clang, r-devel-linux-x86_64-fedora-gcc, r-patched-linux-x86_64, r-release-linux-x86_64

Version: 4.0.0
Check: installed package size
Result: NOTE
     installed size is 5.3Mb
     sub-directories of 1Mb or more:
     libs 5.0Mb
Flavor: r-devel-linux-x86_64-fedora-gcc