CRAN Package Check Results for Package bcp

Last updated on 2016-08-30 00:47:21.

Flavor Version Tinstall Tcheck Ttotal Status Flags
r-devel-linux-x86_64-debian-clang 4.0.0 35.41 32.93 68.34 OK
r-devel-linux-x86_64-debian-gcc 4.0.0 38.88 31.26 70.14 NOTE
r-devel-linux-x86_64-fedora-clang 4.0.0 134.38 OK
r-devel-linux-x86_64-fedora-gcc 4.0.0 132.67 NOTE
r-devel-osx-x86_64-clang 4.0.0 91.41 OK
r-devel-windows-ix86+x86_64 4.0.0 140.00 101.00 241.00 OK
r-patched-linux-x86_64 4.0.0 31.99 30.95 62.94 OK
r-patched-solaris-sparc 4.0.0 693.60 OK
r-patched-solaris-x86 4.0.0 131.80 OK
r-release-linux-x86_64 4.0.0 32.50 30.90 63.39 OK
r-release-osx-x86_64-mavericks 4.0.0 OK
r-release-windows-ix86+x86_64 4.0.0 91.00 72.00 163.00 OK
r-oldrel-windows-ix86+x86_64 4.0.0 133.00 154.00 287.00 OK

Memtest notes: clang-ASAN

Check Details

Version: 4.0.0
Check: installed package size
Result: NOTE
     installed size is 5.1Mb
     sub-directories of 1Mb or more:
     libs 4.8Mb
Flavors: r-devel-linux-x86_64-debian-gcc, r-devel-linux-x86_64-fedora-gcc