CRAN Package Check Results for Package bcp

Last updated on 2018-02-23 22:47:47 CET.

Flavor Version Tinstall Tcheck Ttotal Status Flags
r-devel-linux-x86_64-debian-clang 4.0.0 59.08 47.40 106.48 NOTE
r-devel-linux-x86_64-debian-gcc 4.0.0 45.07 35.67 80.74 NOTE
r-devel-linux-x86_64-fedora-clang 4.0.0 145.74 NOTE
r-devel-linux-x86_64-fedora-gcc 4.0.0 135.14 NOTE
r-devel-windows-ix86+x86_64 4.0.0 160.00 120.00 280.00 OK
r-patched-linux-x86_64 4.0.0 52.94 50.29 103.23 NOTE
r-patched-solaris-x86 4.0.0 151.40 OK
r-release-linux-x86_64 4.0.0 54.10 50.32 104.42 NOTE
r-release-windows-ix86+x86_64 4.0.0 111.00 138.00 249.00 OK
r-release-osx-x86_64 4.0.0 OK
r-oldrel-windows-ix86+x86_64 4.0.0 115.00 98.00 213.00 OK
r-oldrel-osx-x86_64 4.0.0 OK

Additional issues

clang-ASAN

Check Details

Version: 4.0.0
Check: compiled code
Result: NOTE
    File ‘bcp/libs/bcp.so’:
     Found no calls to: ‘R_registerRoutines’, ‘R_useDynamicSymbols’
    
    It is good practice to register native routines and to disable symbol
    search.
    
    See ‘Writing portable packages’ in the ‘Writing R Extensions’ manual.
Flavors: r-devel-linux-x86_64-debian-clang, r-devel-linux-x86_64-debian-gcc, r-devel-linux-x86_64-fedora-clang, r-devel-linux-x86_64-fedora-gcc, r-patched-linux-x86_64, r-release-linux-x86_64

Version: 4.0.0
Check: package dependencies
Result: NOTE
    Package suggested but not available for checking: ‘DNAcopy’
Flavors: r-devel-linux-x86_64-fedora-clang, r-devel-linux-x86_64-fedora-gcc

Version: 4.0.0
Check: installed package size
Result: NOTE
     installed size is 5.3Mb
     sub-directories of 1Mb or more:
     libs 5.0Mb
Flavor: r-devel-linux-x86_64-fedora-gcc