CRAN Package Check Results for Package bcp

Last updated on 2017-05-27 22:46:05.

Flavor Version Tinstall Tcheck Ttotal Status Flags
r-devel-linux-x86_64-debian-clang 4.0.0 38.60 33.55 72.15 NOTE
r-devel-linux-x86_64-debian-gcc 4.0.0 41.26 32.26 73.52 NOTE
r-devel-linux-x86_64-fedora-clang 4.0.0 144.44 NOTE
r-devel-linux-x86_64-fedora-gcc 4.0.0 143.07 NOTE
r-devel-windows-ix86+x86_64 4.0.0 122.00 102.00 224.00 OK
r-patched-linux-x86_64 4.0.0 37.78 34.86 72.63 NOTE
r-patched-solaris-sparc 4.0.0 727.50 OK
r-patched-solaris-x86 4.0.0 140.90 OK
r-release-linux-x86_64 4.0.0 35.64 32.11 67.75 NOTE
r-release-windows-ix86+x86_64 4.0.0 111.00 95.00 206.00 OK
r-release-osx-x86_64 4.0.0 OK
r-oldrel-windows-ix86+x86_64 4.0.0 147.00 91.00 238.00 OK
r-oldrel-osx-x86_64 4.0.0 OK

Additional issues

clang-ASAN

Check Details

Version: 4.0.0
Check: compiled code
Result: NOTE
    File ‘bcp/libs/bcp.so’:
     Found no calls to: ‘R_registerRoutines’, ‘R_useDynamicSymbols’
    
    It is good practice to register native routines and to disable symbol
    search.
    
    See ‘Writing portable packages’ in the ‘Writing R Extensions’ manual.
Flavors: r-devel-linux-x86_64-debian-clang, r-devel-linux-x86_64-debian-gcc, r-devel-linux-x86_64-fedora-clang, r-devel-linux-x86_64-fedora-gcc, r-patched-linux-x86_64, r-release-linux-x86_64

Version: 4.0.0
Check: installed package size
Result: NOTE
     installed size is 5.5Mb
     sub-directories of 1Mb or more:
     libs 5.2Mb
Flavor: r-devel-linux-x86_64-fedora-gcc