CRAN Package Check Results for Package bcp

Last updated on 2015-04-28 11:48:18.

Flavor Version Tinstall Tcheck Ttotal Status Flags
r-devel-linux-x86_64-debian-clang 3.0.1 5.56 20.65 26.21 NOTE
r-devel-linux-x86_64-debian-gcc 3.0.1 7.37 20.72 28.09 NOTE
r-devel-linux-x86_64-fedora-clang 3.0.1 54.66 NOTE
r-devel-linux-x86_64-fedora-gcc 3.0.1 53.70 NOTE
r-devel-osx-x86_64-clang 3.0.1 50.18 NOTE
r-devel-windows-ix86+x86_64 3.0.1 26.00 57.00 83.00 NOTE
r-patched-linux-x86_64 3.0.1 7.42 20.64 28.06 NOTE
r-patched-solaris-sparc 3.0.1 369.30 NOTE
r-patched-solaris-x86 3.0.1 73.60 NOTE
r-release-linux-x86_64 3.0.1 7.56 21.26 28.82 NOTE
r-release-osx-x86_64-mavericks 3.0.1 NOTE
r-release-osx-x86_64-snowleopard 3.0.1 NOTE
r-release-windows-ix86+x86_64 3.0.1 26.00 52.00 78.00 NOTE
r-oldrel-windows-ix86+x86_64 3.0.1 23.00 62.00 85.00 NOTE

Check Details

Version: 3.0.1
Check: top-level files
Result: NOTE
    Non-standard files/directories found at top level:
     ‘Makevars’ ‘Makevars.win’
Flavors: r-devel-linux-x86_64-debian-clang, r-devel-linux-x86_64-debian-gcc, r-devel-linux-x86_64-fedora-clang, r-devel-linux-x86_64-fedora-gcc, r-patched-linux-x86_64, r-release-linux-x86_64

Version: 3.0.1
Check: dependencies in R code
Result: NOTE
    'library' or 'require' calls to packages already attached by Depends:
     ‘foreach’ ‘grid’
     Please remove these calls from your code.
    Packages in Depends field not imported from:
     ‘Rcpp’ ‘foreach’ ‘grid’ ‘iterators’
     These packages need to be imported from (in the NAMESPACE file)
     for when this namespace is loaded but not attached.
Flavors: r-devel-linux-x86_64-debian-clang, r-devel-linux-x86_64-debian-gcc, r-devel-linux-x86_64-fedora-clang, r-devel-linux-x86_64-fedora-gcc, r-devel-osx-x86_64-clang, r-devel-windows-ix86+x86_64, r-patched-linux-x86_64, r-patched-solaris-sparc, r-patched-solaris-x86, r-release-linux-x86_64, r-release-osx-x86_64-mavericks, r-release-osx-x86_64-snowleopard, r-release-windows-ix86+x86_64, r-oldrel-windows-ix86+x86_64

Version: 3.0.1
Check: R code for possible problems
Result: NOTE
    bcp: no visible global function definition for ‘getDoParName’
    bcp: no visible global function definition for ‘registerDoSEQ’
    bcp: no visible global function definition for ‘getDoParWorkers’
    bcp: no visible global function definition for ‘%dopar%’
    bcp: no visible global function definition for ‘foreach’
    plot.bcp: no visible global function definition for ‘unit’
    plot.bcp: no visible global function definition for ‘grid.newpage’
    plot.bcp: no visible global function definition for ‘viewport’
    plot.bcp: no visible global function definition for ‘pushViewport’
    plot.bcp: no visible global function definition for ‘grid.rect’
    plot.bcp: no visible global function definition for ‘grid.text’
    plot.bcp: no visible global function definition for ‘gpar’
    plot.bcp: no visible global function definition for ‘grid.yaxis’
    plot.bcp: no visible global function definition for ‘grid.points’
    plot.bcp: no visible global function definition for ‘grid.lines’
    plot.bcp: no visible global function definition for ‘popViewport’
    plot.bcp: no visible global function definition for ‘grid.xaxis’
Flavors: r-devel-linux-x86_64-debian-clang, r-devel-linux-x86_64-debian-gcc, r-devel-linux-x86_64-fedora-clang, r-devel-linux-x86_64-fedora-gcc, r-devel-osx-x86_64-clang, r-devel-windows-ix86+x86_64, r-patched-linux-x86_64, r-patched-solaris-sparc, r-patched-solaris-x86, r-release-linux-x86_64, r-release-osx-x86_64-mavericks, r-release-osx-x86_64-snowleopard, r-release-windows-ix86+x86_64, r-oldrel-windows-ix86+x86_64

Version: 3.0.1
Check: package dependencies
Result: NOTE
    Packages suggested but not available for checking: ‘DNAcopy’ ‘strucchange’
Flavor: r-release-osx-x86_64-snowleopard