CRAN Package Check Results for Package bcp

Last updated on 2017-01-22 16:48:24.

Flavor Version Tinstall Tcheck Ttotal Status Flags
r-devel-linux-x86_64-debian-clang 4.0.0 34.70 37.82 72.51 OK
r-devel-linux-x86_64-debian-gcc 4.0.0 39.26 35.65 74.91 OK
r-devel-linux-x86_64-fedora-clang 4.0.0 141.39 OK --no-stop-on-test-error
r-devel-linux-x86_64-fedora-gcc 4.0.0 141.68 NOTE --no-stop-on-test-error
r-devel-macos-x86_64-clang 4.0.0 94.55 OK --no-stop-on-test-error
r-devel-windows-ix86+x86_64 4.0.0 104.00 98.00 202.00 OK
r-patched-linux-x86_64 4.0.0 32.83 31.50 64.33 OK
r-patched-solaris-sparc 4.0.0 703.30 OK
r-patched-solaris-x86 4.0.0 134.40 OK
r-release-linux-x86_64 4.0.0 33.34 32.11 65.45 OK
r-release-osx-x86_64-mavericks 4.0.0 OK
r-release-windows-ix86+x86_64 4.0.0 190.00 101.00 291.00 OK
r-oldrel-windows-ix86+x86_64 4.0.0 178.00 158.00 336.00 OK

Memtest notes: clang-ASAN

Check Details

Version: 4.0.0
Flags: --no-stop-on-test-error
Check: installed package size
Result: NOTE
     installed size is 5.1Mb
     sub-directories of 1Mb or more:
     libs 4.8Mb
Flavor: r-devel-linux-x86_64-fedora-gcc