CRAN Package Check Results for Package bcp

Last updated on 2016-07-23 14:48:14.

Flavor Version Tinstall Tcheck Ttotal Status Flags
r-devel-linux-x86_64-debian-clang 4.0.0 42.73 37.57 80.30 OK
r-devel-linux-x86_64-debian-gcc 4.0.0 49.64 35.83 85.47 NOTE
r-devel-linux-x86_64-fedora-clang 4.0.0 128.64 OK
r-devel-linux-x86_64-fedora-gcc 4.0.0 118.61 OK
r-devel-osx-x86_64-clang 4.0.0 92.73 OK
r-devel-windows-ix86+x86_64 4.0.0 145.00 81.00 226.00 OK
r-patched-linux-x86_64 4.0.0 37.45 34.04 71.49 OK
r-patched-solaris-sparc 4.0.0 683.60 NOTE
r-patched-solaris-x86 4.0.0 131.50 OK
r-release-linux-x86_64 4.0.0 37.81 35.08 72.89 OK
r-release-osx-x86_64-mavericks 4.0.0 OK
r-release-windows-ix86+x86_64 4.0.0 111.00 82.00 193.00 OK
r-oldrel-windows-ix86+x86_64 4.0.0 132.00 119.00 251.00 OK

Memtest notes: clang-ASAN

Check Details

Version: 4.0.0
Check: installed package size
Result: NOTE
     installed size is 5.0Mb
     sub-directories of 1Mb or more:
     libs 4.8Mb
Flavors: r-devel-linux-x86_64-debian-gcc, r-patched-solaris-sparc