CRAN Package Check Results for Package bcp

Last updated on 2014-04-25 05:47:11.

Flavor Version Tinstall Tcheck Ttotal Status Flags
r-devel-linux-x86_64-debian-clang 3.0.1 5.32 25.02 30.34 NOTE
r-devel-linux-x86_64-debian-gcc 3.0.1 7.64 25.48 33.13 NOTE
r-devel-linux-x86_64-fedora-clang 3.0.1 63.40 NOTE
r-devel-linux-x86_64-fedora-gcc 3.0.1 62.30 NOTE
r-devel-osx-x86_64-clang 3.0.1 52.14 NOTE
r-devel-osx-x86_64-gcc 3.0.1 NOTE
r-devel-windows-ix86+x86_64 3.0.1 25.00 58.00 83.00 NOTE
r-patched-linux-x86_64 3.0.1 7.49 25.43 32.92 NOTE
r-patched-solaris-sparc 3.0.1 370.80 NOTE
r-patched-solaris-x86 3.0.1 85.80 NOTE
r-release-linux-ix86 3.0.1 12.00 46.00 58.00 NOTE
r-release-linux-x86_64 3.0.1 7.53 25.64 33.17 NOTE
r-release-osx-x86_64-mavericks 3.0.1 NOTE
r-release-osx-x86_64-snowleopard 3.0.1 NOTE
r-release-windows-ix86+x86_64 3.0.1 24.00 59.00 83.00 NOTE
r-oldrel-windows-ix86+x86_64 3.0.1 25.00 63.00 88.00 NOTE

Check Details

Version: 3.0.1
Check: dependencies in R code
Result: NOTE
    'library' or 'require' calls to packages already attached by Depends:
     ‘foreach’ ‘grid’
     Please remove these calls from your code.
    Packages in Depends field not imported from:
     ‘Rcpp’ ‘foreach’ ‘iterators’
     These packages need to be imported from (in the NAMESPACE file)
     for when this namespace is loaded but not attached.
    See the information on DESCRIPTION files in the chapter ‘Creating R
    packages’ of the ‘Writing R Extensions’ manual.
Flavors: r-devel-linux-x86_64-debian-clang, r-devel-linux-x86_64-debian-gcc, r-devel-linux-x86_64-fedora-clang, r-devel-linux-x86_64-fedora-gcc, r-devel-osx-x86_64-clang, r-devel-osx-x86_64-gcc, r-devel-windows-ix86+x86_64, r-patched-linux-x86_64, r-patched-solaris-sparc, r-patched-solaris-x86, r-release-linux-ix86, r-release-linux-x86_64, r-release-osx-x86_64-mavericks, r-release-windows-ix86+x86_64, r-oldrel-windows-ix86+x86_64

Version: 3.0.1
Check: top-level files
Result: NOTE
    Non-standard files/directories found at top level:
     ‘Makevars’ ‘Makevars.win’
Flavors: r-devel-linux-x86_64-fedora-clang, r-devel-linux-x86_64-fedora-gcc

Version: 3.0.1
Check: package dependencies
Result: NOTE
    Packages suggested but not available for checking: ‘DNAcopy’ ‘strucchange’
Flavor: r-devel-osx-x86_64-gcc

Version: 3.0.1
Check: package dependencies
Result: NOTE
    Package suggested but not available for checking: ‘DNAcopy’
Flavors: r-release-osx-x86_64-mavericks, r-release-osx-x86_64-snowleopard

Version: 3.0.1
Check: dependencies in R code
Result: NOTE
    'library' or 'require' calls to packages already attached by Depends:
     'foreach' 'grid'
     Please remove these calls from your code.
    Packages in Depends field not imported from:
     'Rcpp' 'foreach' 'iterators'
     These packages need to be imported from for the case when
     this namespace is loaded but not attached.
    See the information on DESCRIPTION files in the chapter 'Creating R
    packages' of the 'Writing R Extensions' manual.
Flavor: r-release-osx-x86_64-snowleopard