CRAN Package Check Results for Package bcp

Last updated on 2017-03-29 22:46:50.

Flavor Version Tinstall Tcheck Ttotal Status Flags
r-devel-linux-x86_64-debian-clang 4.0.0 36.91 32.07 68.97 NOTE
r-devel-linux-x86_64-debian-gcc 4.0.0 39.19 31.89 71.08 NOTE
r-devel-linux-x86_64-fedora-clang 4.0.0 145.69 NOTE --no-stop-on-test-error
r-devel-linux-x86_64-fedora-gcc 4.0.0 146.22 NOTE --no-stop-on-test-error
r-devel-macos-x86_64-clang 4.0.0 94.75 NOTE --no-stop-on-test-error
r-devel-windows-ix86+x86_64 4.0.0 105.00 106.00 211.00 OK
r-patched-linux-x86_64 4.0.0 32.78 31.54 64.31 NOTE
r-patched-solaris-sparc 4.0.0 727.50 OK
r-patched-solaris-x86 4.0.0 144.10 OK
r-release-linux-x86_64 4.0.0 32.66 27.96 60.63 OK
r-release-osx-x86_64-mavericks 4.0.0 OK
r-release-windows-ix86+x86_64 4.0.0 150.00 125.00 275.00 OK
r-oldrel-windows-ix86+x86_64 4.0.0 171.00 129.00 300.00 OK

Memtest notes: clang-ASAN

Check Details

Version: 4.0.0
Check: compiled code
Result: NOTE
    File ‘bcp/libs/bcp.so’:
     Found no calls to: ‘R_registerRoutines’, ‘R_useDynamicSymbols’
    
    It is good practice to register native routines and to disable symbol
    search.
    
    See ‘Writing portable packages’ in the ‘Writing R Extensions’ manual.
Flavors: r-devel-linux-x86_64-debian-clang, r-devel-linux-x86_64-debian-gcc, r-patched-linux-x86_64

Version: 4.0.0
Flags: --no-stop-on-test-error
Check: compiled code
Result: NOTE
    File ‘bcp/libs/bcp.so’:
     Found no calls to: ‘R_registerRoutines’, ‘R_useDynamicSymbols’
    
    It is good practice to register native routines and to disable symbol
    search.
    
    See ‘Writing portable packages’ in the ‘Writing R Extensions’ manual.
Flavors: r-devel-linux-x86_64-fedora-clang, r-devel-linux-x86_64-fedora-gcc, r-devel-macos-x86_64-clang

Version: 4.0.0
Flags: --no-stop-on-test-error
Check: installed package size
Result: NOTE
     installed size is 5.1Mb
     sub-directories of 1Mb or more:
     libs 4.8Mb
Flavor: r-devel-linux-x86_64-fedora-gcc