CRAN Package Check Results for Package bcp

Last updated on 2016-12-04 08:46:42.

Flavor Version Tinstall Tcheck Ttotal Status Flags
r-devel-linux-x86_64-debian-clang 4.0.0 34.86 37.12 71.98 OK
r-devel-linux-x86_64-debian-gcc 4.0.0 38.26 35.39 73.65 OK
r-devel-linux-x86_64-fedora-clang 4.0.0 144.71 OK --no-stop-on-test-error
r-devel-linux-x86_64-fedora-gcc 4.0.0 142.34 NOTE
r-devel-macos-x86_64-clang 4.0.0 96.08 OK
r-devel-windows-ix86+x86_64 4.0.0 101.00 88.00 189.00 OK
r-patched-linux-x86_64 4.0.0 32.63 31.35 63.98 OK
r-patched-solaris-sparc 4.0.0 693.60 OK
r-patched-solaris-x86 4.0.0 132.30 OK
r-release-linux-x86_64 4.0.0 32.89 31.70 64.58 OK
r-release-osx-x86_64-mavericks 4.0.0 OK
r-release-windows-ix86+x86_64 4.0.0 152.00 106.00 258.00 OK
r-oldrel-windows-ix86+x86_64 4.0.0 133.00 120.00 253.00 OK

Memtest notes: clang-ASAN

Check Details

Version: 4.0.0
Check: installed package size
Result: NOTE
     installed size is 5.1Mb
     sub-directories of 1Mb or more:
     libs 4.8Mb
Flavor: r-devel-linux-x86_64-fedora-gcc