CRAN Package Check Results for Package bcp

Last updated on 2017-02-27 11:48:12.

Flavor Version Tinstall Tcheck Ttotal Status Flags
r-devel-linux-x86_64-debian-clang 4.0.0 35.64 32.33 67.97 NOTE
r-devel-linux-x86_64-debian-gcc 4.0.0 39.59 32.53 72.12 NOTE
r-devel-linux-x86_64-fedora-clang 4.0.0 141.73 NOTE --no-stop-on-test-error
r-devel-linux-x86_64-fedora-gcc 4.0.0 142.15 NOTE --no-stop-on-test-error
r-devel-macos-x86_64-clang 4.0.0 95.01 NOTE --no-stop-on-test-error
r-devel-windows-ix86+x86_64 4.0.0 110.00 133.00 243.00 OK
r-patched-linux-x86_64 4.0.0 32.78 28.18 60.95 OK
r-patched-solaris-sparc 4.0.0 703.30 OK
r-patched-solaris-x86 4.0.0 134.90 OK
r-release-linux-x86_64 4.0.0 32.60 27.61 60.22 OK
r-release-osx-x86_64-mavericks 4.0.0 OK
r-release-windows-ix86+x86_64 4.0.0 199.00 148.00 347.00 OK
r-oldrel-windows-ix86+x86_64 4.0.0 148.00 114.00 262.00 OK

Memtest notes: clang-ASAN

Check Details

Version: 4.0.0
Check: compiled code
Result: NOTE
    File ‘bcp/libs/bcp.so’:
     Found no calls to: ‘R_registerRoutines’, ‘R_useDynamicSymbols’
    
    It is good practice to register native routines and to disable symbol
    search.
    
    See ‘Writing portable packages’ in the ‘Writing R Extensions’ manual.
Flavors: r-devel-linux-x86_64-debian-clang, r-devel-linux-x86_64-debian-gcc

Version: 4.0.0
Flags: --no-stop-on-test-error
Check: compiled code
Result: NOTE
    File ‘bcp/libs/bcp.so’:
     Found no calls to: ‘R_registerRoutines’, ‘R_useDynamicSymbols’
    
    It is good practice to register native routines and to disable symbol
    search.
    
    See ‘Writing portable packages’ in the ‘Writing R Extensions’ manual.
Flavors: r-devel-linux-x86_64-fedora-clang, r-devel-linux-x86_64-fedora-gcc, r-devel-macos-x86_64-clang

Version: 4.0.0
Flags: --no-stop-on-test-error
Check: installed package size
Result: NOTE
     installed size is 5.1Mb
     sub-directories of 1Mb or more:
     libs 4.8Mb
Flavor: r-devel-linux-x86_64-fedora-gcc