CRAN Package Check Results for Package bcrm

Last updated on 2018-06-21 21:49:43 CEST.

Flavor Version Tinstall Tcheck Ttotal Status Flags
r-devel-linux-x86_64-debian-clang 0.4.7 5.35 38.04 43.39 OK
r-devel-linux-x86_64-debian-gcc 0.4.7 3.85 33.76 37.61 OK
r-devel-linux-x86_64-fedora-clang 0.4.7 56.40 OK
r-devel-linux-x86_64-fedora-gcc 0.4.7 53.29 OK
r-devel-windows-ix86+x86_64 0.4.7 9.00 57.00 66.00 OK
r-patched-linux-x86_64 0.4.7 4.21 40.75 44.96 OK
r-patched-solaris-x86 0.4.7 72.00 NOTE
r-release-linux-x86_64 0.4.7 5.18 39.78 44.96 OK
r-release-windows-ix86+x86_64 0.4.7 7.00 56.00 63.00 OK
r-release-osx-x86_64 0.4.7 NOTE
r-oldrel-windows-ix86+x86_64 0.4.7 4.00 57.00 61.00 OK
r-oldrel-osx-x86_64 0.4.7 NOTE

Check Details

Version: 0.4.7
Check: package dependencies
Result: NOTE
    Package suggested but not available for checking: ‘BRugs’
Flavors: r-patched-solaris-x86, r-release-osx-x86_64, r-oldrel-osx-x86_64