CRAN Package Check Results for Package bcrm

Last updated on 2015-05-05 17:47:14.

Flavor Version Tinstall Tcheck Ttotal Status Flags
r-devel-linux-x86_64-debian-clang 0.4.4 1.28 24.87 26.15 NOTE
r-devel-linux-x86_64-debian-gcc 0.4.4 1.18 23.83 25.00 NOTE
r-devel-linux-x86_64-fedora-clang 0.4.4 50.22 NOTE
r-devel-linux-x86_64-fedora-gcc 0.4.4 46.60 NOTE
r-devel-osx-x86_64-clang 0.4.4 47.52 NOTE
r-devel-windows-ix86+x86_64 0.4.4 5.00 37.00 42.00 NOTE
r-patched-linux-x86_64 0.4.4 1.20 23.53 24.72 NOTE
r-patched-solaris-sparc 0.4.4 336.70 NOTE
r-patched-solaris-x86 0.4.4 64.90 NOTE
r-release-linux-x86_64 0.4.4 1.19 23.81 25.00 NOTE
r-release-osx-x86_64-mavericks 0.4.4 NOTE
r-release-osx-x86_64-snowleopard 0.4.4 ERROR
r-release-windows-ix86+x86_64 0.4.4 6.00 54.00 60.00 NOTE
r-oldrel-windows-ix86+x86_64 0.4.4 9.00 64.00 73.00 NOTE

Check Details

Version: 0.4.4
Check: DESCRIPTION meta-information
Result: NOTE
    Malformed Title field: should not end in a period.
Flavors: r-devel-linux-x86_64-debian-clang, r-devel-linux-x86_64-debian-gcc, r-devel-linux-x86_64-fedora-clang, r-devel-linux-x86_64-fedora-gcc, r-devel-osx-x86_64-clang, r-devel-windows-ix86+x86_64, r-patched-linux-x86_64, r-patched-solaris-sparc, r-patched-solaris-x86, r-release-linux-x86_64, r-release-osx-x86_64-mavericks, r-release-windows-ix86+x86_64

Version: 0.4.4
Check: dependencies in R code
Result: NOTE
    'library' or 'require' calls in package code:
     ‘BRugs’ ‘R2WinBUGS’ ‘rjags’
     Please use :: or requireNamespace() instead.
     See section 'Suggested packages' in the 'Writing R Extensions' manual.
    Package in Depends field not imported from: ‘grid’
     These packages need to be imported from (in the NAMESPACE file)
     for when this namespace is loaded but not attached.
Flavors: r-devel-linux-x86_64-debian-clang, r-devel-linux-x86_64-debian-gcc, r-devel-linux-x86_64-fedora-clang, r-devel-linux-x86_64-fedora-gcc, r-devel-osx-x86_64-clang, r-devel-windows-ix86+x86_64, r-patched-linux-x86_64, r-patched-solaris-sparc, r-patched-solaris-x86, r-release-linux-x86_64, r-release-osx-x86_64-mavericks, r-release-windows-ix86+x86_64, r-oldrel-windows-ix86+x86_64

Version: 0.4.4
Check: R code for possible problems
Result: NOTE
    Posterior.BRugs: no visible global function definition for
     ‘write.model’
    Posterior.BRugs: no visible global function definition for ‘bugsData’
    Posterior.BRugs: no visible global function definition for ‘BRugsFit’
    Posterior.BRugs: no visible global function definition for
     ‘samplesSample’
    Posterior.R2WinBUGS: no visible global function definition for ‘bugs’
    Posterior.rjags: no visible global function definition for
     ‘write.model’
    Posterior.rjags: no visible global function definition for ‘jags.model’
    Posterior.rjags: no visible global function definition for
     ‘jags.samples’
    plot.bcrm: no visible global function definition for ‘grid.newpage’
    plot.bcrm: no visible global function definition for ‘pushViewport’
    plot.bcrm: no visible global function definition for ‘viewport’
    plot.bcrm: no visible global function definition for ‘grid.layout’
    plot.bcrm : vplayout: no visible global function definition for
     ‘viewport’
    plot.bcrm.sim: no visible global function definition for ‘grid.newpage’
    plot.bcrm.sim: no visible global function definition for ‘pushViewport’
    plot.bcrm.sim: no visible global function definition for ‘viewport’
    plot.bcrm.sim: no visible global function definition for ‘grid.layout’
    plot.bcrm.sim : vplayout: no visible global function definition for
     ‘viewport’
    plot.threep3: no visible global function definition for ‘grid.newpage’
    plot.threep3: no visible global function definition for ‘pushViewport’
    plot.threep3: no visible global function definition for ‘viewport’
    plot.threep3: no visible global function definition for ‘grid.layout’
    plot.threep3 : vplayout: no visible global function definition for
     ‘viewport’
Flavors: r-devel-linux-x86_64-debian-clang, r-devel-linux-x86_64-debian-gcc, r-devel-linux-x86_64-fedora-clang, r-devel-linux-x86_64-fedora-gcc, r-devel-osx-x86_64-clang, r-devel-windows-ix86+x86_64, r-patched-linux-x86_64, r-patched-solaris-sparc, r-patched-solaris-x86, r-release-linux-x86_64, r-release-osx-x86_64-mavericks, r-release-windows-ix86+x86_64, r-oldrel-windows-ix86+x86_64

Version: 0.4.4
Check: package dependencies
Result: NOTE
    Package suggested but not available for checking: ‘BRugs’
Flavors: r-devel-osx-x86_64-clang, r-patched-solaris-sparc, r-patched-solaris-x86, r-release-osx-x86_64-mavericks

Version: 0.4.4
Check: package dependencies
Result: ERROR
    Package required but not available: ‘ggplot2’
    
    Package suggested but not available for checking: ‘BRugs’
    
    See section ‘The DESCRIPTION file’ in the ‘Writing R Extensions’
    manual.
Flavor: r-release-osx-x86_64-snowleopard