CRAN Package Check Results for Package bcrm

Last updated on 2016-08-27 04:50:46.

Flavor Version Tinstall Tcheck Ttotal Status Flags
r-devel-linux-x86_64-debian-clang 0.4.6 1.17 23.10 24.28 OK
r-devel-linux-x86_64-debian-gcc 0.4.6 1.54 30.47 32.01 OK
r-devel-linux-x86_64-fedora-clang 0.4.6 44.33 OK
r-devel-linux-x86_64-fedora-gcc 0.4.6 41.34 OK
r-devel-osx-x86_64-clang 0.4.6 35.95 NOTE
r-devel-windows-ix86+x86_64 0.4.6 5.00 48.00 53.00 OK
r-patched-linux-x86_64 0.4.6 1.04 22.48 23.52 OK
r-patched-solaris-sparc 0.4.6 272.30 NOTE
r-patched-solaris-x86 0.4.6 54.80 NOTE
r-release-linux-x86_64 0.4.6 1.17 22.95 24.12 OK
r-release-osx-x86_64-mavericks 0.4.6 NOTE
r-release-windows-ix86+x86_64 0.4.6 6.00 45.00 51.00 OK
r-oldrel-windows-ix86+x86_64 0.4.6 5.00 49.00 54.00 OK

Check Details

Version: 0.4.6
Check: package dependencies
Result: NOTE
    Package suggested but not available for checking: ‘BRugs’
Flavors: r-devel-osx-x86_64-clang, r-patched-solaris-sparc, r-patched-solaris-x86, r-release-osx-x86_64-mavericks