CRAN Package Check Results for Package bcrm

Last updated on 2016-07-24 15:46:33.

Flavor Version Tinstall Tcheck Ttotal Status Flags
r-devel-linux-x86_64-debian-clang 0.4.6 1.30 27.40 28.70 OK
r-devel-linux-x86_64-debian-gcc 0.4.6 1.59 26.69 28.28 OK
r-devel-linux-x86_64-fedora-clang 0.4.6 43.72 OK
r-devel-linux-x86_64-fedora-gcc 0.4.6 41.04 OK
r-devel-osx-x86_64-clang 0.4.6 36.12 NOTE
r-devel-windows-ix86+x86_64 0.4.6 4.00 62.00 66.00 OK
r-patched-linux-x86_64 0.4.6 1.57 25.80 27.37 OK
r-patched-solaris-sparc 0.4.6 272.30 NOTE
r-patched-solaris-x86 0.4.6 53.90 NOTE
r-release-linux-x86_64 0.4.6 1.38 27.56 28.94 OK
r-release-osx-x86_64-mavericks 0.4.6 NOTE
r-release-windows-ix86+x86_64 0.4.6 4.00 48.00 52.00 OK
r-oldrel-windows-ix86+x86_64 0.4.6 6.00 64.00 70.00 OK

Check Details

Version: 0.4.6
Check: package dependencies
Result: NOTE
    Package suggested but not available for checking: ‘BRugs’
Flavors: r-devel-osx-x86_64-clang, r-patched-solaris-sparc, r-patched-solaris-x86, r-release-osx-x86_64-mavericks