CRAN Package Check Results for Package bcrm

Last updated on 2019-08-22 00:51:08 CEST.

Flavor Version Tinstall Tcheck Ttotal Status Flags
r-devel-linux-x86_64-debian-clang 0.5.3 6.34 46.07 52.41 OK
r-devel-linux-x86_64-debian-gcc 0.5.3 5.48 36.00 41.48 OK
r-devel-linux-x86_64-fedora-clang 0.5.3 62.63 NOTE
r-devel-linux-x86_64-fedora-gcc 0.5.3 64.86 NOTE
r-devel-windows-ix86+x86_64 0.5.3 20.00 79.00 99.00 OK
r-patched-linux-x86_64 0.5.3 6.73 45.36 52.09 OK
r-patched-solaris-x86 0.5.3 86.90 NOTE
r-release-linux-x86_64 0.5.3 5.95 45.65 51.60 OK
r-release-windows-ix86+x86_64 0.5.3 17.00 88.00 105.00 OK
r-release-osx-x86_64 0.5.3 NOTE
r-oldrel-windows-ix86+x86_64 0.5.3 12.00 75.00 87.00 OK
r-oldrel-osx-x86_64 0.5.3 NOTE

Check Details

Version: 0.5.3
Check: dependencies in R code
Result: NOTE
    Namespaces in Imports field not imported from:
     ‘knitr’ ‘rlang’
     All declared Imports should be used.
Flavors: r-devel-linux-x86_64-fedora-clang, r-devel-linux-x86_64-fedora-gcc, r-patched-solaris-x86, r-release-osx-x86_64, r-oldrel-osx-x86_64

Version: 0.5.3
Check: package dependencies
Result: NOTE
    Package suggested but not available for checking: ‘BRugs’
Flavors: r-patched-solaris-x86, r-release-osx-x86_64, r-oldrel-osx-x86_64