CRAN Package Check Results for Package bcrm

Last updated on 2016-09-25 23:46:40.

Flavor Version Tinstall Tcheck Ttotal Status Flags
r-devel-linux-x86_64-debian-clang 0.4.6 1.11 23.31 24.42 OK
r-devel-linux-x86_64-debian-gcc 0.4.6 1.16 22.69 23.85 OK
r-devel-linux-x86_64-fedora-clang 0.4.6 43.27 OK
r-devel-linux-x86_64-fedora-gcc 0.4.6 40.60 OK
r-devel-macos-x86_64-clang 0.4.6 34.50 NOTE
r-devel-windows-ix86+x86_64 0.4.6 4.00 74.00 78.00 OK
r-patched-linux-x86_64 0.4.6 1.15 23.12 24.27 OK
r-patched-solaris-sparc 0.4.6 272.30 NOTE
r-patched-solaris-x86 0.4.6 54.00 NOTE
r-release-linux-x86_64 0.4.6 1.08 23.19 24.27 OK
r-release-osx-x86_64-mavericks 0.4.6 NOTE
r-release-windows-ix86+x86_64 0.4.6 6.00 81.00 87.00 OK
r-oldrel-windows-ix86+x86_64 0.4.6 7.00 59.00 66.00 OK

Check Details

Version: 0.4.6
Check: package dependencies
Result: NOTE
    Package suggested but not available for checking: ‘BRugs’
Flavors: r-devel-macos-x86_64-clang, r-patched-solaris-sparc, r-patched-solaris-x86, r-release-osx-x86_64-mavericks