CRAN Package Check Results for Package bcrm

Last updated on 2017-01-18 20:49:55.

Flavor Version Tinstall Tcheck Ttotal Status Flags
r-devel-linux-x86_64-debian-clang 0.4.6 1.20 28.17 29.37 OK
r-devel-linux-x86_64-debian-gcc 0.4.6 1.42 28.58 30.00 OK
r-devel-linux-x86_64-fedora-clang 0.4.6 53.96 OK --no-stop-on-test-error
r-devel-linux-x86_64-fedora-gcc 0.4.6 52.25 OK --no-stop-on-test-error
r-devel-macos-x86_64-clang 0.4.6 42.54 NOTE --no-stop-on-test-error
r-devel-windows-ix86+x86_64 0.4.6 6.00 56.00 62.00 OK
r-patched-linux-x86_64 0.4.6 1.16 24.18 25.34 OK
r-patched-solaris-sparc 0.4.6 290.30 NOTE
r-patched-solaris-x86 0.4.6 57.40 NOTE
r-release-linux-x86_64 0.4.6 1.28 24.13 25.41 OK
r-release-osx-x86_64-mavericks 0.4.6 NOTE
r-release-windows-ix86+x86_64 0.4.6 4.00 52.00 56.00 OK
r-oldrel-windows-ix86+x86_64 0.4.6 5.00 70.00 75.00 OK

Check Details

Version: 0.4.6
Flags: --no-stop-on-test-error
Check: package dependencies
Result: NOTE
    Package suggested but not available for checking: ‘BRugs’
Flavor: r-devel-macos-x86_64-clang

Version: 0.4.6
Check: package dependencies
Result: NOTE
    Package suggested but not available for checking: ‘BRugs’
Flavors: r-patched-solaris-sparc, r-patched-solaris-x86, r-release-osx-x86_64-mavericks