CRAN Package Check Results for Package bcrm

Last updated on 2015-07-01 17:47:28.

Flavor Version Tinstall Tcheck Ttotal Status Flags
r-devel-linux-x86_64-debian-clang 0.4.4 1.18 23.94 25.12 NOTE
r-devel-linux-x86_64-debian-gcc 0.4.4 1.19 23.69 24.88 NOTE
r-devel-linux-x86_64-fedora-clang 0.4.4 49.41 NOTE
r-devel-linux-x86_64-fedora-gcc 0.4.4 46.54 NOTE
r-devel-osx-x86_64-clang 0.4.4 46.87 NOTE
r-devel-windows-ix86+x86_64 0.4.4 5.00 42.00 47.00 NOTE
r-patched-linux-x86_64 0.4.4 1.28 24.07 25.35 NOTE
r-patched-solaris-sparc 0.4.4 317.50 NOTE
r-patched-solaris-x86 0.4.4 74.80 NOTE
r-release-linux-x86_64 0.4.4 1.19 23.81 25.00 NOTE
r-release-osx-x86_64-mavericks 0.4.4 NOTE
r-release-windows-ix86+x86_64 0.4.4 5.00 40.00 45.00 NOTE
r-oldrel-windows-ix86+x86_64 0.4.4 9.00 62.00 71.00 NOTE

Check Details

Version: 0.4.4
Check: DESCRIPTION meta-information
Result: NOTE
    Malformed Title field: should not end in a period.
Flavors: r-devel-linux-x86_64-debian-clang, r-devel-linux-x86_64-debian-gcc, r-devel-linux-x86_64-fedora-clang, r-devel-linux-x86_64-fedora-gcc, r-devel-osx-x86_64-clang, r-devel-windows-ix86+x86_64, r-patched-linux-x86_64, r-patched-solaris-sparc, r-patched-solaris-x86, r-release-linux-x86_64, r-release-osx-x86_64-mavericks, r-release-windows-ix86+x86_64

Version: 0.4.4
Check: dependencies in R code
Result: NOTE
    'library' or 'require' calls in package code:
     ‘BRugs’ ‘R2WinBUGS’ ‘rjags’
     Please use :: or requireNamespace() instead.
     See section 'Suggested packages' in the 'Writing R Extensions' manual.
    Package in Depends field not imported from: ‘grid’
     These packages need to be imported from (in the NAMESPACE file)
     for when this namespace is loaded but not attached.
Flavors: r-devel-linux-x86_64-debian-clang, r-devel-linux-x86_64-debian-gcc, r-devel-linux-x86_64-fedora-clang, r-devel-linux-x86_64-fedora-gcc, r-devel-osx-x86_64-clang, r-devel-windows-ix86+x86_64, r-patched-linux-x86_64, r-patched-solaris-sparc, r-patched-solaris-x86, r-release-linux-x86_64, r-release-osx-x86_64-mavericks, r-release-windows-ix86+x86_64, r-oldrel-windows-ix86+x86_64

Version: 0.4.4
Check: R code for possible problems
Result: NOTE
    Posterior.BRugs: no visible global function definition for
     ‘write.model’
    Posterior.BRugs: no visible global function definition for ‘bugsData’
    Posterior.BRugs: no visible global function definition for ‘BRugsFit’
    Posterior.BRugs: no visible global function definition for
     ‘samplesSample’
    Posterior.R2WinBUGS: no visible global function definition for ‘bugs’
    Posterior.R2WinBUGS: no visible global function definition for ‘par’
    Posterior.R2WinBUGS: no visible global function definition for ‘plot’
    Posterior.R2WinBUGS: no visible global function definition for ‘lines’
    Posterior.exact : <anonymous>: no visible global function definition
     for ‘dgamma’
    Posterior.exact : <anonymous>: no visible global function definition
     for ‘dunif’
    Posterior.exact : <anonymous>: no visible global function definition
     for ‘dlnorm’
    Posterior.exact: no visible global function definition for ‘integrate’
    Posterior.exact : <anonymous>: no visible global function definition
     for ‘integrate’
    Posterior.exact : cdf: no visible global function definition for
     ‘integrate’
    Posterior.exact : <anonymous>: no visible global function definition
     for ‘optimize’
    Posterior.exact : marginal.alpha1 : <anonymous>: no visible global
     function definition for ‘integrate’
    Posterior.exact : marginal.alpha2 : <anonymous>: no visible global
     function definition for ‘integrate’
    Posterior.exact : int.dose.mean.2 : <anonymous>: no visible global
     function definition for ‘integrate’
    Posterior.exact : int.dose.sd.2 : <anonymous>: no visible global
     function definition for ‘integrate’
    Posterior.exact.sim : <anonymous>: no visible global function
     definition for ‘dgamma’
    Posterior.exact.sim : <anonymous>: no visible global function
     definition for ‘dunif’
    Posterior.exact.sim : <anonymous>: no visible global function
     definition for ‘dlnorm’
    Posterior.exact.sim: no visible global function definition for
     ‘integrate’
    Posterior.exact.sim : <anonymous>: no visible global function
     definition for ‘integrate’
    Posterior.exact.sim : marginal.alpha1 : <anonymous>: no visible global
     function definition for ‘integrate’
    Posterior.exact.sim : marginal.alpha2 : <anonymous>: no visible global
     function definition for ‘integrate’
    Posterior.exact.sim : int.dose.mean.2 : <anonymous>: no visible global
     function definition for ‘integrate’
    Posterior.exact.sim : int.dose.sd.2 : <anonymous>: no visible global
     function definition for ‘integrate’
    Posterior.rjags: no visible global function definition for
     ‘write.model’
    Posterior.rjags: no visible global function definition for ‘jags.model’
    Posterior.rjags: no visible global function definition for ‘update’
    Posterior.rjags: no visible global function definition for
     ‘jags.samples’
    bcrm: no visible global function definition for ‘median’
    bcrm: no visible global function definition for ‘xtabs’
    bcrm: no visible global function definition for ‘rbinom’
    find.x: no visible global function definition for ‘qlogis’
    getprior: no visible global function definition for ‘rgamma’
    getprior : <anonymous>: no visible global function definition for
     ‘runif’
    getprior: no visible global function definition for ‘rlnorm’
    nextdose: no visible binding for global variable ‘quantile’
    nextdose : <anonymous>: no visible global function definition for
     ‘hist’
    nextdose: no visible global function definition for ‘quantile’
    plot.bcrm: no visible global function definition for ‘pdf’
    plot.bcrm: no visible global function definition for ‘grid.newpage’
    plot.bcrm: no visible global function definition for ‘pushViewport’
    plot.bcrm: no visible global function definition for ‘viewport’
    plot.bcrm: no visible global function definition for ‘grid.layout’
    plot.bcrm : vplayout: no visible global function definition for
     ‘viewport’
    plot.bcrm: no visible global function definition for ‘dev.off’
    plot.bcrm.sim: no visible binding for global variable ‘quantile’
    plot.bcrm.sim: no visible global function definition for ‘pdf’
    plot.bcrm.sim: no visible global function definition for ‘dev.off’
    plot.bcrm.sim: no visible global function definition for ‘grid.newpage’
    plot.bcrm.sim: no visible global function definition for ‘pushViewport’
    plot.bcrm.sim: no visible global function definition for ‘viewport’
    plot.bcrm.sim: no visible global function definition for ‘grid.layout’
    plot.bcrm.sim : vplayout: no visible global function definition for
     ‘viewport’
    plot.threep3: no visible global function definition for ‘pdf’
    plot.threep3: no visible global function definition for ‘grid.newpage’
    plot.threep3: no visible global function definition for ‘pushViewport’
    plot.threep3: no visible global function definition for ‘viewport’
    plot.threep3: no visible global function definition for ‘grid.layout’
    plot.threep3 : vplayout: no visible global function definition for
     ‘viewport’
    plot.threep3: no visible global function definition for ‘dev.off’
    print.threep3: no visible global function definition for
     ‘weighted.mean’
    print.threep3: no visible global function definition for ‘xtabs’
    threep3: no visible global function definition for ‘dbinom’
Flavors: r-devel-linux-x86_64-debian-clang, r-devel-linux-x86_64-debian-gcc, r-devel-linux-x86_64-fedora-clang, r-devel-linux-x86_64-fedora-gcc, r-devel-windows-ix86+x86_64

Version: 0.4.4
Check: package dependencies
Result: NOTE
    Package suggested but not available for checking: ‘BRugs’
Flavors: r-devel-osx-x86_64-clang, r-patched-solaris-sparc, r-patched-solaris-x86, r-release-osx-x86_64-mavericks

Version: 0.4.4
Check: R code for possible problems
Result: NOTE
    Posterior.BRugs: no visible global function definition for
     ‘write.model’
    Posterior.BRugs: no visible global function definition for ‘bugsData’
    Posterior.BRugs: no visible global function definition for ‘BRugsFit’
    Posterior.BRugs: no visible global function definition for
     ‘samplesSample’
    Posterior.R2WinBUGS: no visible global function definition for ‘bugs’
    Posterior.rjags: no visible global function definition for
     ‘write.model’
    Posterior.rjags: no visible global function definition for ‘jags.model’
    Posterior.rjags: no visible global function definition for
     ‘jags.samples’
    plot.bcrm: no visible global function definition for ‘grid.newpage’
    plot.bcrm: no visible global function definition for ‘pushViewport’
    plot.bcrm: no visible global function definition for ‘viewport’
    plot.bcrm: no visible global function definition for ‘grid.layout’
    plot.bcrm : vplayout: no visible global function definition for
     ‘viewport’
    plot.bcrm.sim: no visible global function definition for ‘grid.newpage’
    plot.bcrm.sim: no visible global function definition for ‘pushViewport’
    plot.bcrm.sim: no visible global function definition for ‘viewport’
    plot.bcrm.sim: no visible global function definition for ‘grid.layout’
    plot.bcrm.sim : vplayout: no visible global function definition for
     ‘viewport’
    plot.threep3: no visible global function definition for ‘grid.newpage’
    plot.threep3: no visible global function definition for ‘pushViewport’
    plot.threep3: no visible global function definition for ‘viewport’
    plot.threep3: no visible global function definition for ‘grid.layout’
    plot.threep3 : vplayout: no visible global function definition for
     ‘viewport’
Flavors: r-devel-osx-x86_64-clang, r-patched-linux-x86_64, r-patched-solaris-sparc, r-patched-solaris-x86, r-release-linux-x86_64, r-release-osx-x86_64-mavericks, r-release-windows-ix86+x86_64, r-oldrel-windows-ix86+x86_64