CRAN Package Check Results for Package bcrm

Last updated on 2016-02-12 18:49:33.

Flavor Version Tinstall Tcheck Ttotal Status Flags
r-devel-linux-x86_64-debian-gcc 0.4.6 1.11 21.93 23.04 OK
r-devel-linux-x86_64-fedora-clang 0.4.6 42.34 OK
r-devel-linux-x86_64-fedora-gcc 0.4.6 40.50 OK
r-devel-osx-x86_64-clang 0.4.6 46.10 NOTE
r-devel-windows-ix86+x86_64 0.4.6 5.00 38.00 43.00 OK
r-patched-linux-x86_64 0.4.6 1.23 23.41 24.64 OK
r-patched-solaris-sparc 0.4.6 275.40 NOTE
r-patched-solaris-x86 0.4.6 56.40 NOTE
r-release-linux-x86_64 0.4.6 1.36 22.69 24.06 OK
r-release-osx-x86_64-mavericks 0.4.6 NOTE
r-release-windows-ix86+x86_64 0.4.6 6.00 39.00 45.00 OK
r-oldrel-windows-ix86+x86_64 0.4.6 10.00 62.00 72.00 OK

Check Details

Version: 0.4.6
Check: package dependencies
Result: NOTE
    Package suggested but not available for checking: ‘BRugs’
Flavors: r-devel-osx-x86_64-clang, r-patched-solaris-sparc, r-patched-solaris-x86, r-release-osx-x86_64-mavericks