CRAN Package Check Results for Package bcrm

Last updated on 2016-04-29 03:53:10.

Flavor Version Tinstall Tcheck Ttotal Status Flags
r-devel-linux-x86_64-debian-gcc 0.4.6 1.22 22.57 23.79 OK
r-devel-linux-x86_64-fedora-clang 0.4.6 43.23 OK
r-devel-linux-x86_64-fedora-gcc 0.4.6 41.44 OK
r-devel-osx-x86_64-clang 0.4.6 46.37 NOTE
r-devel-windows-ix86+x86_64 0.4.6 4.00 48.00 52.00 OK
r-patched-linux-x86_64 0.4.6 1.10 22.57 23.67 OK
r-patched-solaris-sparc 0.4.6 267.90 NOTE
r-patched-solaris-x86 0.4.6 55.50 NOTE
r-release-linux-x86_64 0.4.6 1.14 23.90 25.05 OK
r-release-osx-x86_64-mavericks 0.4.6 NOTE
r-release-windows-ix86+x86_64 0.4.6 4.00 43.00 47.00 OK
r-oldrel-windows-ix86+x86_64 0.4.6 10.00 76.00 86.00 OK

Check Details

Version: 0.4.6
Check: package dependencies
Result: NOTE
    Package suggested but not available for checking: ‘BRugs’
Flavors: r-devel-osx-x86_64-clang, r-patched-solaris-sparc, r-patched-solaris-x86, r-release-osx-x86_64-mavericks