CRAN Package Check Results for Package bcrm

Last updated on 2016-12-08 22:47:48.

Flavor Version Tinstall Tcheck Ttotal Status Flags
r-devel-linux-x86_64-debian-clang 0.4.6 1.26 29.81 31.08 OK
r-devel-linux-x86_64-debian-gcc 0.4.6 1.45 28.79 30.24 OK
r-devel-linux-x86_64-fedora-clang 0.4.6 57.13 OK --no-stop-on-test-error
r-devel-linux-x86_64-fedora-gcc 0.4.6 55.29 OK --no-stop-on-test-error
r-devel-macos-x86_64-clang 0.4.6 44.08 NOTE
r-devel-windows-ix86+x86_64 0.4.6 4.00 51.00 55.00 OK
r-patched-linux-x86_64 0.4.6 1.19 24.66 25.84 OK
r-patched-solaris-sparc 0.4.6 288.50 NOTE
r-patched-solaris-x86 0.4.6 56.40 NOTE
r-release-linux-x86_64 0.4.6 1.11 23.89 25.00 OK
r-release-osx-x86_64-mavericks 0.4.6 NOTE
r-release-windows-ix86+x86_64 0.4.6 4.00 48.00 52.00 OK
r-oldrel-windows-ix86+x86_64 0.4.6 8.00 46.00 54.00 OK

Check Details

Version: 0.4.6
Check: package dependencies
Result: NOTE
    Package suggested but not available for checking: ‘BRugs’
Flavors: r-devel-macos-x86_64-clang, r-patched-solaris-sparc, r-patched-solaris-x86, r-release-osx-x86_64-mavericks