CRAN Package Check Results for Package bcrm

Last updated on 2016-05-29 21:46:29.

Flavor Version Tinstall Tcheck Ttotal Status Flags
r-devel-linux-x86_64-debian-gcc 0.4.6 1.13 22.79 23.92 OK
r-devel-linux-x86_64-fedora-clang 0.4.6 45.75 OK
r-devel-linux-x86_64-fedora-gcc 0.4.6 40.82 OK
r-devel-osx-x86_64-clang 0.4.6 46.82 NOTE
r-devel-windows-ix86+x86_64 0.4.6 5.00 42.00 47.00 OK
r-patched-linux-x86_64 0.4.6 1.04 22.71 23.75 OK
r-patched-solaris-sparc 0.4.6 272.30 NOTE
r-patched-solaris-x86 0.4.6 55.50 NOTE
r-release-linux-x86_64 0.4.6 1.16 22.81 23.97 OK
r-release-osx-x86_64-mavericks 0.4.6 NOTE
r-release-windows-ix86+x86_64 0.4.6 7.00 49.00 56.00 OK
r-oldrel-windows-ix86+x86_64 0.4.6 4.00 45.00 49.00 OK

Check Details

Version: 0.4.6
Check: package dependencies
Result: NOTE
    Package suggested but not available for checking: ‘BRugs’
Flavors: r-devel-osx-x86_64-clang, r-patched-solaris-sparc, r-patched-solaris-x86, r-release-osx-x86_64-mavericks