CRAN Package Check Results for Package bcrm

Last updated on 2015-04-01 17:48:31.

Flavor Version Tinstall Tcheck Ttotal Status Flags
r-devel-linux-x86_64-debian-clang 0.4.4 1.18 23.75 24.92 NOTE
r-devel-linux-x86_64-debian-gcc 0.4.4 1.15 23.34 24.49 NOTE
r-devel-linux-x86_64-fedora-clang 0.4.4 49.81 NOTE
r-devel-linux-x86_64-fedora-gcc 0.4.4 45.82 NOTE
r-devel-osx-x86_64-clang 0.4.4 50.43 NOTE
r-prerel-windows-ix86+x86_64 0.4.4 4.00 36.00 40.00 NOTE
r-prerel-linux-x86_64 0.4.4 1.14 23.16 24.30 NOTE
r-prerel-solaris-sparc 0.4.4 336.70 NOTE
r-prerel-solaris-x86 0.4.4 64.90 NOTE
r-release-linux-x86_64 0.4.4 1.85 30.63 32.48 NOTE
r-release-osx-x86_64-mavericks 0.4.4 NOTE
r-release-osx-x86_64-snowleopard 0.4.4 NOTE
r-release-windows-ix86+x86_64 0.4.4 7.00 58.00 65.00 NOTE
r-oldrel-windows-ix86+x86_64 0.4.4 8.00 56.00 64.00 OK

Check Details

Version: 0.4.4
Check: DESCRIPTION meta-information
Result: NOTE
    Malformed Title field: should not end in a period.
Flavors: r-devel-linux-x86_64-debian-clang, r-devel-linux-x86_64-debian-gcc, r-devel-linux-x86_64-fedora-clang, r-devel-linux-x86_64-fedora-gcc, r-devel-osx-x86_64-clang, r-prerel-windows-ix86+x86_64, r-prerel-linux-x86_64, r-prerel-solaris-sparc, r-prerel-solaris-x86

Version: 0.4.4
Check: dependencies in R code
Result: NOTE
    'library' or 'require' calls in package code:
     ‘BRugs’ ‘R2WinBUGS’ ‘rjags’
     Please use :: or requireNamespace() instead.
     See section 'Suggested packages' in the 'Writing R Extensions' manual.
    Package in Depends field not imported from: ‘grid’
     These packages need to be imported from (in the NAMESPACE file)
     for when this namespace is loaded but not attached.
Flavors: r-devel-linux-x86_64-debian-clang, r-devel-linux-x86_64-debian-gcc, r-devel-linux-x86_64-fedora-clang, r-devel-linux-x86_64-fedora-gcc, r-devel-osx-x86_64-clang, r-prerel-windows-ix86+x86_64, r-prerel-linux-x86_64, r-prerel-solaris-sparc, r-prerel-solaris-x86, r-release-linux-x86_64, r-release-windows-ix86+x86_64

Version: 0.4.4
Check: R code for possible problems
Result: NOTE
    Posterior.BRugs: no visible global function definition for
     ‘write.model’
    Posterior.BRugs: no visible global function definition for ‘bugsData’
    Posterior.BRugs: no visible global function definition for ‘BRugsFit’
    Posterior.BRugs: no visible global function definition for
     ‘samplesSample’
    Posterior.R2WinBUGS: no visible global function definition for ‘bugs’
    Posterior.rjags: no visible global function definition for
     ‘write.model’
    Posterior.rjags: no visible global function definition for ‘jags.model’
    Posterior.rjags: no visible global function definition for
     ‘jags.samples’
    plot.bcrm: no visible global function definition for ‘grid.newpage’
    plot.bcrm: no visible global function definition for ‘pushViewport’
    plot.bcrm: no visible global function definition for ‘viewport’
    plot.bcrm: no visible global function definition for ‘grid.layout’
    plot.bcrm : vplayout: no visible global function definition for
     ‘viewport’
    plot.bcrm.sim: no visible global function definition for ‘grid.newpage’
    plot.bcrm.sim: no visible global function definition for ‘pushViewport’
    plot.bcrm.sim: no visible global function definition for ‘viewport’
    plot.bcrm.sim: no visible global function definition for ‘grid.layout’
    plot.bcrm.sim : vplayout: no visible global function definition for
     ‘viewport’
    plot.threep3: no visible global function definition for ‘grid.newpage’
    plot.threep3: no visible global function definition for ‘pushViewport’
    plot.threep3: no visible global function definition for ‘viewport’
    plot.threep3: no visible global function definition for ‘grid.layout’
    plot.threep3 : vplayout: no visible global function definition for
     ‘viewport’
Flavors: r-devel-linux-x86_64-debian-clang, r-devel-linux-x86_64-debian-gcc, r-devel-linux-x86_64-fedora-clang, r-devel-linux-x86_64-fedora-gcc, r-devel-osx-x86_64-clang, r-prerel-windows-ix86+x86_64, r-prerel-linux-x86_64, r-prerel-solaris-sparc, r-prerel-solaris-x86, r-release-linux-x86_64, r-release-osx-x86_64-mavericks, r-release-windows-ix86+x86_64

Version: 0.4.4
Check: package dependencies
Result: NOTE
    Package suggested but not available for checking: ‘BRugs’
Flavors: r-devel-osx-x86_64-clang, r-prerel-solaris-sparc, r-prerel-solaris-x86, r-release-osx-x86_64-mavericks, r-release-osx-x86_64-snowleopard

Version: 0.4.4
Check: dependencies in R code
Result: NOTE
    Package in Depends field not imported from: ‘grid’
     These packages need to be imported from (in the NAMESPACE file)
     for when this namespace is loaded but not attached.
    See the information on DESCRIPTION files in the chapter ‘Creating R
    packages’ of the ‘Writing R Extensions’ manual.
Flavor: r-release-osx-x86_64-mavericks

Version: 0.4.4
Check: R code for possible problems
Result: NOTE
    Posterior.BRugs: no visible global function definition for ‘bugsData’
    Posterior.BRugs: no visible global function definition for ‘BRugsFit’
    Posterior.BRugs: no visible global function definition for
     ‘samplesSample’
Flavor: r-release-osx-x86_64-snowleopard