CRAN Package Check Results for Package bcrm

Last updated on 2019-05-23 16:50:53 CEST.

Flavor Version Tinstall Tcheck Ttotal Status Flags
r-devel-linux-x86_64-debian-clang 0.4.7 5.55 48.00 53.55 OK
r-devel-linux-x86_64-debian-gcc 0.5.1 5.57 34.90 40.47 OK
r-devel-linux-x86_64-fedora-clang 0.5.1 64.25 NOTE
r-devel-linux-x86_64-fedora-gcc 0.5.1 58.70 NOTE
r-devel-windows-ix86+x86_64 0.4.7 14.00 61.00 75.00 OK
r-patched-linux-x86_64 0.4.7 5.57 46.98 52.55 OK
r-patched-solaris-x86 0.4.7 86.60 NOTE
r-release-linux-x86_64 0.5.1 7.15 44.62 51.77 OK
r-release-windows-ix86+x86_64 0.4.7 19.00 64.00 83.00 OK
r-release-osx-x86_64 0.4.7 NOTE
r-oldrel-windows-ix86+x86_64 0.5.1 12.00 78.00 90.00 OK
r-oldrel-osx-x86_64 0.4.7 NOTE

Check Details

Version: 0.5.1
Check: dependencies in R code
Result: NOTE
    Namespaces in Imports field not imported from:
     ‘knitr’ ‘rlang’
     All declared Imports should be used.
Flavors: r-devel-linux-x86_64-fedora-clang, r-devel-linux-x86_64-fedora-gcc

Version: 0.4.7
Check: package dependencies
Result: NOTE
    Package suggested but not available for checking: ‘BRugs’
Flavors: r-patched-solaris-x86, r-release-osx-x86_64, r-oldrel-osx-x86_64