CRAN Package Check Results for Package bdc

Last updated on 2022-09-27 07:50:37 CEST.

Flavor Version Tinstall Tcheck Ttotal Status Flags
r-devel-linux-x86_64-debian-clang 1.1.2 42.86 384.33 427.19 OK
r-devel-linux-x86_64-debian-gcc 1.1.2 32.83 280.25 313.08 OK
r-devel-linux-x86_64-fedora-clang 1.1.2 530.22 NOTE
r-devel-linux-x86_64-fedora-gcc 1.1.2 533.67 OK
r-devel-windows-x86_64 1.1.2 80.00 382.00 462.00 NOTE
r-patched-linux-x86_64 1.1.2 38.68 363.24 401.92 OK
r-release-linux-x86_64 1.1.2 30.86 369.02 399.88 OK
r-release-macos-arm64 1.1.2 113.00 NOTE
r-release-macos-x86_64 1.1.2 163.00 NOTE
r-release-windows-x86_64 1.1.2 69.00 382.00 451.00 NOTE
r-oldrel-macos-arm64 1.1.2 100.00 NOTE
r-oldrel-macos-x86_64 1.1.2 176.00 NOTE
r-oldrel-windows-ix86+x86_64 1.1.2 88.00 444.00 532.00 NOTE

Check Details

Version: 1.1.2
Check: installed package size
Result: NOTE
     installed size is 5.5Mb
     sub-directories of 1Mb or more:
     doc 3.6Mb
     extdata 1.5Mb
Flavors: r-devel-linux-x86_64-fedora-clang, r-devel-windows-x86_64, r-release-macos-arm64, r-release-macos-x86_64, r-release-windows-x86_64, r-oldrel-macos-arm64, r-oldrel-macos-x86_64, r-oldrel-windows-ix86+x86_64