CRAN Package Check Results for Package bdclean

Last updated on 2020-04-10 08:52:21 CEST.

Flavor Version Tinstall Tcheck Ttotal Status Flags
r-devel-linux-x86_64-debian-clang 0.1.15 13.85 101.93 115.78 OK
r-devel-linux-x86_64-debian-gcc 0.1.15 11.41 78.90 90.31 OK
r-devel-linux-x86_64-fedora-clang 0.1.15 118.50 NOTE
r-devel-linux-x86_64-fedora-gcc 0.1.15 118.40 NOTE
r-devel-windows-ix86+x86_64 0.1.15 37.00 98.00 135.00 OK
r-devel-windows-ix86+x86_64-gcc8 0.1.15 31.00 117.00 148.00 OK
r-patched-linux-x86_64 0.1.15 14.10 97.98 112.08 OK
r-patched-osx-x86_64 0.1.15 NOTE
r-patched-solaris-x86 0.1.15 200.60 NOTE
r-release-linux-x86_64 0.1.15 11.84 91.50 103.34 OK
r-release-windows-ix86+x86_64 0.1.15 40.00 149.00 189.00 OK
r-release-osx-x86_64 0.1.15 NOTE
r-oldrel-windows-ix86+x86_64 0.1.15 24.00 7.00 31.00 ERROR
r-oldrel-osx-x86_64 0.1.15 NOTE

Check Details

Version: 0.1.15
Check: dependencies in R code
Result: NOTE
    Namespace in Imports field not imported from: ‘DT’
     All declared Imports should be used.
Flavors: r-devel-linux-x86_64-fedora-clang, r-devel-linux-x86_64-fedora-gcc, r-patched-osx-x86_64, r-patched-solaris-x86, r-release-osx-x86_64, r-oldrel-osx-x86_64

Version: 0.1.15
Check: whether package can be installed
Result: ERROR
    Installation failed.
Flavor: r-oldrel-windows-ix86+x86_64