CRAN Package Check Results for Package bde

Last updated on 2019-06-16 20:46:54 CEST.

Flavor Version Tinstall Tcheck Ttotal Status Flags
r-devel-linux-x86_64-debian-clang 1.0.1 10.04 66.58 76.62 NOTE
r-devel-linux-x86_64-debian-gcc 1.0.1 7.83 51.08 58.91 NOTE
r-devel-linux-x86_64-fedora-clang 1.0.1 89.90 NOTE
r-devel-linux-x86_64-fedora-gcc 1.0.1 85.71 NOTE
r-devel-windows-ix86+x86_64 1.0.1 27.00 107.00 134.00 NOTE
r-patched-linux-x86_64 1.0.1 8.91 64.42 73.33 NOTE
r-patched-solaris-x86 1.0.1 124.40 NOTE
r-release-linux-x86_64 1.0.1 9.56 65.00 74.56 NOTE
r-release-windows-ix86+x86_64 1.0.1 19.00 116.00 135.00 NOTE
r-release-osx-x86_64 1.0.1 NOTE
r-oldrel-windows-ix86+x86_64 1.0.1 15.00 109.00 124.00 NOTE
r-oldrel-osx-x86_64 1.0.1 NOTE

Check Details

Version: 1.0.1
Check: R code for possible problems
Result: NOTE
    mise: no visible global function definition for 'integrate'
    density,BrVitale : density.vitale : <anonymous>: no visible global
     function definition for 'dbeta'
    density,Chen99Kernel : <anonymous>: no visible global function
     definition for 'dbeta'
    density,HirukawaJLNKernel : <anonymous>: no visible global function
     definition for 'dbeta'
    density,MicroBetaChen99Kernel : <anonymous>: no visible global function
     definition for 'dbeta'
    density,Vitale : <anonymous>: no visible global function definition for
     'dbeta'
    distribution,BernsteinPolynomials : <anonymous>: no visible global
     function definition for 'integrate'
    distribution,KernelDensity : <anonymous>: no visible global function
     definition for 'integrate'
    print,BoundedDensity: no visible global function definition for 'str'
    print,KernelDensity: no visible global function definition for 'str'
    rsample,BoundedDensity: no visible global function definition for
     'runif'
    setNormalizationConst,MacroBetaChen99Kernel: no visible global function
     definition for 'integrate'
    setNormalizationConst,MacroBetaHirukawaTSKernel: no visible global
     function definition for 'integrate'
    setNormalizationConstant,MacroBetaHirukawaJLNKernel: no visible global
     function definition for 'integrate'
    setNormalizationConstants,MicroBetaChen99Kernel :
     density.kernelFunction: no visible global function definition for
     'dbeta'
    setNormalizationConstants,MicroBetaChen99Kernel : <anonymous>: no
     visible global function definition for 'integrate'
    show,BoundedDensity: no visible global function definition for 'str'
    show,KernelDensity: no visible global function definition for 'str'
    Undefined global functions or variables:
     dbeta integrate runif str
    Consider adding
     importFrom("stats", "dbeta", "integrate", "runif")
     importFrom("utils", "str")
    to your NAMESPACE file.
Flavors: r-devel-linux-x86_64-debian-clang, r-devel-linux-x86_64-debian-gcc, r-devel-linux-x86_64-fedora-clang, r-devel-linux-x86_64-fedora-gcc, r-devel-windows-ix86+x86_64, r-patched-linux-x86_64, r-patched-solaris-x86, r-release-linux-x86_64, r-release-windows-ix86+x86_64, r-release-osx-x86_64, r-oldrel-windows-ix86+x86_64, r-oldrel-osx-x86_64