CRAN Package Check Results for Package bdpar

Last updated on 2024-02-29 00:00:25 CET.

Flavor Version Tinstall Tcheck Ttotal Status Flags
r-devel-linux-x86_64-debian-clang 3.1.0 33.45 83.56 117.01 OK
r-devel-linux-x86_64-debian-gcc 3.1.0 24.15 64.16 88.31 OK
r-devel-linux-x86_64-fedora-clang 3.1.0 144.79 NOTE
r-devel-linux-x86_64-fedora-gcc 3.1.0 149.74 NOTE
r-devel-windows-x86_64 3.1.0 24.00 91.00 115.00 OK
r-patched-linux-x86_64 3.1.0 28.46 81.93 110.39 OK
r-release-linux-x86_64 3.1.0 25.17 80.44 105.61 OK
r-release-macos-arm64 3.1.0 81.00 OK
r-release-macos-x86_64 3.1.0 171.00 OK
r-release-windows-x86_64 3.1.0 28.00 117.00 145.00 OK
r-oldrel-macos-arm64 3.1.0 61.00 OK
r-oldrel-windows-x86_64 3.1.0 32.00 99.00 131.00 OK

Check Details

Version: 3.1.0
Check: data for non-ASCII characters
Result: NOTE Note: found 2666 marked UTF-8 strings Flavors: r-devel-linux-x86_64-fedora-clang, r-devel-linux-x86_64-fedora-gcc