CRAN Package Check Results for Package bdpar

Last updated on 2022-09-30 02:51:37 CEST.

Flavor Version Tinstall Tcheck Ttotal Status Flags
r-devel-linux-x86_64-debian-clang 3.0.3 30.73 78.73 109.46 OK
r-devel-linux-x86_64-debian-gcc 3.0.3 23.43 59.34 82.77 OK
r-devel-linux-x86_64-fedora-clang 3.0.3 154.44 NOTE
r-devel-linux-x86_64-fedora-gcc 3.0.3 151.01 NOTE
r-devel-windows-x86_64 3.0.3 121.00 126.00 247.00 OK
r-patched-linux-x86_64 3.0.3 33.88 69.38 103.26 OK
r-release-linux-x86_64 3.0.3 24.12 69.16 93.28 OK
r-release-macos-arm64 3.0.3 53.00 NOTE
r-release-macos-x86_64 3.0.3 55.00 NOTE
r-release-windows-x86_64 3.0.3 109.00 116.00 225.00 OK
r-oldrel-macos-arm64 3.0.3 50.00 NOTE
r-oldrel-macos-x86_64 3.0.3 60.00 NOTE
r-oldrel-windows-ix86+x86_64 3.0.3 48.00 107.00 155.00 OK

Check Details

Version: 3.0.3
Check: data for non-ASCII characters
Result: NOTE
     Note: found 2666 marked UTF-8 strings
Flavors: r-devel-linux-x86_64-fedora-clang, r-devel-linux-x86_64-fedora-gcc, r-release-macos-arm64, r-release-macos-x86_64, r-oldrel-macos-arm64, r-oldrel-macos-x86_64