CRAN Package Check Results for Package bdpar

Last updated on 2023-10-03 10:11:11 CEST.

Flavor Version Tinstall Tcheck Ttotal Status Flags
r-devel-linux-x86_64-debian-clang 3.0.3 30.08 86.02 116.10 OK
r-devel-linux-x86_64-debian-gcc 3.0.3 25.90 65.00 90.90 OK
r-devel-linux-x86_64-fedora-clang 3.0.3 146.35 NOTE
r-devel-linux-x86_64-fedora-gcc 3.0.3 156.56 NOTE
r-devel-windows-x86_64 3.0.3 25.00 96.00 121.00 OK
r-patched-linux-x86_64 3.0.3 32.68 82.24 114.92 OK
r-release-linux-x86_64 3.0.3 30.30 83.55 113.85 OK
r-release-macos-arm64 3.0.3 50.00 OK
r-release-macos-x86_64 3.0.3 82.00 OK
r-release-windows-x86_64 3.0.3 25.00 113.00 138.00 OK
r-oldrel-macos-arm64 3.0.3 43.00 OK
r-oldrel-macos-x86_64 3.0.3 55.00 NOTE
r-oldrel-windows-x86_64 3.0.3 35.00 97.00 132.00 OK

Check Details

Version: 3.0.3
Check: data for non-ASCII characters
Result: NOTE
     Note: found 2666 marked UTF-8 strings
Flavors: r-devel-linux-x86_64-fedora-clang, r-devel-linux-x86_64-fedora-gcc, r-oldrel-macos-x86_64