CRAN Package Check Results for Package bdpopt

Last updated on 2022-08-17 15:49:47 CEST.

Flavor Version Tinstall Tcheck Ttotal Status Flags
r-devel-linux-x86_64-debian-clang 1.0-1 4.34 34.34 38.68 NOTE
r-devel-linux-x86_64-debian-gcc 1.0-1 NOTE
r-devel-linux-x86_64-fedora-clang 1.0-1 58.60 NOTE
r-devel-linux-x86_64-fedora-gcc 1.0-1 55.63 NOTE
r-devel-windows-x86_64 1.0-1 13.00 69.00 82.00 NOTE
r-patched-linux-x86_64 1.0-1 4.80 32.54 37.34 NOTE
r-release-linux-x86_64 1.0-1 3.49 33.05 36.54 NOTE
r-release-macos-arm64 1.0-1 20.00 NOTE
r-release-macos-x86_64 1.0-1 31.00 NOTE
r-release-windows-x86_64 1.0-1 16.00 77.00 93.00 NOTE
r-oldrel-macos-arm64 1.0-1 19.00 NOTE
r-oldrel-macos-x86_64 1.0-1 34.00 NOTE
r-oldrel-windows-ix86+x86_64 1.0-1 7.00 55.00 62.00 NOTE

Check Details

Version: 1.0-1
Check: LazyData
Result: NOTE
     'LazyData' is specified without a 'data' directory
Flavors: r-devel-linux-x86_64-debian-clang, r-devel-linux-x86_64-debian-gcc, r-devel-linux-x86_64-fedora-clang, r-devel-linux-x86_64-fedora-gcc, r-devel-windows-x86_64, r-patched-linux-x86_64, r-release-linux-x86_64, r-release-macos-arm64, r-release-macos-x86_64, r-release-windows-x86_64, r-oldrel-macos-arm64, r-oldrel-macos-x86_64, r-oldrel-windows-ix86+x86_64