CRAN Package Check Results for Package bdsmatrix

Last updated on 2016-05-29 23:47:30.

Flavor Version Tinstall Tcheck Ttotal Status Flags
r-devel-linux-x86_64-debian-gcc 1.3-2 3.32 23.54 26.86 NOTE
r-devel-linux-x86_64-fedora-clang 1.3-2 50.97 NOTE
r-devel-linux-x86_64-fedora-gcc 1.3-2 44.54 NOTE
r-devel-osx-x86_64-clang 1.3-2 56.64 NOTE
r-devel-windows-ix86+x86_64 1.3-2 18.00 60.00 78.00 NOTE
r-patched-linux-x86_64 1.3-2 3.34 23.42 26.76 NOTE
r-patched-solaris-sparc 1.3-2 306.70 NOTE
r-patched-solaris-x86 1.3-2 65.00 NOTE
r-release-linux-x86_64 1.3-2 3.00 23.34 26.34 NOTE
r-release-osx-x86_64-mavericks 1.3-2 NOTE
r-release-windows-ix86+x86_64 1.3-2 18.00 80.00 98.00 NOTE
r-oldrel-windows-ix86+x86_64 1.3-2 22.00 57.00 79.00 NOTE

Check Details

Version: 1.3-2
Check: DESCRIPTION meta-information
Result: NOTE
    Malformed Description field: should contain one or more complete sentences.
Flavors: r-devel-linux-x86_64-debian-gcc, r-devel-linux-x86_64-fedora-clang, r-devel-linux-x86_64-fedora-gcc, r-devel-osx-x86_64-clang, r-devel-windows-ix86+x86_64, r-patched-linux-x86_64, r-patched-solaris-sparc, r-patched-solaris-x86, r-release-linux-x86_64, r-release-osx-x86_64-mavericks, r-release-windows-ix86+x86_64, r-oldrel-windows-ix86+x86_64

Version: 1.3-2
Check: R code for possible problems
Result: NOTE
    bdsmatrix.ibd: no visible global function definition for ‘median’
    Undefined global functions or variables:
     median
    Consider adding
     importFrom("stats", "median")
    to your NAMESPACE file.
Flavors: r-devel-linux-x86_64-debian-gcc, r-devel-linux-x86_64-fedora-clang, r-devel-linux-x86_64-fedora-gcc, r-devel-osx-x86_64-clang, r-devel-windows-ix86+x86_64, r-patched-linux-x86_64, r-patched-solaris-sparc, r-patched-solaris-x86, r-release-linux-x86_64, r-release-osx-x86_64-mavericks, r-release-windows-ix86+x86_64