CRAN Package Check Results for Package bdsmatrix

Last updated on 2015-08-29 00:48:03.

Flavor Version Tinstall Tcheck Ttotal Status Flags
r-devel-linux-x86_64-debian-clang 1.3-2 3.17 22.63 25.80 NOTE
r-devel-linux-x86_64-debian-gcc 1.3-2 3.03 21.47 24.50 NOTE
r-devel-linux-x86_64-fedora-clang 1.3-2 49.32 NOTE
r-devel-linux-x86_64-fedora-gcc 1.3-2 46.10 NOTE
r-devel-osx-x86_64-clang 1.3-2 45.36 NOTE
r-devel-windows-ix86+x86_64 1.3-2 34.00 82.00 116.00 NOTE
r-patched-linux-x86_64 1.3-2 3.26 23.90 27.16 NOTE
r-patched-solaris-sparc 1.3-2 347.10 NOTE
r-patched-solaris-x86 1.3-2 72.50 NOTE
r-release-linux-x86_64 1.3-2 3.25 23.78 27.04 NOTE
r-release-osx-x86_64-mavericks 1.3-2 NOTE
r-release-windows-ix86+x86_64 1.3-2 26.00 80.00 106.00 NOTE
r-oldrel-windows-ix86+x86_64 1.3-2 33.00 71.00 104.00 OK

Check Details

Version: 1.3-2
Check: DESCRIPTION meta-information
Result: NOTE
    Malformed Description field: should contain one or more complete sentences.
Flavors: r-devel-linux-x86_64-debian-clang, r-devel-linux-x86_64-debian-gcc, r-devel-linux-x86_64-fedora-clang, r-devel-linux-x86_64-fedora-gcc, r-devel-osx-x86_64-clang, r-devel-windows-ix86+x86_64, r-patched-linux-x86_64, r-patched-solaris-sparc, r-patched-solaris-x86, r-release-linux-x86_64, r-release-osx-x86_64-mavericks, r-release-windows-ix86+x86_64

Version: 1.3-2
Check: R code for possible problems
Result: NOTE
    bdsmatrix.ibd: no visible global function definition for ‘median’
    Undefined global functions or variables:
     median
    Consider adding
     importFrom("stats", "median")
    to your NAMESPACE.
Flavors: r-devel-linux-x86_64-debian-clang, r-devel-linux-x86_64-debian-gcc, r-devel-linux-x86_64-fedora-clang, r-devel-linux-x86_64-fedora-gcc, r-devel-windows-ix86+x86_64