CRAN Package Check Results for Package bdsmatrix

Last updated on 2014-08-23 03:47:59.

Flavor Version Tinstall Tcheck Ttotal Status Flags
r-devel-linux-x86_64-debian-clang 1.3-1 3.38 28.40 31.78 NOTE
r-devel-linux-x86_64-debian-gcc 1.3-2 3.66 28.54 32.20 OK
r-devel-linux-x86_64-fedora-clang 1.3-2 34.23 OK
r-devel-linux-x86_64-fedora-gcc 1.3-2 31.41 OK
r-devel-osx-x86_64-clang 1.3-2 52.37 OK
r-devel-windows-ix86+x86_64 1.3-1 22.00 59.00 81.00 NOTE
r-patched-linux-x86_64 1.3-1 3.66 29.20 32.86 NOTE
r-patched-solaris-sparc 1.3-2 367.50 OK
r-patched-solaris-x86 1.3-2 71.80 OK
r-release-linux-ix86 1.3-1 4.74 56.27 61.01 NOTE
r-release-linux-x86_64 1.3-1 3.86 29.28 33.14 NOTE
r-release-osx-x86_64-mavericks 1.3-1 NOTE
r-release-windows-ix86+x86_64 1.3-2 19.00 58.00 77.00 OK
r-oldrel-windows-ix86+x86_64 1.3-1 22.00 62.00 84.00 NOTE

Check Details

Version: 1.3-1
Check: dependencies in R code
Result: NOTE
    Package in Depends field not imported from: ‘methods’
     These packages need to be imported from (in the NAMESPACE file)
     for when this namespace is loaded but not attached.
    See the information on DESCRIPTION files in the chapter ‘Creating R
    packages’ of the ‘Writing R Extensions’ manual.
Flavors: r-devel-linux-x86_64-debian-clang, r-devel-windows-ix86+x86_64, r-patched-linux-x86_64, r-release-linux-ix86, r-release-linux-x86_64, r-release-osx-x86_64-mavericks, r-oldrel-windows-ix86+x86_64