CRAN Package Check Results for Package bdsmatrix

Last updated on 2016-08-28 21:49:43.

Flavor Version Tinstall Tcheck Ttotal Status Flags
r-devel-linux-x86_64-debian-clang 1.3-2 4.38 23.02 27.40 NOTE
r-devel-linux-x86_64-debian-gcc 1.3-2 3.36 23.42 26.78 NOTE
r-devel-linux-x86_64-fedora-clang 1.3-2 49.69 NOTE
r-devel-linux-x86_64-fedora-gcc 1.3-2 46.56 NOTE
r-devel-osx-x86_64-clang 1.3-2 43.43 NOTE
r-devel-windows-ix86+x86_64 1.3-2 30.00 89.00 119.00 NOTE
r-patched-linux-x86_64 1.3-2 3.15 22.92 26.07 NOTE
r-patched-solaris-sparc 1.3-2 306.10 NOTE
r-patched-solaris-x86 1.3-2 62.20 NOTE
r-release-linux-x86_64 1.3-2 3.58 24.20 27.79 NOTE
r-release-osx-x86_64-mavericks 1.3-2 NOTE
r-release-windows-ix86+x86_64 1.3-2 18.00 80.00 98.00 NOTE
r-oldrel-windows-ix86+x86_64 1.3-2 22.00 57.00 79.00 NOTE

Check Details

Version: 1.3-2
Check: DESCRIPTION meta-information
Result: NOTE
    Malformed Description field: should contain one or more complete sentences.
Flavors: r-devel-linux-x86_64-debian-clang, r-devel-linux-x86_64-debian-gcc, r-devel-linux-x86_64-fedora-clang, r-devel-linux-x86_64-fedora-gcc, r-devel-osx-x86_64-clang, r-devel-windows-ix86+x86_64, r-patched-linux-x86_64, r-patched-solaris-sparc, r-patched-solaris-x86, r-release-linux-x86_64, r-release-osx-x86_64-mavericks, r-release-windows-ix86+x86_64, r-oldrel-windows-ix86+x86_64

Version: 1.3-2
Check: R code for possible problems
Result: NOTE
    bdsmatrix.ibd: no visible global function definition for ‘median’
    Undefined global functions or variables:
     median
    Consider adding
     importFrom("stats", "median")
    to your NAMESPACE file.
Flavors: r-devel-linux-x86_64-debian-clang, r-devel-linux-x86_64-debian-gcc, r-devel-linux-x86_64-fedora-clang, r-devel-linux-x86_64-fedora-gcc, r-devel-osx-x86_64-clang, r-devel-windows-ix86+x86_64, r-patched-linux-x86_64, r-patched-solaris-sparc, r-patched-solaris-x86, r-release-linux-x86_64, r-release-osx-x86_64-mavericks, r-release-windows-ix86+x86_64