CRAN Package Check Results for Package bdsmatrix

Last updated on 2014-07-23 13:47:47.

Flavor Version Tinstall Tcheck Ttotal Status Flags
r-devel-linux-x86_64-debian-clang 1.3-1 3.36 28.64 31.99 NOTE
r-devel-linux-x86_64-debian-gcc 1.3-1 3.68 28.35 32.02 NOTE
r-devel-linux-x86_64-fedora-clang 1.3-1 65.50 NOTE
r-devel-linux-x86_64-fedora-gcc 1.3-1 61.27 NOTE
r-devel-osx-x86_64-clang 1.3-1 59.06 NOTE
r-devel-windows-ix86+x86_64 1.3-1 22.00 60.00 82.00 NOTE
r-patched-linux-x86_64 1.3-1 3.86 28.54 32.40 NOTE
r-patched-solaris-sparc 1.3-1 409.50 NOTE
r-patched-solaris-x86 1.3-1 81.40 NOTE
r-release-linux-ix86 1.3-1 4.73 56.12 60.85 NOTE
r-release-linux-x86_64 1.3-1 3.86 30.13 33.99 NOTE
r-release-osx-x86_64-mavericks 1.3-1 NOTE
r-release-windows-ix86+x86_64 1.3-1 27.00 60.00 87.00 NOTE
r-oldrel-windows-ix86+x86_64 1.3-1 22.00 62.00 84.00 NOTE

Check Details

Version: 1.3-1
Check: dependencies in R code
Result: NOTE
    Package in Depends field not imported from: ‘methods’
     These packages need to be imported from (in the NAMESPACE file)
     for when this namespace is loaded but not attached.
    See the information on DESCRIPTION files in the chapter ‘Creating R
    packages’ of the ‘Writing R Extensions’ manual.
Flavors: r-devel-linux-x86_64-debian-clang, r-devel-linux-x86_64-debian-gcc, r-devel-linux-x86_64-fedora-clang, r-devel-linux-x86_64-fedora-gcc, r-devel-osx-x86_64-clang, r-devel-windows-ix86+x86_64, r-patched-linux-x86_64, r-patched-solaris-sparc, r-patched-solaris-x86, r-release-linux-ix86, r-release-linux-x86_64, r-release-osx-x86_64-mavericks, r-release-windows-ix86+x86_64, r-oldrel-windows-ix86+x86_64

Version: 1.3-1
Check: top-level files
Result: NOTE
    Non-standard file/directory found at top level:
     ‘COPYRIGHT’
    Copyright information should be in file inst/COPYRIGHTS
Flavors: r-devel-linux-x86_64-fedora-clang, r-devel-linux-x86_64-fedora-gcc