CRAN Package Check Results for Package bdsmatrix

Last updated on 2021-12-06 11:51:48 CET.

Flavor Version Tinstall Tcheck Ttotal Status Flags
r-devel-linux-x86_64-debian-clang 1.3-4 11.54 56.43 67.97 NOTE
r-devel-linux-x86_64-debian-gcc 1.3-4 7.96 43.34 51.30 NOTE
r-devel-linux-x86_64-fedora-clang 1.3-4 86.45 NOTE
r-devel-linux-x86_64-fedora-gcc 1.3-4 73.86 NOTE
r-devel-windows-x86_64-new-UL 1.3-4 34.00 93.00 127.00 NOTE
r-devel-windows-x86_64-new-TK 1.3-4 NOTE
r-devel-windows-x86_64-old 1.3-4 24.00 56.00 80.00 NOTE
r-patched-linux-x86_64 1.3-4 10.08 46.57 56.65 NOTE
r-release-linux-x86_64 1.3-4 10.80 55.69 66.49 NOTE
r-release-macos-arm64 1.3-4 NOTE
r-release-macos-x86_64 1.3-4 NOTE
r-release-windows-ix86+x86_64 1.3-4 36.00 78.00 114.00 NOTE
r-oldrel-macos-x86_64 1.3-4 OK
r-oldrel-windows-ix86+x86_64 1.3-4 30.00 93.00 123.00 OK

Check Details

Version: 1.3-4
Check: LazyData
Result: NOTE
     'LazyData' is specified without a 'data' directory
Flavors: r-devel-linux-x86_64-debian-clang, r-devel-linux-x86_64-debian-gcc, r-devel-linux-x86_64-fedora-clang, r-devel-linux-x86_64-fedora-gcc, r-devel-windows-x86_64-new-UL, r-devel-windows-x86_64-new-TK, r-devel-windows-x86_64-old, r-patched-linux-x86_64, r-release-linux-x86_64, r-release-macos-arm64, r-release-macos-x86_64, r-release-windows-ix86+x86_64