CRAN Package Check Results for Package bdsmatrix

Last updated on 2016-06-26 13:46:42.

Flavor Version Tinstall Tcheck Ttotal Status Flags
r-devel-linux-x86_64-debian-gcc 1.3-2 3.59 24.54 28.12 NOTE
r-devel-linux-x86_64-fedora-clang 1.3-2 48.57 NOTE
r-devel-linux-x86_64-fedora-gcc 1.3-2 43.88 NOTE
r-devel-osx-x86_64-clang 1.3-2 43.01 NOTE
r-devel-windows-ix86+x86_64 1.3-2 27.00 63.00 90.00 NOTE
r-patched-linux-x86_64 1.3-2 3.33 24.52 27.85 NOTE
r-patched-solaris-sparc 1.3-2 306.10 NOTE
r-patched-solaris-x86 1.3-2 66.20 NOTE
r-release-linux-x86_64 1.3-2 3.43 24.55 27.98 NOTE
r-release-osx-x86_64-mavericks 1.3-2 NOTE
r-release-windows-ix86+x86_64 1.3-2 18.00 80.00 98.00 NOTE
r-oldrel-windows-ix86+x86_64 1.3-2 22.00 57.00 79.00 NOTE

Check Details

Version: 1.3-2
Check: DESCRIPTION meta-information
Result: NOTE
    Malformed Description field: should contain one or more complete sentences.
Flavors: r-devel-linux-x86_64-debian-gcc, r-devel-linux-x86_64-fedora-clang, r-devel-linux-x86_64-fedora-gcc, r-devel-osx-x86_64-clang, r-devel-windows-ix86+x86_64, r-patched-linux-x86_64, r-patched-solaris-sparc, r-patched-solaris-x86, r-release-linux-x86_64, r-release-osx-x86_64-mavericks, r-release-windows-ix86+x86_64, r-oldrel-windows-ix86+x86_64

Version: 1.3-2
Check: R code for possible problems
Result: NOTE
    bdsmatrix.ibd: no visible global function definition for ‘median’
    Undefined global functions or variables:
     median
    Consider adding
     importFrom("stats", "median")
    to your NAMESPACE file.
Flavors: r-devel-linux-x86_64-debian-gcc, r-devel-linux-x86_64-fedora-clang, r-devel-linux-x86_64-fedora-gcc, r-devel-osx-x86_64-clang, r-devel-windows-ix86+x86_64, r-patched-linux-x86_64, r-patched-solaris-sparc, r-patched-solaris-x86, r-release-linux-x86_64, r-release-osx-x86_64-mavericks, r-release-windows-ix86+x86_64