CRAN Package Check Results for Package bdsmatrix

Last updated on 2015-05-22 17:46:31.

Flavor Version Tinstall Tcheck Ttotal Status Flags
r-devel-linux-x86_64-debian-clang 1.3-2 3.19 23.85 27.04 NOTE
r-devel-linux-x86_64-debian-gcc 1.3-2 3.15 23.04 26.20 NOTE
r-devel-linux-x86_64-fedora-clang 1.3-2 52.74 NOTE
r-devel-linux-x86_64-fedora-gcc 1.3-2 50.81 NOTE
r-devel-osx-x86_64-clang 1.3-2 52.29 NOTE
r-devel-windows-ix86+x86_64 1.3-2 30.00 56.00 86.00 NOTE
r-patched-linux-x86_64 1.3-2 3.14 22.97 26.11 NOTE
r-patched-solaris-sparc 1.3-2 342.90 NOTE
r-patched-solaris-x86 1.3-2 71.80 NOTE
r-release-linux-x86_64 1.3-2 3.16 23.00 26.15 NOTE
r-release-osx-x86_64-mavericks 1.3-2 NOTE
r-release-osx-x86_64-snowleopard 1.3-2 NOTE
r-release-windows-ix86+x86_64 1.3-2 17.00 64.00 81.00 NOTE
r-oldrel-windows-ix86+x86_64 1.3-2 33.00 71.00 104.00 OK

Check Details

Version: 1.3-2
Check: DESCRIPTION meta-information
Result: NOTE
    Malformed Description field: should contain one or more complete sentences.
Flavors: r-devel-linux-x86_64-debian-clang, r-devel-linux-x86_64-debian-gcc, r-devel-linux-x86_64-fedora-clang, r-devel-linux-x86_64-fedora-gcc, r-devel-osx-x86_64-clang, r-devel-windows-ix86+x86_64, r-patched-linux-x86_64, r-patched-solaris-sparc, r-patched-solaris-x86, r-release-linux-x86_64, r-release-osx-x86_64-mavericks, r-release-osx-x86_64-snowleopard, r-release-windows-ix86+x86_64