CRAN Package Check Results for Package bdsmatrix

Last updated on 2016-04-29 09:46:56.

Flavor Version Tinstall Tcheck Ttotal Status Flags
r-devel-linux-x86_64-debian-gcc 1.3-2 3.27 22.59 25.86 NOTE
r-devel-linux-x86_64-fedora-clang 1.3-2 48.97 NOTE
r-devel-linux-x86_64-fedora-gcc 1.3-2 44.68 NOTE
r-devel-osx-x86_64-clang 1.3-2 57.03 NOTE
r-devel-windows-ix86+x86_64 1.3-2 17.00 62.00 79.00 NOTE
r-patched-linux-x86_64 1.3-2 3.14 22.83 25.97 NOTE
r-patched-solaris-sparc 1.3-2 301.90 NOTE
r-patched-solaris-x86 1.3-2 63.80 NOTE
r-release-linux-x86_64 1.3-2 3.28 25.56 28.84 NOTE
r-release-osx-x86_64-mavericks 1.3-2 NOTE
r-release-windows-ix86+x86_64 1.3-2 22.00 57.00 79.00 NOTE
r-oldrel-windows-ix86+x86_64 1.3-2 33.00 71.00 104.00 OK

Check Details

Version: 1.3-2
Check: DESCRIPTION meta-information
Result: NOTE
    Malformed Description field: should contain one or more complete sentences.
Flavors: r-devel-linux-x86_64-debian-gcc, r-devel-linux-x86_64-fedora-clang, r-devel-linux-x86_64-fedora-gcc, r-devel-osx-x86_64-clang, r-devel-windows-ix86+x86_64, r-patched-linux-x86_64, r-patched-solaris-sparc, r-patched-solaris-x86, r-release-linux-x86_64, r-release-osx-x86_64-mavericks, r-release-windows-ix86+x86_64

Version: 1.3-2
Check: R code for possible problems
Result: NOTE
    bdsmatrix.ibd: no visible global function definition for ‘median’
    Undefined global functions or variables:
     median
    Consider adding
     importFrom("stats", "median")
    to your NAMESPACE file.
Flavors: r-devel-linux-x86_64-debian-gcc, r-devel-linux-x86_64-fedora-clang, r-devel-linux-x86_64-fedora-gcc, r-devel-osx-x86_64-clang, r-devel-windows-ix86+x86_64, r-patched-linux-x86_64, r-patched-solaris-sparc, r-patched-solaris-x86