CRAN Package Check Results for Package bdsmatrix

Last updated on 2017-01-18 10:48:20.

Flavor Version Tinstall Tcheck Ttotal Status Flags
r-devel-linux-x86_64-debian-clang 1.3-2 4.53 27.40 31.93 NOTE
r-devel-linux-x86_64-debian-gcc 1.3-2 3.54 27.10 30.64 NOTE
r-devel-linux-x86_64-fedora-clang 1.3-2 56.02 NOTE --no-stop-on-test-error
r-devel-linux-x86_64-fedora-gcc 1.3-2 53.21 NOTE --no-stop-on-test-error
r-devel-macos-x86_64-clang 1.3-2 46.36 NOTE --no-stop-on-test-error
r-devel-windows-ix86+x86_64 1.3-2 139.00 72.00 211.00 NOTE
r-patched-linux-x86_64 1.3-2 3.29 23.95 27.24 NOTE
r-patched-solaris-sparc 1.3-2 311.70 NOTE
r-patched-solaris-x86 1.3-2 66.00 NOTE
r-release-linux-x86_64 1.3-2 3.18 23.30 26.48 NOTE
r-release-osx-x86_64-mavericks 1.3-2 NOTE
r-release-windows-ix86+x86_64 1.3-2 18.00 63.00 81.00 NOTE
r-oldrel-windows-ix86+x86_64 1.3-2 26.00 65.00 91.00 NOTE

Check Details

Version: 1.3-2
Check: DESCRIPTION meta-information
Result: NOTE
    Malformed Description field: should contain one or more complete sentences.
Flavors: r-devel-linux-x86_64-debian-clang, r-devel-linux-x86_64-debian-gcc, r-devel-windows-ix86+x86_64, r-patched-linux-x86_64, r-patched-solaris-sparc, r-patched-solaris-x86, r-release-linux-x86_64, r-release-osx-x86_64-mavericks, r-release-windows-ix86+x86_64, r-oldrel-windows-ix86+x86_64

Version: 1.3-2
Check: R code for possible problems
Result: NOTE
    bdsmatrix.ibd: no visible global function definition for ‘median’
    Undefined global functions or variables:
     median
    Consider adding
     importFrom("stats", "median")
    to your NAMESPACE file.
Flavors: r-devel-linux-x86_64-debian-clang, r-devel-linux-x86_64-debian-gcc, r-devel-windows-ix86+x86_64, r-patched-linux-x86_64, r-patched-solaris-sparc, r-patched-solaris-x86, r-release-linux-x86_64, r-release-osx-x86_64-mavericks, r-release-windows-ix86+x86_64

Version: 1.3-2
Flags: --no-stop-on-test-error
Check: DESCRIPTION meta-information
Result: NOTE
    Malformed Description field: should contain one or more complete sentences.
Flavors: r-devel-linux-x86_64-fedora-clang, r-devel-linux-x86_64-fedora-gcc, r-devel-macos-x86_64-clang

Version: 1.3-2
Flags: --no-stop-on-test-error
Check: R code for possible problems
Result: NOTE
    bdsmatrix.ibd: no visible global function definition for ‘median’
    Undefined global functions or variables:
     median
    Consider adding
     importFrom("stats", "median")
    to your NAMESPACE file.
Flavors: r-devel-linux-x86_64-fedora-clang, r-devel-linux-x86_64-fedora-gcc, r-devel-macos-x86_64-clang