CRAN Package Check Results for Package bdsmatrix

Last updated on 2016-02-10 08:47:03.

Flavor Version Tinstall Tcheck Ttotal Status Flags
r-devel-linux-x86_64-debian-gcc 1.3-2 3.03 21.66 24.70 NOTE
r-devel-linux-x86_64-fedora-clang 1.3-2 48.02 NOTE
r-devel-linux-x86_64-fedora-gcc 1.3-2 45.17 NOTE
r-devel-osx-x86_64-clang 1.3-2 56.57 NOTE
r-devel-windows-ix86+x86_64 1.3-2 34.00 77.00 111.00 NOTE
r-patched-linux-x86_64 1.3-2 3.21 24.25 27.46 NOTE
r-patched-solaris-sparc 1.3-2 322.10 NOTE
r-patched-solaris-x86 1.3-2 66.10 NOTE
r-release-linux-x86_64 1.3-2 3.32 24.86 28.18 NOTE
r-release-osx-x86_64-mavericks 1.3-2 NOTE
r-release-windows-ix86+x86_64 1.3-2 22.00 57.00 79.00 NOTE
r-oldrel-windows-ix86+x86_64 1.3-2 33.00 71.00 104.00 OK

Check Details

Version: 1.3-2
Check: DESCRIPTION meta-information
Result: NOTE
    Malformed Description field: should contain one or more complete sentences.
Flavors: r-devel-linux-x86_64-debian-gcc, r-devel-linux-x86_64-fedora-clang, r-devel-linux-x86_64-fedora-gcc, r-devel-osx-x86_64-clang, r-devel-windows-ix86+x86_64, r-patched-linux-x86_64, r-patched-solaris-sparc, r-patched-solaris-x86, r-release-linux-x86_64, r-release-osx-x86_64-mavericks, r-release-windows-ix86+x86_64

Version: 1.3-2
Check: R code for possible problems
Result: NOTE
    bdsmatrix.ibd: no visible global function definition for ‘median’
    Undefined global functions or variables:
     median
    Consider adding
     importFrom("stats", "median")
    to your NAMESPACE file.
Flavors: r-devel-linux-x86_64-debian-gcc, r-devel-linux-x86_64-fedora-clang, r-devel-linux-x86_64-fedora-gcc, r-devel-osx-x86_64-clang, r-devel-windows-ix86+x86_64