CRAN Package Check Results for Package bdsmatrix

Last updated on 2017-04-27 15:50:05.

Flavor Version Tinstall Tcheck Ttotal Status Flags
r-devel-linux-x86_64-debian-clang 1.3-2 4.80 26.94 31.74 NOTE
r-devel-linux-x86_64-debian-gcc 1.3-2 3.58 26.90 30.48 NOTE
r-devel-linux-x86_64-fedora-clang 1.3-2 56.09 NOTE --no-stop-on-test-error
r-devel-linux-x86_64-fedora-gcc 1.3-2 53.80 NOTE --no-stop-on-test-error
r-devel-windows-ix86+x86_64 1.3-2 35.00 75.00 110.00 NOTE
r-patched-linux-x86_64 1.3-2 3.46 27.03 30.50 NOTE
r-patched-solaris-sparc 1.3-2 332.60 NOTE
r-patched-solaris-x86 1.3-2 86.70 NOTE
r-release-linux-x86_64 1.3-2 3.44 26.54 29.98 NOTE
r-release-windows-ix86+x86_64 1.3-2 24.00 75.00 99.00 NOTE
r-release-osx-x86_64 1.3-2 NOTE
r-oldrel-windows-ix86+x86_64 1.3-2 18.00 63.00 81.00 NOTE
r-oldrel-osx-x86_64 1.3-2 NOTE

Check Details

Version: 1.3-2
Check: DESCRIPTION meta-information
Result: NOTE
    Malformed Description field: should contain one or more complete sentences.
Flavors: r-devel-linux-x86_64-debian-clang, r-devel-linux-x86_64-debian-gcc, r-devel-windows-ix86+x86_64, r-patched-linux-x86_64, r-patched-solaris-sparc, r-patched-solaris-x86, r-release-linux-x86_64, r-release-windows-ix86+x86_64, r-release-osx-x86_64, r-oldrel-windows-ix86+x86_64, r-oldrel-osx-x86_64

Version: 1.3-2
Check: R code for possible problems
Result: NOTE
    bdsmatrix.ibd: no visible global function definition for ‘median’
    Undefined global functions or variables:
     median
    Consider adding
     importFrom("stats", "median")
    to your NAMESPACE file.
Flavors: r-devel-linux-x86_64-debian-clang, r-devel-linux-x86_64-debian-gcc, r-devel-windows-ix86+x86_64, r-patched-linux-x86_64, r-patched-solaris-sparc, r-patched-solaris-x86, r-release-linux-x86_64, r-release-windows-ix86+x86_64, r-release-osx-x86_64, r-oldrel-windows-ix86+x86_64, r-oldrel-osx-x86_64

Version: 1.3-2
Check: compiled code
Result: NOTE
    File ‘bdsmatrix/libs/bdsmatrix.so’:
     Found no calls to: ‘R_registerRoutines’, ‘R_useDynamicSymbols’
    
    It is good practice to register native routines and to disable symbol
    search.
    
    See ‘Writing portable packages’ in the ‘Writing R Extensions’ manual.
Flavors: r-devel-linux-x86_64-debian-clang, r-devel-linux-x86_64-debian-gcc, r-patched-linux-x86_64, r-release-linux-x86_64

Version: 1.3-2
Flags: --no-stop-on-test-error
Check: DESCRIPTION meta-information
Result: NOTE
    Malformed Description field: should contain one or more complete sentences.
Flavors: r-devel-linux-x86_64-fedora-clang, r-devel-linux-x86_64-fedora-gcc

Version: 1.3-2
Flags: --no-stop-on-test-error
Check: R code for possible problems
Result: NOTE
    bdsmatrix.ibd: no visible global function definition for ‘median’
    Undefined global functions or variables:
     median
    Consider adding
     importFrom("stats", "median")
    to your NAMESPACE file.
Flavors: r-devel-linux-x86_64-fedora-clang, r-devel-linux-x86_64-fedora-gcc

Version: 1.3-2
Flags: --no-stop-on-test-error
Check: compiled code
Result: NOTE
    File ‘bdsmatrix/libs/bdsmatrix.so’:
     Found no calls to: ‘R_registerRoutines’, ‘R_useDynamicSymbols’
    
    It is good practice to register native routines and to disable symbol
    search.
    
    See ‘Writing portable packages’ in the ‘Writing R Extensions’ manual.
Flavors: r-devel-linux-x86_64-fedora-clang, r-devel-linux-x86_64-fedora-gcc