CRAN Package Check Results for Package bea.R

Last updated on 2019-08-22 00:51:08 CEST.

Flavor Version Tinstall Tcheck Ttotal Status Flags
r-devel-linux-x86_64-debian-clang 1.0.6 6.31 47.89 54.20 OK
r-devel-linux-x86_64-debian-gcc 1.0.6 5.08 36.66 41.74 OK
r-devel-linux-x86_64-fedora-clang 1.0.6 64.38 NOTE
r-devel-linux-x86_64-fedora-gcc 1.0.6 63.20 NOTE
r-devel-windows-ix86+x86_64 1.0.6 27.00 112.00 139.00 OK
r-patched-linux-x86_64 1.0.6 4.72 45.69 50.41 OK
r-patched-solaris-x86 1.0.6 102.50 NOTE
r-release-linux-x86_64 1.0.6 5.51 45.63 51.14 OK
r-release-windows-ix86+x86_64 1.0.6 35.00 108.00 143.00 OK
r-release-osx-x86_64 1.0.6 NOTE
r-oldrel-windows-ix86+x86_64 1.0.6 16.00 71.00 87.00 OK
r-oldrel-osx-x86_64 1.0.6 NOTE

Check Details

Version: 1.0.6
Check: dependencies in R code
Result: NOTE
    Namespaces in Imports field not imported from:
     ‘Rcpp’ ‘chron’ ‘colorspace’ ‘gtable’ ‘htmltools’ ‘htmlwidgets’
     ‘httpuv’ ‘magrittr’ ‘munsell’ ‘plyr’ ‘scales’ ‘stringi’ ‘xtable’
     ‘yaml’
     All declared Imports should be used.
Flavors: r-devel-linux-x86_64-fedora-clang, r-devel-linux-x86_64-fedora-gcc, r-patched-solaris-x86, r-release-osx-x86_64, r-oldrel-osx-x86_64