CRAN Package Check Results for Package bea.R

Last updated on 2019-12-15 18:50:01 CET.

Flavor Version Tinstall Tcheck Ttotal Status Flags
r-devel-linux-x86_64-debian-clang 1.0.6 6.18 50.84 57.02 OK
r-devel-linux-x86_64-debian-gcc 1.0.6 4.60 39.37 43.97 OK
r-devel-linux-x86_64-fedora-clang 1.0.6 69.05 NOTE
r-devel-linux-x86_64-fedora-gcc 1.0.6 70.08 NOTE
r-devel-windows-ix86+x86_64 1.0.6 17.00 100.00 117.00 OK
r-devel-windows-ix86+x86_64-gcc8 1.0.6 19.00 88.00 107.00 OK
r-patched-linux-x86_64 1.0.6 6.30 45.59 51.89 OK
r-patched-solaris-x86 1.0.6 102.30 NOTE
r-release-linux-x86_64 1.0.6 6.35 45.76 52.11 OK
r-release-windows-ix86+x86_64 1.0.6 13.00 58.00 71.00 OK
r-release-osx-x86_64 1.0.6 NOTE
r-oldrel-windows-ix86+x86_64 1.0.6 9.00 60.00 69.00 OK
r-oldrel-osx-x86_64 1.0.6 NOTE

Check Details

Version: 1.0.6
Check: dependencies in R code
Result: NOTE
    Namespaces in Imports field not imported from:
     ‘Rcpp’ ‘chron’ ‘colorspace’ ‘gtable’ ‘htmltools’ ‘htmlwidgets’
     ‘httpuv’ ‘magrittr’ ‘munsell’ ‘plyr’ ‘scales’ ‘stringi’ ‘xtable’
     ‘yaml’
     All declared Imports should be used.
Flavors: r-devel-linux-x86_64-fedora-clang, r-devel-linux-x86_64-fedora-gcc, r-patched-solaris-x86, r-release-osx-x86_64, r-oldrel-osx-x86_64