CRAN Package Check Results for Package beadarrayFilter

Last updated on 2015-04-26 17:47:32.

Flavor Version Tinstall Tcheck Ttotal Status Flags
r-devel-linux-x86_64-debian-clang 1.1.0 7.72 71.48 79.20 NOTE
r-devel-linux-x86_64-debian-gcc 1.1.0 6.78 69.94 76.72 NOTE
r-devel-linux-x86_64-fedora-clang 1.1.0 161.98 NOTE
r-devel-linux-x86_64-fedora-gcc 1.1.0 153.42 NOTE
r-devel-osx-x86_64-clang 1.1.0 143.19 NOTE
r-devel-windows-ix86+x86_64 1.1.0 17.00 111.00 128.00 NOTE
r-patched-linux-x86_64 1.1.0 7.01 69.72 76.74 NOTE
r-patched-solaris-sparc 1.1.0 966.10 NOTE
r-patched-solaris-x86 1.1.0 204.00 NOTE
r-release-linux-x86_64 1.1.0 6.77 68.23 75.00 NOTE
r-release-osx-x86_64-mavericks 1.1.0 ERROR
r-release-osx-x86_64-snowleopard 1.1.0 ERROR
r-release-windows-ix86+x86_64 1.1.0 15.00 131.00 146.00 NOTE
r-oldrel-windows-ix86+x86_64 1.1.0 39.00 160.00 199.00 NOTE

Check Details

Version: 1.1.0
Check: dependencies in R code
Result: NOTE
    Packages in Depends field not imported from:
     ‘RColorBrewer’ ‘beadarray’
     These packages need to be imported from (in the NAMESPACE file)
     for when this namespace is loaded but not attached.
Flavors: r-devel-linux-x86_64-fedora-clang, r-devel-linux-x86_64-fedora-gcc, r-devel-osx-x86_64-clang, r-devel-windows-ix86+x86_64, r-patched-solaris-sparc, r-patched-solaris-x86, r-release-windows-ix86+x86_64, r-oldrel-windows-ix86+x86_64

Version: 1.1.0
Check: R code for possible problems
Result: NOTE
    beadtypeFilter: no visible global function definition for ‘exprs’
    beadtypeFilter: no visible global function definition for ‘se.exprs’
    beadtypeFilter: no visible global function definition for ‘beadNum’
    beadtypeFilter: no visible global function definition for ‘fData’
    emCDF: no visible global function definition for ‘brewer.pal’
Flavors: r-devel-linux-x86_64-fedora-clang, r-devel-linux-x86_64-fedora-gcc, r-devel-osx-x86_64-clang, r-devel-windows-ix86+x86_64, r-patched-solaris-sparc, r-patched-solaris-x86, r-release-windows-ix86+x86_64, r-oldrel-windows-ix86+x86_64

Version: 1.1.0
Check: Rd line widths
Result: NOTE
    Rd file 'iccFun.Rd':
     \examples lines wider than 100 characters:
     aaa<-na.omit(data.frame(I(rownames(exprs(exampleSummaryDataNorm))),exprs(exampleSummaryDataNorm)))[1:40,]
    
    These lines will be truncated in the PDF manual.
Flavors: r-devel-linux-x86_64-fedora-clang, r-devel-linux-x86_64-fedora-gcc

Version: 1.1.0
Check: package dependencies
Result: NOTE
    Packages suggested but not available for checking:
     ‘beadarrayExampleData’ ‘lumi’
Flavor: r-release-osx-x86_64-mavericks

Version: 1.1.0
Check: whether package can be installed
Result: ERROR
    Installation failed.
Flavor: r-release-osx-x86_64-mavericks

Version: 1.1.0
Check: package dependencies
Result: ERROR
    Package required but not available: ‘beadarray’
    
    Packages suggested but not available for checking:
     ‘beadarrayExampleData’ ‘lumi’
    
    See section ‘The DESCRIPTION file’ in the ‘Writing R Extensions’
    manual.
Flavor: r-release-osx-x86_64-snowleopard