CRAN Package Check Results for Package beadarrayFilter

Last updated on 2014-04-19 15:49:38.

Flavor Version Tinstall Tcheck Ttotal Status Flags
r-devel-linux-x86_64-debian-clang 1.1.0 8.64 102.50 111.13 NOTE
r-devel-linux-x86_64-debian-gcc 1.1.0 8.42 102.12 110.54 NOTE
r-devel-linux-x86_64-fedora-clang 1.1.0 253.17 NOTE
r-devel-linux-x86_64-fedora-gcc 1.1.0 240.67 NOTE
r-devel-macosx-x86_64-clang 1.1.0 199.50 NOTE
r-devel-macosx-x86_64-gcc 1.1.0 ERROR
r-devel-windows-ix86+x86_64 1.1.0 22.00 184.00 206.00 NOTE
r-patched-linux-x86_64 1.1.0 8.34 100.94 109.28 NOTE
r-patched-solaris-sparc 1.1.0 1208.30 NOTE
r-patched-solaris-x86 1.1.0 287.60 NOTE
r-release-linux-ix86 NOTE
r-release-linux-x86_64 1.1.0 8.50 103.89 112.39 NOTE
r-release-macosx-x86_64 1.1.0 ERROR
r-release-windows-ix86+x86_64 1.1.0 33.00 191.00 224.00 NOTE
r-oldrel-windows-ix86+x86_64 1.1.0 20.00 126.00 146.00 NOTE

Check Details

Version: 1.1.0
Check: dependencies in R code
Result: NOTE
    Packages in Depends field not imported from:
     ‘RColorBrewer’ ‘beadarray’
     These packages need to be imported from (in the NAMESPACE file)
     for when this namespace is loaded but not attached.
    See the information on DESCRIPTION files in the chapter ‘Creating R
    packages’ of the ‘Writing R Extensions’ manual.
Flavors: r-devel-linux-x86_64-debian-clang, r-devel-linux-x86_64-debian-gcc, r-devel-linux-x86_64-fedora-clang, r-devel-linux-x86_64-fedora-gcc, r-devel-macosx-x86_64-clang, r-devel-windows-ix86+x86_64, r-patched-linux-x86_64, r-patched-solaris-sparc, r-patched-solaris-x86, r-release-linux-ix86, r-release-linux-x86_64, r-release-windows-ix86+x86_64, r-oldrel-windows-ix86+x86_64

Version: 1.1.0
Check: Rd line widths
Result: NOTE
    Rd file 'iccFun.Rd':
     \examples lines wider than 100 characters:
     aaa<-na.omit(data.frame(I(rownames(exprs(exampleSummaryDataNorm))),exprs(exampleSummaryDataNorm)))[1:40,]
    
    These lines will be truncated in the PDF manual.
Flavors: r-devel-linux-x86_64-fedora-clang, r-devel-linux-x86_64-fedora-gcc

Version: 1.1.0
Check: package dependencies
Result: ERROR
    Package required but not available: ‘beadarray’
    
    Packages suggested but not available for checking:
     ‘beadarrayExampleData’ ‘lumi’
    
    See the information on DESCRIPTION files in the chapter ‘Creating R
    packages’ of the ‘Writing R Extensions’ manual.
Flavors: r-devel-macosx-x86_64-gcc, r-release-macosx-x86_64

Version: 1.1.0
Check: R code for possible problems
Result: NOTE
    Error in loadNamespace(j <- i[[1L]], c(lib.loc, .libPaths()), versionCheck = vI[[j]]) :
     there is no package called 'BiocParallel'
    beadtypeFilter: no visible global function definition for 'beadNum'
Flavor: r-devel-windows-ix86+x86_64