CRAN Package Check Results for Package beadarrayMSV

Last updated on 2014-11-23 19:47:40.

Flavor Version Tinstall Tcheck Ttotal Status Flags
r-devel-linux-x86_64-debian-clang 1.1.0 9.66 108.90 118.56 NOTE
r-devel-linux-x86_64-debian-gcc 1.1.0 9.62 103.43 113.05 NOTE
r-devel-linux-x86_64-fedora-clang 1.1.0 261.55 NOTE
r-devel-linux-x86_64-fedora-gcc 1.1.0 248.47 NOTE
r-devel-osx-x86_64-clang 1.1.0 240.64 NOTE
r-devel-windows-ix86+x86_64 1.1.0 25.00 142.00 167.00 NOTE
r-patched-linux-x86_64 1.1.0 10.00 111.10 121.10 NOTE
r-release-linux-ix86 1.1.0 11.49 126.43 137.92 NOTE
r-release-linux-x86_64 1.1.0 9.75 111.99 121.74 NOTE
r-release-osx-x86_64-mavericks 1.1.0 ERROR
r-release-osx-x86_64-snowleopard 1.1.0 ERROR
r-release-windows-ix86+x86_64 1.1.0 30.00 163.00 193.00 NOTE
r-oldrel-windows-ix86+x86_64 1.1.0 22.00 126.00 148.00 NOTE

Check Details

Version: 1.1.0
Check: installed package size
Result: NOTE
     installed size is 7.9Mb
     sub-directories of 1Mb or more:
     data 6.6Mb
Flavors: r-devel-linux-x86_64-debian-clang, r-devel-linux-x86_64-debian-gcc, r-devel-linux-x86_64-fedora-clang, r-devel-linux-x86_64-fedora-gcc, r-devel-osx-x86_64-clang, r-devel-windows-ix86+x86_64, r-patched-linux-x86_64, r-release-linux-ix86, r-release-linux-x86_64, r-release-windows-ix86+x86_64, r-oldrel-windows-ix86+x86_64

Version: 1.1.0
Check: dependencies in R code
Result: NOTE
    Package in Depends field not imported from: ‘methods’
     These packages need to be imported from (in the NAMESPACE file)
     for when this namespace is loaded but not attached.
    See the information on DESCRIPTION files in the chapter ‘Creating R
    packages’ of the ‘Writing R Extensions’ manual.
Flavors: r-devel-linux-x86_64-debian-clang, r-devel-linux-x86_64-debian-gcc, r-devel-linux-x86_64-fedora-clang, r-devel-linux-x86_64-fedora-gcc, r-devel-osx-x86_64-clang, r-devel-windows-ix86+x86_64, r-patched-linux-x86_64, r-release-linux-ix86, r-release-linux-x86_64, r-release-windows-ix86+x86_64, r-oldrel-windows-ix86+x86_64

Version: 1.1.0
Check: package dependencies
Result: ERROR
    Package required but not available: ‘rggobi’
    
    See the information on DESCRIPTION files in the chapter ‘Creating R
    packages’ of the ‘Writing R Extensions’ manual.
Flavors: r-release-osx-x86_64-mavericks, r-release-osx-x86_64-snowleopard