CRAN Package Check Results for Package beadarrayMSV

Last updated on 2014-12-20 23:47:13.

Flavor Version Tinstall Tcheck Ttotal Status Flags
r-devel-linux-x86_64-debian-clang 1.1.0 9.41 107.38 116.78 NOTE
r-devel-linux-x86_64-debian-gcc 1.1.0 9.27 104.76 114.03 NOTE
r-devel-linux-x86_64-fedora-clang 1.1.0 268.41 NOTE
r-devel-linux-x86_64-fedora-gcc 1.1.0 246.41 NOTE
r-devel-osx-x86_64-clang 1.1.0 265.61 NOTE
r-devel-windows-ix86+x86_64 1.1.0 28.00 152.00 180.00 NOTE
r-patched-linux-x86_64 1.1.0 10.00 110.68 120.68 NOTE
r-release-linux-ix86 1.1.0 11.26 127.23 138.49 NOTE
r-release-linux-x86_64 1.1.0 10.14 110.24 120.38 NOTE
r-release-osx-x86_64-mavericks 1.1.0 ERROR
r-release-osx-x86_64-snowleopard 1.1.0 ERROR
r-release-windows-ix86+x86_64 1.1.0 28.00 159.00 187.00 NOTE
r-oldrel-windows-ix86+x86_64 1.1.0 24.00 133.00 157.00 NOTE

Check Details

Version: 1.1.0
Check: installed package size
Result: NOTE
     installed size is 7.9Mb
     sub-directories of 1Mb or more:
     data 6.6Mb
Flavors: r-devel-linux-x86_64-debian-clang, r-devel-linux-x86_64-debian-gcc, r-devel-linux-x86_64-fedora-clang, r-devel-linux-x86_64-fedora-gcc, r-devel-osx-x86_64-clang, r-devel-windows-ix86+x86_64, r-patched-linux-x86_64, r-release-linux-ix86, r-release-linux-x86_64, r-release-windows-ix86+x86_64, r-oldrel-windows-ix86+x86_64

Version: 1.1.0
Check: dependencies in R code
Result: NOTE
    Package in Depends field not imported from: ‘methods’
     These packages need to be imported from (in the NAMESPACE file)
     for when this namespace is loaded but not attached.
    See the information on DESCRIPTION files in the chapter ‘Creating R
    packages’ of the ‘Writing R Extensions’ manual.
Flavors: r-devel-linux-x86_64-debian-clang, r-devel-linux-x86_64-debian-gcc, r-devel-linux-x86_64-fedora-clang, r-devel-linux-x86_64-fedora-gcc, r-devel-osx-x86_64-clang, r-devel-windows-ix86+x86_64, r-patched-linux-x86_64, r-release-linux-ix86, r-release-linux-x86_64, r-release-windows-ix86+x86_64, r-oldrel-windows-ix86+x86_64

Version: 1.1.0
Check: package dependencies
Result: ERROR
    Package required but not available: ‘rggobi’
    
    See the information on DESCRIPTION files in the chapter ‘Creating R
    packages’ of the ‘Writing R Extensions’ manual.
Flavors: r-release-osx-x86_64-mavericks, r-release-osx-x86_64-snowleopard