CRAN Package Check Results for Package beadarrayMSV

Last updated on 2014-09-02 20:48:45.

Flavor Version Tinstall Tcheck Ttotal Status Flags
r-devel-linux-x86_64-debian-clang 1.1.0 9.44 104.77 114.21 NOTE
r-devel-linux-x86_64-debian-gcc 1.1.0 9.22 101.08 110.30 NOTE
r-devel-linux-x86_64-fedora-clang 1.1.0 266.09 NOTE
r-devel-linux-x86_64-fedora-gcc 1.1.0 248.76 NOTE
r-devel-osx-x86_64-clang 1.1.0 199.43 NOTE
r-devel-windows-ix86+x86_64 1.1.0 24.00 150.00 174.00 NOTE
r-patched-linux-x86_64 1.1.0 7.93 92.28 100.21 NOTE
r-release-linux-ix86 1.1.0 9.57 113.02 122.59 NOTE
r-release-linux-x86_64 1.1.0 8.05 94.04 102.09 NOTE
r-release-osx-x86_64-mavericks 1.1.0 ERROR
r-release-osx-x86_64-snowleopard 1.1.0 ERROR
r-release-windows-ix86+x86_64 1.1.0 22.00 143.00 165.00 NOTE
r-oldrel-windows-ix86+x86_64 1.1.0 23.00 121.00 144.00 NOTE

Check Details

Version: 1.1.0
Check: installed package size
Result: NOTE
     installed size is 7.9Mb
     sub-directories of 1Mb or more:
     data 6.6Mb
Flavors: r-devel-linux-x86_64-debian-clang, r-devel-linux-x86_64-debian-gcc, r-devel-linux-x86_64-fedora-clang, r-devel-linux-x86_64-fedora-gcc, r-devel-osx-x86_64-clang, r-devel-windows-ix86+x86_64, r-patched-linux-x86_64, r-release-linux-ix86, r-release-linux-x86_64, r-release-windows-ix86+x86_64, r-oldrel-windows-ix86+x86_64

Version: 1.1.0
Check: dependencies in R code
Result: NOTE
    Package in Depends field not imported from: ‘methods’
     These packages need to be imported from (in the NAMESPACE file)
     for when this namespace is loaded but not attached.
    See the information on DESCRIPTION files in the chapter ‘Creating R
    packages’ of the ‘Writing R Extensions’ manual.
Flavors: r-devel-linux-x86_64-debian-clang, r-devel-linux-x86_64-debian-gcc, r-devel-linux-x86_64-fedora-clang, r-devel-linux-x86_64-fedora-gcc, r-devel-osx-x86_64-clang, r-devel-windows-ix86+x86_64, r-patched-linux-x86_64, r-release-linux-ix86, r-release-linux-x86_64, r-release-windows-ix86+x86_64, r-oldrel-windows-ix86+x86_64

Version: 1.1.0
Check: package dependencies
Result: ERROR
    Package required but not available: ‘rggobi’
    
    See the information on DESCRIPTION files in the chapter ‘Creating R
    packages’ of the ‘Writing R Extensions’ manual.
Flavors: r-release-osx-x86_64-mavericks, r-release-osx-x86_64-snowleopard