CRAN Package Check Results for Package beadarrayMSV

Last updated on 2014-04-23 12:48:14.

Flavor Version Tinstall Tcheck Ttotal Status Flags
r-devel-linux-x86_64-debian-clang 1.1.0 9.01 100.09 109.10 NOTE
r-devel-linux-x86_64-debian-gcc 1.1.0 8.59 102.26 110.86 NOTE
r-devel-linux-x86_64-fedora-clang 1.1.0 250.36 NOTE
r-devel-linux-x86_64-fedora-gcc 1.1.0 233.41 NOTE
r-devel-osx-x86_64-clang 1.1.0 182.68 NOTE
r-devel-osx-x86_64-gcc 1.1.0 ERROR
r-devel-windows-ix86+x86_64 1.1.0 23.00 128.00 151.00 NOTE
r-patched-linux-x86_64 1.1.0 8.37 99.68 108.05 NOTE
r-release-linux-ix86 1.1.0 12.00 157.00 169.00 NOTE
r-release-linux-x86_64 1.1.0 8.40 97.29 105.69 NOTE
r-release-osx-x86_64-mavericks 1.1.0 ERROR
r-release-osx-x86_64-snowleopard 1.1.0 ERROR
r-release-windows-ix86+x86_64 1.1.0 22.00 124.00 146.00 NOTE
r-oldrel-windows-ix86+x86_64 1.1.0 22.00 133.00 155.00 NOTE

Check Details

Version: 1.1.0
Check: installed package size
Result: NOTE
     installed size is 7.9Mb
     sub-directories of 1Mb or more:
     data 6.6Mb
Flavors: r-devel-linux-x86_64-debian-clang, r-devel-linux-x86_64-debian-gcc, r-devel-linux-x86_64-fedora-clang, r-devel-linux-x86_64-fedora-gcc, r-devel-osx-x86_64-clang, r-devel-windows-ix86+x86_64, r-patched-linux-x86_64, r-release-linux-ix86, r-release-linux-x86_64, r-release-windows-ix86+x86_64, r-oldrel-windows-ix86+x86_64

Version: 1.1.0
Check: dependencies in R code
Result: NOTE
    Package in Depends field not imported from: ‘methods’
     These packages need to be imported from (in the NAMESPACE file)
     for when this namespace is loaded but not attached.
    See the information on DESCRIPTION files in the chapter ‘Creating R
    packages’ of the ‘Writing R Extensions’ manual.
Flavors: r-devel-linux-x86_64-debian-clang, r-devel-linux-x86_64-debian-gcc, r-devel-linux-x86_64-fedora-clang, r-devel-linux-x86_64-fedora-gcc, r-devel-osx-x86_64-clang, r-devel-windows-ix86+x86_64, r-patched-linux-x86_64, r-release-linux-ix86, r-release-linux-x86_64, r-release-windows-ix86+x86_64, r-oldrel-windows-ix86+x86_64

Version: 1.1.0
Check: package dependencies
Result: ERROR
    Packages required but not available:
     ‘Biobase’ ‘geneplotter’ ‘rggobi’ ‘limma’
    
    See the information on DESCRIPTION files in the chapter ‘Creating R
    packages’ of the ‘Writing R Extensions’ manual.
Flavors: r-devel-osx-x86_64-gcc, r-release-osx-x86_64-mavericks, r-release-osx-x86_64-snowleopard