CRAN Package Check Results for Package beadarrayMSV

Last updated on 2015-04-19 19:51:42.

Flavor Version Tinstall Tcheck Ttotal Status Flags
r-devel-linux-x86_64-debian-clang 1.1.0 8.12 86.02 94.14 NOTE
r-devel-linux-x86_64-debian-gcc 1.1.0 7.05 82.50 89.55 NOTE
r-devel-linux-x86_64-fedora-clang 1.1.0 191.32 NOTE
r-devel-linux-x86_64-fedora-gcc 1.1.0 182.77 NOTE
r-devel-osx-x86_64-clang 1.1.0 172.06 NOTE
r-devel-windows-ix86+x86_64 1.1.0 24.00 172.00 196.00 NOTE
r-patched-linux-x86_64 1.1.0 7.74 82.50 90.24 NOTE
r-release-linux-x86_64 1.1.0 6.92 83.41 90.32 NOTE
r-release-osx-x86_64-mavericks 1.1.0 ERROR
r-release-osx-x86_64-snowleopard 1.1.0 ERROR
r-release-windows-ix86+x86_64 1.1.0 21.00 123.00 144.00 NOTE
r-oldrel-windows-ix86+x86_64 1.1.0 26.00 148.00 174.00 NOTE

Check Details

Version: 1.1.0
Check: installed package size
Result: NOTE
     installed size is 7.9Mb
     sub-directories of 1Mb or more:
     data 6.6Mb
Flavors: r-devel-linux-x86_64-debian-clang, r-devel-linux-x86_64-debian-gcc, r-devel-linux-x86_64-fedora-clang, r-devel-linux-x86_64-fedora-gcc, r-devel-osx-x86_64-clang, r-devel-windows-ix86+x86_64, r-patched-linux-x86_64, r-release-linux-x86_64, r-release-windows-ix86+x86_64, r-oldrel-windows-ix86+x86_64

Version: 1.1.0
Check: dependencies in R code
Result: NOTE
    Package in Depends field not imported from: ‘methods’
     These packages need to be imported from (in the NAMESPACE file)
     for when this namespace is loaded but not attached.
Flavors: r-devel-linux-x86_64-debian-clang, r-devel-linux-x86_64-debian-gcc, r-devel-linux-x86_64-fedora-clang, r-devel-linux-x86_64-fedora-gcc, r-devel-osx-x86_64-clang, r-devel-windows-ix86+x86_64, r-patched-linux-x86_64, r-release-linux-x86_64, r-release-windows-ix86+x86_64, r-oldrel-windows-ix86+x86_64

Version: 1.1.0
Check: package dependencies
Result: ERROR
    Package required but not available: ‘rggobi’
    
    See section ‘The DESCRIPTION file’ in the ‘Writing R Extensions’
    manual.
Flavor: r-release-osx-x86_64-mavericks

Version: 1.1.0
Check: package dependencies
Result: ERROR
    Packages required but not available:
     ‘Biobase’ ‘geneplotter’ ‘rggobi’ ‘limma’
    
    See section ‘The DESCRIPTION file’ in the ‘Writing R Extensions’
    manual.
Flavor: r-release-osx-x86_64-snowleopard