CRAN Package Check Results for Package beadarrayMSV

Last updated on 2014-07-22 15:51:47.

Flavor Version Tinstall Tcheck Ttotal Status Flags
r-devel-linux-x86_64-debian-clang 1.1.0 10.53 110.90 121.42 NOTE
r-devel-linux-x86_64-debian-gcc 1.1.0 9.71 105.69 115.40 NOTE
r-devel-linux-x86_64-fedora-clang 1.1.0 276.65 NOTE
r-devel-linux-x86_64-fedora-gcc 1.1.0 266.79 NOTE
r-devel-osx-x86_64-clang 1.1.0 210.08 NOTE
r-devel-windows-ix86+x86_64 1.1.0 27.00 156.00 183.00 NOTE
r-patched-linux-x86_64 1.1.0 8.02 96.89 104.91 NOTE
r-release-linux-ix86 1.1.0 9.60 111.18 120.78 NOTE
r-release-linux-x86_64 1.1.0 8.64 96.32 104.96 NOTE
r-release-osx-x86_64-mavericks 1.1.0 ERROR
r-release-osx-x86_64-snowleopard 1.1.0 ERROR
r-release-windows-ix86+x86_64 1.1.0 22.00 133.00 155.00 NOTE
r-oldrel-windows-ix86+x86_64 1.1.0 22.00 131.00 153.00 NOTE

Check Details

Version: 1.1.0
Check: installed package size
Result: NOTE
     installed size is 7.9Mb
     sub-directories of 1Mb or more:
     data 6.6Mb
Flavors: r-devel-linux-x86_64-debian-clang, r-devel-linux-x86_64-debian-gcc, r-devel-linux-x86_64-fedora-clang, r-devel-linux-x86_64-fedora-gcc, r-devel-osx-x86_64-clang, r-devel-windows-ix86+x86_64, r-patched-linux-x86_64, r-release-linux-ix86, r-release-linux-x86_64, r-release-windows-ix86+x86_64, r-oldrel-windows-ix86+x86_64

Version: 1.1.0
Check: dependencies in R code
Result: NOTE
    Package in Depends field not imported from: ‘methods’
     These packages need to be imported from (in the NAMESPACE file)
     for when this namespace is loaded but not attached.
    See the information on DESCRIPTION files in the chapter ‘Creating R
    packages’ of the ‘Writing R Extensions’ manual.
Flavors: r-devel-linux-x86_64-debian-clang, r-devel-linux-x86_64-debian-gcc, r-devel-linux-x86_64-fedora-clang, r-devel-linux-x86_64-fedora-gcc, r-devel-osx-x86_64-clang, r-devel-windows-ix86+x86_64, r-patched-linux-x86_64, r-release-linux-ix86, r-release-linux-x86_64, r-release-windows-ix86+x86_64, r-oldrel-windows-ix86+x86_64

Version: 1.1.0
Check: package dependencies
Result: ERROR
    Package required but not available: ‘rggobi’
    
    See the information on DESCRIPTION files in the chapter ‘Creating R
    packages’ of the ‘Writing R Extensions’ manual.
Flavors: r-release-osx-x86_64-mavericks, r-release-osx-x86_64-snowleopard