CRAN Package Check Results for Package beanplot

Last updated on 2018-05-25 10:48:06 CEST.

Flavor Version Tinstall Tcheck Ttotal Status Flags
r-devel-linux-x86_64-debian-clang 1.2 1.27 24.55 25.82 NOTE
r-devel-linux-x86_64-debian-gcc 1.2 1.22 21.34 22.56 NOTE
r-devel-linux-x86_64-fedora-clang 1.2 37.25 NOTE
r-devel-linux-x86_64-fedora-gcc 1.2 34.91 NOTE
r-devel-windows-ix86+x86_64 1.2 3.00 63.00 66.00 NOTE
r-patched-linux-x86_64 1.2 1.21 25.86 27.07 NOTE
r-patched-solaris-x86 1.2 49.70 NOTE
r-release-linux-x86_64 1.2 1.14 25.87 27.01 NOTE
r-release-windows-ix86+x86_64 1.2 5.00 49.00 54.00 NOTE
r-release-osx-x86_64 1.2 NOTE
r-oldrel-windows-ix86+x86_64 1.2 4.00 44.00 48.00 NOTE
r-oldrel-osx-x86_64 1.2 NOTE

Check Details

Version: 1.2
Check: R code for possible problems
Result: NOTE
    beanplot : mdensityxy: no visible global function definition for
     ‘density’
    beanplot: no visible binding for global variable ‘na.omit’
    beanplot: no visible global function definition for ‘par’
    beanplot : <anonymous>: no visible global function definition for
     ‘density’
    beanplot: no visible global function definition for ‘plot.new’
    beanplot: no visible global function definition for ‘box’
    beanplot: no visible global function definition for ‘median’
    beanplot: no visible global function definition for ‘abline’
    beanplotbeanlines: no visible global function definition for ‘median’
    beanplotbeanlines: no visible global function definition for ‘quantile’
    beanplotbeanlines: no visible global function definition for ‘segments’
    beanplotinnerborders: no visible global function definition for ‘tail’
    beanplotinnerborders: no visible binding for global variable ‘head’
    beanplotinnerborders: no visible binding for global variable ‘tail’
    beanplotinnerborders: no visible global function definition for
     ‘segments’
    beanplotpolyshapes: no visible global function definition for ‘polygon’
    beanplotpolyshapes: no visible global function definition for ‘lines’
    beanplotscatters: no visible global function definition for ‘aggregate’
    beanplotscatters: no visible global function definition for ‘approx’
    beanplotscatters: no visible global function definition for ‘segments’
    fixcolorvector : mrgb: no visible global function definition for ‘rgb’
    fixcolorvector: no visible global function definition for ‘col2rgb’
    fixcolorvector: no visible global function definition for ‘par’
    seemslog : <anonymous>: no visible global function definition for
     ‘shapiro.test’
    Undefined global functions or variables:
     abline aggregate approx box col2rgb density head lines median na.omit
     par plot.new polygon quantile rgb segments shapiro.test tail
    Consider adding
     importFrom("grDevices", "col2rgb", "rgb")
     importFrom("graphics", "abline", "box", "lines", "par", "plot.new",
     "polygon", "segments")
     importFrom("stats", "aggregate", "approx", "density", "median",
     "na.omit", "quantile", "shapiro.test")
     importFrom("utils", "head", "tail")
    to your NAMESPACE file.
Flavors: r-devel-linux-x86_64-debian-clang, r-devel-linux-x86_64-debian-gcc, r-devel-linux-x86_64-fedora-clang, r-devel-linux-x86_64-fedora-gcc, r-devel-windows-ix86+x86_64, r-patched-linux-x86_64, r-patched-solaris-x86, r-release-linux-x86_64, r-release-windows-ix86+x86_64, r-release-osx-x86_64, r-oldrel-windows-ix86+x86_64, r-oldrel-osx-x86_64