CRAN Package Check Results for Package beanplot

Last updated on 2015-05-27 11:49:16.

Flavor Version Tinstall Tcheck Ttotal Status Flags
r-devel-linux-x86_64-debian-clang 1.2 0.68 14.83 15.51 OK
r-devel-linux-x86_64-debian-gcc 1.2 0.54 14.84 15.38 OK
r-devel-linux-x86_64-fedora-clang 1.2 30.67 OK
r-devel-linux-x86_64-fedora-gcc 1.2 29.03 OK
r-devel-osx-x86_64-clang 1.2 38.54 OK
r-devel-windows-ix86+x86_64 1.2 2.00 25.00 27.00 OK
r-patched-linux-x86_64 1.2 0.62 15.19 15.80 OK
r-patched-solaris-sparc 1.2 194.60 OK
r-patched-solaris-x86 1.2 42.60 OK
r-release-linux-x86_64 1.2 0.70 14.88 15.57 OK
r-release-osx-x86_64-mavericks 1.2 NOTE
r-release-osx-x86_64-snowleopard 1.2 OK
r-release-windows-ix86+x86_64 1.2 3.00 24.00 27.00 OK
r-oldrel-windows-ix86+x86_64 1.2 2.00 27.00 29.00 OK

Check Details

Version: 1.2
Check: re-building of vignette outputs
Result: NOTE
    Error in re-building vignettes:
     ...
    Loading required package: sm
    Package 'sm', version 2.2-5.4: type help(sm) for summary information
    log="y" selected
    Error in texi2dvi(file = file, pdf = TRUE, clean = clean, quiet = quiet, :
     Running 'texi2dvi' on 'beanplot.tex' failed.
    LaTeX errors:
    ! Undefined control sequence.
    l.15 x<9c><ed>\<cd>
     k^^S<dd>^^Z^^?<9a><be><a1>w@frn<ef><d5><da>2<a6>^^\<f0><f6><95>+i<a1><f0>.^^DM<c1><e8>Fp<d7>U<f7><ae><dd> <ae><dc><f6>/<90>׽<a2><88>.<b2>m^^V
    The control sequence at the end of the top line
    of your error message was never \def'ed. If you have
    ! Undefined control sequence.
    l.16 ...<cd>qb-s<fd>H<ee><e2>w<f3>0o?<92><c6>&jj~<8b>rr<be><e6><s~<e7><f9>8<e7>L^^G<ea><f5>:<9d>\D
     ~<f4>^^@<ba><8b><be>x<bd><8c><be>x<bd><8c><be>x<bd><8c><be>x<bd><8c><be>x<bd>...
    The control sequence at the end of the top line
    of your error message was never \def'ed. If you have
    ! LaTeX Error: Missing \begin{document}.
    
    See the LaTeX manual or LaTeX Companion for explanation.
    Type H <return> for immediate help.
     ...
    ! Undefined control sequence.
    l.19 ...<d3>D<ce><ce><ce>N"<91><d0>ZW<ab>U<d3>4<
    Calls: buildVignettes -> texi2pdf -> texi2dvi
    Execution halted
Flavor: r-release-osx-x86_64-mavericks