CRAN Package Check Results for Package beanplot

Last updated on 2014-04-19 18:47:37.

Flavor Version Tinstall Tcheck Ttotal Status Flags
r-devel-linux-x86_64-debian-clang 1.1 0.60 10.74 11.34 NOTE
r-devel-linux-x86_64-debian-gcc 1.1 0.66 10.71 11.37 NOTE
r-devel-linux-x86_64-fedora-clang 1.1 23.59 NOTE
r-devel-linux-x86_64-fedora-gcc 1.1 22.09 NOTE
r-devel-macosx-x86_64-clang 1.1 23.92 NOTE
r-devel-macosx-x86_64-gcc 1.1 NOTE
r-devel-windows-ix86+x86_64 1.1 2.00 23.00 25.00 NOTE
r-patched-linux-x86_64 1.1 0.61 10.82 11.43 NOTE
r-patched-solaris-sparc 1.1 124.10 NOTE
r-patched-solaris-x86 1.1 31.30 NOTE
r-release-linux-ix86 NOTE
r-release-linux-x86_64 1.1 0.54 10.72 11.26 NOTE
r-release-windows-ix86+x86_64 1.1 3.00 19.00 22.00 NOTE
r-oldrel-windows-ix86+x86_64 1.1 3.00 22.00 25.00 NOTE

Check Details

Version: 1.1
Check: R code for possible problems
Result: NOTE
    fixcolorvector : mrgb: warning in rgb(col[1], col[2], col[3], max =
     255): partial argument match of 'max' to 'maxColorValue'
Flavors: r-devel-linux-x86_64-debian-clang, r-devel-linux-x86_64-debian-gcc, r-devel-linux-x86_64-fedora-clang, r-devel-linux-x86_64-fedora-gcc, r-devel-macosx-x86_64-clang, r-devel-macosx-x86_64-gcc, r-devel-windows-ix86+x86_64, r-patched-linux-x86_64, r-patched-solaris-sparc, r-patched-solaris-x86, r-release-linux-ix86, r-release-linux-x86_64, r-release-windows-ix86+x86_64, r-oldrel-windows-ix86+x86_64

Version: 1.1
Check: for old-style vignette sources
Result: NOTE
    Vignette sources only in ‘inst/doc’:
     ‘beanplot.Rnw’
    A ‘vignettes’ directory is required as from R 3.1.0
    and these will not be indexed nor checked
Flavors: r-devel-linux-x86_64-debian-clang, r-devel-linux-x86_64-debian-gcc, r-devel-linux-x86_64-fedora-clang, r-devel-linux-x86_64-fedora-gcc, r-devel-macosx-x86_64-clang, r-devel-macosx-x86_64-gcc, r-devel-windows-ix86+x86_64, r-patched-linux-x86_64, r-patched-solaris-sparc, r-patched-solaris-x86, r-release-linux-ix86, r-release-linux-x86_64, r-release-windows-ix86+x86_64

Version: 1.1
Check: Rd line widths
Result: NOTE
    Rd file 'beanplot.Rd':
     \examples lines wider than 100 characters:
     beanplot(count ~ spray, data = InsectSprays, col = "lightgray", border = "grey", overallline = "median")
    
    These lines will be truncated in the PDF manual.
Flavors: r-devel-linux-x86_64-fedora-clang, r-devel-linux-x86_64-fedora-gcc

Version: 1.1
Check: for old-style vignette sources
Result: NOTE
    Vignette sources only in 'inst/doc':
     'beanplot.Rnw'
    A 'vignettes' directory will be required as from R 3.1.0
Flavor: r-oldrel-windows-ix86+x86_64