CRAN Package Check Results for Package beanplot

Last updated on 2015-09-04 23:56:02.

Flavor Version Tinstall Tcheck Ttotal Status Flags
r-devel-linux-x86_64-debian-clang 1.2 0.49 14.44 14.93 NOTE
r-devel-linux-x86_64-debian-gcc 1.2 0.49 14.47 14.96 NOTE
r-devel-linux-x86_64-fedora-clang 1.2 29.11 NOTE
r-devel-linux-x86_64-fedora-gcc 1.2 27.40 NOTE
r-devel-osx-x86_64-clang 1.2 27.36 OK
r-devel-windows-ix86+x86_64 1.2 2.00 46.00 48.00 NOTE
r-patched-linux-x86_64 1.2 0.56 14.60 15.16 OK
r-patched-solaris-sparc 1.2 196.00 OK
r-patched-solaris-x86 1.2 40.80 OK
r-release-linux-x86_64 1.2 0.54 14.45 14.99 OK
r-release-osx-x86_64-mavericks 1.2 NOTE
r-release-windows-ix86+x86_64 1.2 3.00 26.00 29.00 OK
r-oldrel-windows-ix86+x86_64 1.2 3.00 28.00 31.00 OK

Check Details

Version: 1.2
Check: R code for possible problems
Result: NOTE
    beanplot : mdensityxy: no visible global function definition for
     ‘density’
    beanplot: no visible binding for global variable ‘na.omit’
    beanplot: no visible global function definition for ‘par’
    beanplot : <anonymous>: no visible global function definition for
     ‘density’
    beanplot: no visible global function definition for ‘plot.new’
    beanplot: no visible global function definition for ‘box’
    beanplot: no visible global function definition for ‘median’
    beanplot: no visible global function definition for ‘abline’
    beanplotbeanlines: no visible global function definition for ‘median’
    beanplotbeanlines: no visible global function definition for ‘quantile’
    beanplotbeanlines: no visible global function definition for ‘segments’
    beanplotinnerborders: no visible global function definition for ‘tail’
    beanplotinnerborders: no visible binding for global variable ‘head’
    beanplotinnerborders: no visible binding for global variable ‘tail’
    beanplotinnerborders: no visible global function definition for
     ‘segments’
    beanplotpolyshapes: no visible global function definition for ‘polygon’
    beanplotpolyshapes: no visible global function definition for ‘lines’
    beanplotscatters: no visible global function definition for ‘aggregate’
    beanplotscatters: no visible global function definition for ‘approx’
    beanplotscatters: no visible global function definition for ‘segments’
    fixcolorvector : mrgb: no visible global function definition for ‘rgb’
    fixcolorvector: no visible global function definition for ‘col2rgb’
    fixcolorvector: no visible global function definition for ‘par’
    seemslog : <anonymous>: no visible global function definition for
     ‘shapiro.test’
    Undefined global functions or variables:
     abline aggregate approx box col2rgb density head lines median na.omit
     par plot.new polygon quantile rgb segments shapiro.test tail
    Consider adding
     importFrom("grDevices", "col2rgb", "rgb")
     importFrom("graphics", "abline", "box", "lines", "par", "plot.new",
     "polygon", "segments")
     importFrom("stats", "aggregate", "approx", "density", "median",
     "na.omit", "quantile", "shapiro.test")
     importFrom("utils", "head", "tail")
    to your NAMESPACE.
Flavors: r-devel-linux-x86_64-debian-clang, r-devel-linux-x86_64-debian-gcc, r-devel-linux-x86_64-fedora-clang, r-devel-linux-x86_64-fedora-gcc, r-devel-windows-ix86+x86_64

Version: 1.2
Check: re-building of vignette outputs
Result: NOTE
    Error in re-building vignettes:
     ...
    Loading required package: sm
    Package 'sm', version 2.2-5.4: type help(sm) for summary information
    log="y" selected
    Error in texi2dvi(file = file, pdf = TRUE, clean = clean, quiet = quiet, :
     Running 'texi2dvi' on 'beanplot.tex' failed.
    LaTeX errors:
    ! Undefined control sequence.
    l.15 x<9c><ed>\<cd>
     k^^S<dd>^^Z^^?<9a><be><a1>w@frn<ef><d5><da>2<a6>^^\<f0><f6><95>+i<a1><f0>.^^DM<c1><e8>Fp<d7>U<f7><ae><dd> <ae><dc><f6>/<90>׽<a2><88>.<b2>m^^V
    The control sequence at the end of the top line
    of your error message was never \def'ed. If you have
    ! Undefined control sequence.
    l.16 ...<cd>qb-s<fd>H<ee><e2>w<f3>0o?<92><c6>&jj~<8b>rr<be><e6><s~<e7><f9>8<e7>L^^G<ea><f5>:<9d>\D
     ~<f4>^^@<ba><8b><be>x<bd><8c><be>x<bd><8c><be>x<bd><8c><be>x<bd><8c><be>x<bd>...
    The control sequence at the end of the top line
    of your error message was never \def'ed. If you have
    ! LaTeX Error: Missing \begin{document}.
    
    See the LaTeX manual or LaTeX Companion for explanation.
    Type H <return> for immediate help.
     ...
    ! Undefined control sequence.
    l.19 ...<d3>D<ce><ce><ce>N"<91><d0>ZW<ab>U<d3>4<
    Calls: buildVignettes -> texi2pdf -> texi2dvi
    Execution halted
Flavor: r-release-osx-x86_64-mavericks