CRAN Package Check Results for Package beanplot

Last updated on 2014-07-23 15:47:41.

Flavor Version Tinstall Tcheck Ttotal Status Flags
r-devel-linux-x86_64-debian-clang 1.1 0.54 10.11 10.65 NOTE
r-devel-linux-x86_64-debian-gcc 1.1 0.59 10.06 10.65 NOTE
r-devel-linux-x86_64-fedora-clang 1.1 23.94 NOTE
r-devel-linux-x86_64-fedora-gcc 1.1 22.90 NOTE
r-devel-osx-x86_64-clang 1.1 24.41 NOTE
r-devel-windows-ix86+x86_64 1.1 2.00 18.00 20.00 NOTE
r-patched-linux-x86_64 1.1 0.50 9.90 10.40 NOTE
r-patched-solaris-sparc 1.1 124.10 NOTE
r-patched-solaris-x86 1.1 32.50 NOTE
r-release-linux-ix86 1.1 0.85 16.83 17.68 NOTE
r-release-linux-x86_64 1.1 0.54 10.34 10.88 NOTE
r-release-osx-x86_64-mavericks 1.1 NOTE
r-release-windows-ix86+x86_64 1.1 2.00 17.00 19.00 NOTE
r-oldrel-windows-ix86+x86_64 1.1 2.00 22.00 24.00 NOTE

Check Details

Version: 1.1
Check: R code for possible problems
Result: NOTE
    fixcolorvector : mrgb: warning in rgb(col[1], col[2], col[3], max =
     255): partial argument match of 'max' to 'maxColorValue'
Flavors: r-devel-linux-x86_64-debian-clang, r-devel-linux-x86_64-debian-gcc, r-devel-linux-x86_64-fedora-clang, r-devel-linux-x86_64-fedora-gcc, r-devel-osx-x86_64-clang, r-devel-windows-ix86+x86_64, r-patched-linux-x86_64, r-patched-solaris-sparc, r-patched-solaris-x86, r-release-linux-ix86, r-release-linux-x86_64, r-release-osx-x86_64-mavericks, r-release-windows-ix86+x86_64, r-oldrel-windows-ix86+x86_64

Version: 1.1
Check: for old-style vignette sources
Result: NOTE
    Vignette sources only in ‘inst/doc’:
     ‘beanplot.Rnw’
    A ‘vignettes’ directory is required as from R 3.1.0
    and these will not be indexed nor checked
Flavors: r-devel-linux-x86_64-debian-clang, r-devel-linux-x86_64-debian-gcc, r-devel-linux-x86_64-fedora-clang, r-devel-linux-x86_64-fedora-gcc, r-devel-osx-x86_64-clang, r-devel-windows-ix86+x86_64, r-patched-linux-x86_64, r-patched-solaris-sparc, r-patched-solaris-x86, r-release-linux-ix86, r-release-linux-x86_64, r-release-osx-x86_64-mavericks, r-release-windows-ix86+x86_64

Version: 1.1
Check: Rd line widths
Result: NOTE
    Rd file 'beanplot.Rd':
     \examples lines wider than 100 characters:
     beanplot(count ~ spray, data = InsectSprays, col = "lightgray", border = "grey", overallline = "median")
    
    These lines will be truncated in the PDF manual.
Flavors: r-devel-linux-x86_64-fedora-clang, r-devel-linux-x86_64-fedora-gcc

Version: 1.1
Check: for old-style vignette sources
Result: NOTE
    Vignette sources only in 'inst/doc':
     'beanplot.Rnw'
    A 'vignettes' directory will be required as from R 3.1.0
Flavor: r-oldrel-windows-ix86+x86_64