CRAN Package Check Results for Package bear

Last updated on 2015-05-25 18:46:50.

Flavor Version Tinstall Tcheck Ttotal Status Flags
r-devel-linux-x86_64-debian-clang 2.6.4 4.82 84.86 89.68 NOTE
r-devel-linux-x86_64-debian-gcc 2.6.4 4.74 81.79 86.54 NOTE
r-devel-linux-x86_64-fedora-clang 2.6.4 162.24 NOTE
r-devel-linux-x86_64-fedora-gcc 2.6.4 154.18 NOTE
r-devel-osx-x86_64-clang 2.6.4 144.14 NOTE
r-devel-windows-ix86+x86_64 2.6.4 21.00 113.00 134.00 NOTE
r-patched-linux-x86_64 2.6.4 4.92 82.43 87.35 NOTE
r-patched-solaris-sparc 2.6.4 966.80 NOTE
r-patched-solaris-x86 2.6.4 184.90 NOTE
r-release-linux-x86_64 2.6.4 4.81 79.75 84.56 NOTE
r-release-osx-x86_64-mavericks 2.6.4 NOTE
r-release-osx-x86_64-snowleopard 2.6.4 ERROR
r-release-windows-ix86+x86_64 2.6.4 20.00 113.00 133.00 NOTE
r-oldrel-windows-ix86+x86_64 2.6.4 21.00 133.00 154.00 NOTE

Check Details

Version: 2.6.4
Check: dependencies in R code
Result: NOTE
    'library' or 'require' call to ‘plyr’ in package code.
     Please use :: or requireNamespace() instead.
     See section 'Suggested packages' in the 'Writing R Extensions' manual.
Flavors: r-devel-linux-x86_64-debian-clang, r-devel-linux-x86_64-debian-gcc, r-devel-linux-x86_64-fedora-clang, r-devel-linux-x86_64-fedora-gcc, r-devel-osx-x86_64-clang, r-devel-windows-ix86+x86_64, r-patched-linux-x86_64, r-patched-solaris-sparc, r-patched-solaris-x86, r-release-linux-x86_64, r-release-osx-x86_64-mavericks, r-release-windows-ix86+x86_64, r-oldrel-windows-ix86+x86_64

Version: 2.6.4
Check: package dependencies
Result: ERROR
    Packages required but not available: ‘ICSNP’ ‘ggplot2’
    
    See section ‘The DESCRIPTION file’ in the ‘Writing R Extensions’
    manual.
Flavor: r-release-osx-x86_64-snowleopard