CRAN Package Check Results for Package bear

Last updated on 2014-10-23 20:47:15.

Flavor Version Tinstall Tcheck Ttotal Status Flags
r-devel-linux-x86_64-debian-clang 2.6.3 5.45 90.58 96.04 NOTE
r-devel-linux-x86_64-debian-gcc 2.6.3 5.48 89.47 94.95 NOTE
r-devel-linux-x86_64-fedora-clang 2.6.3 188.06 NOTE
r-devel-linux-x86_64-fedora-gcc 2.6.3 180.90 NOTE
r-devel-osx-x86_64-clang 2.6.3 183.32 NOTE
r-devel-windows-ix86+x86_64 2.6.3 16.00 115.00 131.00 NOTE
r-patched-linux-x86_64 2.6.3 5.86 94.40 100.25 NOTE
r-patched-solaris-sparc 2.6.3 1051.10 NOTE
r-patched-solaris-x86 2.6.3 210.00 NOTE
r-release-linux-ix86 2.6.3 7.05 127.99 135.04 OK
r-release-linux-x86_64 2.6.3 6.24 97.56 103.80 OK
r-release-osx-x86_64-mavericks 2.6.3 OK
r-release-osx-x86_64-snowleopard 2.6.3 OK
r-release-windows-ix86+x86_64 2.6.3 19.00 132.00 151.00 OK
r-oldrel-windows-ix86+x86_64 2.6.3 19.00 143.00 162.00 OK

Check Details

Version: 2.6.3
Check: R code for possible problems
Result: NOTE
    normDataWithin: no visible global function definition for ‘ddply’
    summarySE: no visible global function definition for ‘ddply’
Flavors: r-devel-linux-x86_64-debian-clang, r-devel-linux-x86_64-debian-gcc, r-devel-linux-x86_64-fedora-clang, r-devel-linux-x86_64-fedora-gcc, r-devel-osx-x86_64-clang, r-devel-windows-ix86+x86_64, r-patched-linux-x86_64, r-patched-solaris-sparc, r-patched-solaris-x86