CRAN Package Check Results for Package bear

Last updated on 2015-03-31 19:50:58.

Flavor Version Tinstall Tcheck Ttotal Status Flags
r-devel-linux-x86_64-debian-clang 2.6.4 4.68 81.88 86.57 NOTE
r-devel-linux-x86_64-debian-gcc 2.6.4 4.57 78.12 82.69 NOTE
r-devel-linux-x86_64-fedora-clang 2.6.4 160.66 NOTE
r-devel-linux-x86_64-fedora-gcc 2.6.4 151.36 NOTE
r-devel-osx-x86_64-clang 2.6.4 151.67 NOTE
r-prerel-windows-ix86+x86_64 2.6.4 21.00 108.00 129.00 NOTE
r-prerel-linux-x86_64 2.6.4 4.57 78.40 82.98 NOTE
r-prerel-solaris-sparc 2.6.4 1052.70 NOTE
r-prerel-solaris-x86 2.6.4 175.90 NOTE
r-release-linux-x86_64 2.6.4 5.88 94.31 100.18 NOTE
r-release-osx-x86_64-mavericks 2.6.4 OK
r-release-osx-x86_64-snowleopard 2.6.4 OK
r-release-windows-ix86+x86_64 2.6.4 19.00 137.00 156.00 NOTE
r-oldrel-windows-ix86+x86_64 2.6.4 19.00 139.00 158.00 OK

Check Details

Version: 2.6.4
Check: dependencies in R code
Result: NOTE
    'library' or 'require' call to ‘plyr’ in package code.
     Please use :: or requireNamespace() instead.
     See section 'Suggested packages' in the 'Writing R Extensions' manual.
Flavors: r-devel-linux-x86_64-debian-clang, r-devel-linux-x86_64-debian-gcc, r-devel-linux-x86_64-fedora-clang, r-devel-linux-x86_64-fedora-gcc, r-devel-osx-x86_64-clang, r-prerel-windows-ix86+x86_64, r-prerel-linux-x86_64, r-prerel-solaris-sparc, r-prerel-solaris-x86, r-release-linux-x86_64, r-release-windows-ix86+x86_64