CRAN Package Check Results for Package bear

Last updated on 2014-09-02 15:48:52.

Flavor Version Tinstall Tcheck Ttotal Status Flags
r-devel-linux-x86_64-debian-clang 2.6.3 5.77 90.46 96.24 NOTE
r-devel-linux-x86_64-debian-gcc 2.6.3 5.65 88.57 94.22 NOTE
r-devel-linux-x86_64-fedora-clang 2.6.3 195.78 NOTE
r-devel-linux-x86_64-fedora-gcc 2.6.3 179.37 NOTE
r-devel-osx-x86_64-clang 2.6.3 158.57 NOTE
r-devel-windows-ix86+x86_64 2.6.3 20.00 121.00 141.00 NOTE
r-patched-linux-x86_64 2.6.3 5.74 95.54 101.27 OK
r-patched-solaris-sparc 2.6.3 1102.10 OK
r-patched-solaris-x86 2.6.3 210.60 OK
r-release-linux-ix86 2.6.3 7.09 119.43 126.52 OK
r-release-linux-x86_64 2.6.3 6.02 100.19 106.21 OK
r-release-osx-x86_64-mavericks 2.6.3 OK
r-release-osx-x86_64-snowleopard 2.6.3 OK
r-release-windows-ix86+x86_64 2.6.3 16.00 136.00 152.00 OK
r-oldrel-windows-ix86+x86_64 2.6.3 15.00 132.00 147.00 OK

Check Details

Version: 2.6.3
Check: R code for possible problems
Result: NOTE
    normDataWithin: no visible global function definition for ‘ddply’
    summarySE: no visible global function definition for ‘ddply’
Flavors: r-devel-linux-x86_64-debian-clang, r-devel-linux-x86_64-debian-gcc, r-devel-linux-x86_64-fedora-clang, r-devel-linux-x86_64-fedora-gcc, r-devel-osx-x86_64-clang, r-devel-windows-ix86+x86_64