CRAN Package Check Results for Package bear

Last updated on 2014-08-22 00:46:41.

Flavor Version Tinstall Tcheck Ttotal Status Flags
r-devel-linux-x86_64-debian-clang 2.6.3 5.69 91.39 97.08 OK
r-devel-linux-x86_64-debian-gcc 2.6.3 5.51 90.76 96.27 OK
r-devel-linux-x86_64-fedora-clang 2.6.3 191.48 NOTE
r-devel-linux-x86_64-fedora-gcc 2.6.3 179.73 NOTE
r-devel-osx-x86_64-clang 2.6.3 162.22 NOTE
r-devel-windows-ix86+x86_64 2.6.3 18.00 127.00 145.00 OK
r-patched-linux-x86_64 2.6.3 6.29 94.31 100.60 OK
r-patched-solaris-sparc 2.6.3 1102.10 OK
r-patched-solaris-x86 2.6.3 210.30 OK
r-release-linux-ix86 2.6.3 7.85 115.80 123.65 OK
r-release-linux-x86_64 2.6.3 5.72 94.49 100.21 OK
r-release-osx-x86_64-mavericks 2.6.3 OK
r-release-osx-x86_64-snowleopard 2.6.3 OK
r-release-windows-ix86+x86_64 2.6.3 19.00 137.00 156.00 OK
r-oldrel-windows-ix86+x86_64 2.6.3 18.00 127.00 145.00 OK

Check Details

Version: 2.6.3
Check: R code for possible problems
Result: NOTE
    normDataWithin: no visible global function definition for ‘ddply’
    summarySE: no visible global function definition for ‘ddply’
Flavors: r-devel-linux-x86_64-fedora-clang, r-devel-linux-x86_64-fedora-gcc, r-devel-osx-x86_64-clang