CRAN Package Check Results for Package bear

Last updated on 2015-07-01 06:48:25.

Flavor Version Tinstall Tcheck Ttotal Status Flags
r-devel-linux-x86_64-debian-clang 2.6.4 5.06 85.39 90.46 NOTE
r-devel-linux-x86_64-debian-gcc 2.6.4 5.00 81.13 86.13 NOTE
r-devel-linux-x86_64-fedora-clang 2.6.4 159.19 NOTE
r-devel-linux-x86_64-fedora-gcc 2.6.4 148.31 NOTE
r-devel-osx-x86_64-clang 2.6.4 153.32 NOTE
r-devel-windows-ix86+x86_64 2.6.4 21.00 111.00 132.00 NOTE
r-patched-linux-x86_64 2.6.4 4.94 81.34 86.28 NOTE
r-patched-solaris-sparc 2.6.4 966.80 NOTE
r-patched-solaris-x86 2.6.4 181.30 NOTE
r-release-linux-x86_64 2.6.4 4.74 81.40 86.14 NOTE
r-release-osx-x86_64-mavericks 2.6.4 NOTE
r-release-windows-ix86+x86_64 2.6.4 22.00 122.00 144.00 NOTE
r-oldrel-windows-ix86+x86_64 2.6.4 21.00 141.00 162.00 NOTE

Check Details

Version: 2.6.4
Check: dependencies in R code
Result: NOTE
    'library' or 'require' call to ‘plyr’ in package code.
     Please use :: or requireNamespace() instead.
     See section 'Suggested packages' in the 'Writing R Extensions' manual.
Flavors: r-devel-linux-x86_64-debian-clang, r-devel-linux-x86_64-debian-gcc, r-devel-linux-x86_64-fedora-clang, r-devel-linux-x86_64-fedora-gcc, r-devel-osx-x86_64-clang, r-devel-windows-ix86+x86_64, r-patched-linux-x86_64, r-patched-solaris-sparc, r-patched-solaris-x86, r-release-linux-x86_64, r-release-osx-x86_64-mavericks, r-release-windows-ix86+x86_64, r-oldrel-windows-ix86+x86_64

Version: 2.6.4
Check: R code for possible problems
Result: NOTE
    ARS: no visible global function definition for ‘pdf’
    ARS: no visible global function definition for ‘na.omit’
    ARS: no visible global function definition for ‘lm’
    ARS: no visible global function definition for ‘coef’
    ARS: no visible global function definition for ‘plot’
    ARS: no visible global function definition for ‘lines’
    ARS: no visible global function definition for ‘axis’
    ARS: no visible global function definition for ‘points’
    ARS: no visible global function definition for ‘abline’
    ARS: no visible global function definition for ‘legend’
    ARS: no visible global function definition for ‘show’
    ARS: no visible global function definition for ‘write.table’
    ARS: no visible global function definition for ‘dev.off’
    ARS: no visible global function definition for ‘graphics.off’
    BANOVA: no visible global function definition for ‘lm’
    BANOVA: no visible global function definition for ‘anova’
    BANOVA: no visible global function definition for ‘qt’
    BANOVA: no visible global function definition for ‘pt’
    BANOVA: no visible global function definition for ‘qchisq’
    BANOVA: no visible global function definition for ‘qf’
    BANOVA: no visible global function definition for ‘pf’
    BANOVA: no visible global function definition for ‘cor.test’
    BANOVA: no visible global function definition for ‘show’
    BANOVA: no visible global function definition for ‘shapiro.test’
    BANOVA: no visible global function definition for ‘quantile’
    BANOVA: no visible global function definition for ‘cooks.distance’
    BANOVAanalyze: no visible global function definition for ‘aov’
    BANOVAanalyze: no visible global function definition for ‘graphics.off’
    BANOVAcsv: no visible global function definition for ‘menu’
    BANOVAcsv: no visible global function definition for ‘read.csv’
    BANOVAcsv: no visible global function definition for ‘edit’
    BANOVAcsv: no visible global function definition for ‘na.omit’
    BANOVAcsv: no visible global function definition for ‘show’
    BANOVAdata: no visible global function definition for ‘menu’
    BANOVAdata: no visible global function definition for ‘edit’
    BANOVAdata: no visible global function definition for ‘na.omit’
    BANOVAdata: no visible global function definition for ‘show’
    BANOVAdata: no visible global function definition for ‘graphics.off’
    BANOVAoutput: no visible global function definition for ‘show’
    BANOVAoutput: no visible global function definition for ‘pdf’
    BANOVAoutput: no visible global function definition for ‘dev.off’
    BANOVAplot: no visible global function definition for ‘par’
    BANOVAplot: no visible global function definition for ‘qqnorm’
    BANOVAplot: no visible global function definition for ‘qqline’
    BANOVAplot: no visible global function definition for ‘abline’
    BANOVAplot: no visible global function definition for ‘plot’
    BANOVAplot: no visible global function definition for ‘points’
    BANOVAplot: no visible global function definition for ‘legend’
    BANOVAplot: no visible global function definition for ‘strwidth’
    BANOVAplot: no visible global function definition for ‘boxplot’
    BANOVAplot: no visible global function definition for ‘text’
    BANOVAplot: no visible global function definition for ‘lm’
    BANOVAplot: no visible global function definition for ‘cooks.distance’
    BANOVAplot: no visible global function definition for ‘axis’
    NCA: no visible global function definition for ‘na.omit’
    NCA: no visible global function definition for ‘write.csv’
    NCA: no visible global function definition for ‘coef’
    NCA: no visible global function definition for ‘show’
    NCA: no visible global function definition for ‘dev.off’
    NCA.BANOVAcsv: no visible global function definition for ‘menu’
    NCA.BANOVAcsv: no visible global function definition for ‘read.csv’
    NCA.BANOVAcsv: no visible global function definition for ‘edit’
    NCA.BANOVAcsv: no visible global function definition for ‘show’
    NCA.BANOVAdata: no visible global function definition for ‘menu’
    NCA.BANOVAdata: no visible global function definition for ‘edit’
    NCA.BANOVAdata: no visible global function definition for ‘show’
    NCA.BANOVAdata: no visible global function definition for
     ‘graphics.off’
    NCAcsv: no visible global function definition for ‘menu’
    NCAcsv: no visible global function definition for ‘read.csv’
    NCAcsv: no visible global function definition for ‘edit’
    NCAcsv: no visible global function definition for ‘show’
    NCAdata: no visible global function definition for ‘menu’
    NCAdata: no visible global function definition for ‘edit’
    NCAdata: no visible global function definition for ‘show’
    NCAdata: no visible global function definition for ‘graphics.off’
    NCAoutput: no visible global function definition for ‘write.csv’
    NCAoutput: no visible global function definition for ‘read.csv’
    NCAoutput: no visible global function definition for ‘show’
    NCAoutput: no visible global function definition for ‘lm’
    NCAoutput : f1: no visible global function definition for ‘extractAIC’
    NCAoutput : f1: no visible global function definition for ‘lm’
    NCAoutput : f11: no visible global function definition for ‘extractAIC’
    NCAoutput : f11: no visible global function definition for ‘lm’
    NCAoutput : f2: no visible global function definition for ‘extractAIC’
    NCAoutput : f2: no visible global function definition for ‘lm’
    NCAoutput : f22: no visible global function definition for ‘extractAIC’
    NCAoutput : f22: no visible global function definition for ‘lm’
    NCAoutput: no visible global function definition for ‘sd’
    NCAoutput: no visible global function definition for ‘reshape’
    NCAoutput: no visible global function definition for ‘qt’
    NCAoutput: no visible global function definition for ‘anova’
    NCAoutput: no visible global function definition for ‘qnorm’
    NCAoutput: no visible global function definition for ‘pt’
    NCAplot: no visible global function definition for ‘na.omit’
    NCAplot: no visible global function definition for ‘reshape’
    NCAplot: no visible global function definition for ‘pdf’
    NCAplot: no visible global function definition for ‘par’
    NCAplot: no visible binding for global variable ‘time’
    NCAplot: no visible binding for global variable ‘sd’
    NCAplot: no visible global function definition for ‘dev.off’
    NCAplot: no visible global function definition for ‘graphics.off’
    NCAreglplot: no visible global function definition for ‘pdf’
    NCAreglplot: no visible global function definition for ‘plot’
    NCAreglplot: no visible global function definition for ‘lines’
    NCAreglplot: no visible global function definition for ‘axis’
    NCAreglplot: no visible global function definition for ‘points’
    NCAreglplot: no visible global function definition for ‘lm’
    NCAreglplot: no visible global function definition for ‘abline’
    NCAreglplot: no visible global function definition for ‘legend’
    NCAreglplot: no visible global function definition for ‘par’
    NCAreglplot: no visible global function definition for ‘dev.off’
    NCAreglplot: no visible global function definition for ‘graphics.off’
    NCAselect: no visible global function definition for ‘dev.new’
    NCAselect: no visible global function definition for ‘par’
    NCAselect: no visible global function definition for ‘na.omit’
    NCAselect: no visible global function definition for ‘plot’
    NCAselect: no visible global function definition for ‘lines’
    NCAselect: no visible global function definition for ‘axis’
    NCAselect: no visible global function definition for ‘identify’
    NCAselect: no visible global function definition for ‘points’
    NCAselect: no visible global function definition for ‘lm’
    NCAselect: no visible global function definition for ‘abline’
    NCAselect: no visible global function definition for ‘legend’
    NCAselect: no visible global function definition for ‘dev.off’
    NCAselectsave: no visible global function definition for ‘show’
    RepMIX: no visible global function definition for ‘lm’
    RepMIX: no visible global function definition for ‘qt’
    RepMIX: no visible global function definition for ‘pt’
    RepMIX: no visible global function definition for ‘show’
    RepMIX: no visible global function definition for ‘t.test’
    RepMIXanalyze: no visible global function definition for ‘reshape’
    RepMIXoutput: no visible global function definition for ‘na.omit’
    RepMIXoutput: no visible global function definition for ‘show’
    Singlego: no visible global function definition for ‘menu’
    Singlego: no visible global function definition for ‘graphics.off’
    TTT: no visible global function definition for ‘pdf’
    TTT: no visible global function definition for ‘na.omit’
    TTT: no visible global function definition for ‘lm’
    TTT: no visible global function definition for ‘coef’
    TTT: no visible global function definition for ‘plot’
    TTT: no visible global function definition for ‘lines’
    TTT: no visible global function definition for ‘axis’
    TTT: no visible global function definition for ‘points’
    TTT: no visible global function definition for ‘abline’
    TTT: no visible global function definition for ‘legend’
    TTT: no visible global function definition for ‘show’
    TTT: no visible global function definition for ‘write.table’
    TTT: no visible global function definition for ‘dev.off’
    TTT: no visible global function definition for ‘graphics.off’
    TTTAIC: no visible global function definition for ‘pdf’
    TTTAIC: no visible global function definition for ‘na.omit’
    TTTAIC : f2: no visible global function definition for ‘extractAIC’
    TTTAIC : f2: no visible global function definition for ‘lm’
    TTTAIC: no visible global function definition for ‘lm’
    TTTAIC: no visible global function definition for ‘coef’
    TTTAIC: no visible global function definition for ‘plot’
    TTTAIC: no visible global function definition for ‘lines’
    TTTAIC: no visible global function definition for ‘axis’
    TTTAIC: no visible global function definition for ‘points’
    TTTAIC: no visible global function definition for ‘abline’
    TTTAIC: no visible global function definition for ‘legend’
    TTTAIC: no visible global function definition for ‘show’
    TTTAIC: no visible global function definition for ‘write.table’
    TTTAIC: no visible global function definition for ‘dev.off’
    TTTAIC: no visible global function definition for ‘graphics.off’
    TTTARS: no visible global function definition for ‘pdf’
    TTTARS: no visible global function definition for ‘na.omit’
    TTTARS: no visible global function definition for ‘lm’
    TTTARS: no visible global function definition for ‘coef’
    TTTARS: no visible global function definition for ‘plot’
    TTTARS: no visible global function definition for ‘lines’
    TTTARS: no visible global function definition for ‘axis’
    TTTARS: no visible global function definition for ‘points’
    TTTARS: no visible global function definition for ‘abline’
    TTTARS: no visible global function definition for ‘legend’
    TTTARS: no visible global function definition for ‘show’
    TTTARS: no visible global function definition for ‘write.table’
    TTTARS: no visible global function definition for ‘dev.off’
    TTTARS: no visible global function definition for ‘graphics.off’
    aic: no visible global function definition for ‘pdf’
    aic: no visible global function definition for ‘na.omit’
    aic : f1: no visible global function definition for ‘extractAIC’
    aic : f1: no visible global function definition for ‘lm’
    aic: no visible global function definition for ‘lm’
    aic: no visible global function definition for ‘coef’
    aic: no visible global function definition for ‘plot’
    aic: no visible global function definition for ‘lines’
    aic: no visible global function definition for ‘axis’
    aic: no visible global function definition for ‘points’
    aic: no visible global function definition for ‘abline’
    aic: no visible global function definition for ‘legend’
    aic: no visible global function definition for ‘show’
    aic: no visible global function definition for ‘write.table’
    aic : f2: no visible global function definition for ‘extractAIC’
    aic : f2: no visible global function definition for ‘lm’
    aic: no visible global function definition for ‘dev.off’
    aic: no visible global function definition for ‘graphics.off’
    bear.setup: no visible global function definition for ‘show’
    bye: no visible global function definition for ‘menu’
    bye: no visible global function definition for ‘graphics.off’
    create.products_sum: no visible binding for global variable ‘sd’
    create.products_sum: no visible global function definition for
     ‘write.csv’
    demoBANOVA: no visible global function definition for ‘show’
    demoBANOVA: no visible global function definition for ‘graphics.off’
    demo_datasets_gen: no visible global function definition for
     ‘write.csv’
    description_AIC: no visible global function definition for ‘alarm’
    description_ARS: no visible global function definition for ‘alarm’
    description_NCA: no visible global function definition for ‘alarm’
    description_TTT: no visible global function definition for ‘alarm’
    description_TTTARS: no visible global function definition for ‘alarm’
    description_load: no visible global function definition for ‘alarm’
    description_plot: no visible global function definition for ‘par’
    description_plot: no visible global function definition for ‘plot’
    description_plot: no visible global function definition for ‘text’
    description_pointselect: no visible global function definition for
     ‘alarm’
    description_version: no visible global function definition for ‘show’
    go: no visible global function definition for ‘par’
    go: no visible global function definition for ‘plot’
    go: no visible global function definition for ‘text’
    go: no visible global function definition for ‘dev.off’
    go2menu: no visible global function definition for ‘menu’
    go2menu: no visible global function definition for ‘graphics.off’
    go2menu: no visible global function definition for ‘par’
    go2menu: no visible global function definition for ‘plot’
    go2menu: no visible global function definition for ‘edit’
    icd.check: no visible global function definition for ‘show’
    icd.check: no visible global function definition for ‘alarm’
    indiv_dp.output: no visible binding for global variable ‘sd’
    indiv_dp.output: no visible global function definition for ‘write.csv’
    lm.mod: no visible global function definition for ‘lm’
    lm.mod: no visible global function definition for ‘anova’
    lm.mod: no visible global function definition for ‘show’
    lm.mod: no visible global function definition for ‘aov’
    lme_lm.mod: no visible global function definition for ‘lm’
    lme_lm.mod: no visible global function definition for ‘anova’
    logdata: no visible global function definition for ‘qt’
    logdata: no visible global function definition for ‘pt’
    logo_plot_desc: no visible global function definition for ‘par’
    logo_plot_desc: no visible global function definition for ‘plot’
    logo_plot_desc: no visible global function definition for ‘text’
    prdcount: no visible global function definition for ‘legend’
    prdcount: no visible global function definition for ‘strwidth’
    summarySE : <anonymous>: no visible global function definition for ‘sd’
    summarySE: no visible global function definition for ‘qt’
    test.nca_stat: no visible global function definition for ‘na.omit’
    test.nca_stat: no visible global function definition for ‘show’
    xtick: no visible global function definition for ‘axis’
    ytick: no visible global function definition for ‘axis’
Flavors: r-devel-linux-x86_64-debian-clang, r-devel-linux-x86_64-debian-gcc, r-devel-linux-x86_64-fedora-clang, r-devel-linux-x86_64-fedora-gcc, r-devel-windows-ix86+x86_64