CRAN Package Check Results for Package bear

Last updated on 2014-04-21 09:47:57.

Flavor Version Tinstall Tcheck Ttotal Status Flags
r-devel-linux-x86_64-debian-clang 2.6.2 6.09 100.67 106.76 OK
r-devel-linux-x86_64-debian-gcc 2.6.2 5.90 103.80 109.71 OK
r-devel-linux-x86_64-fedora-clang 2.6.2 206.98 OK
r-devel-linux-x86_64-fedora-gcc 2.6.2 191.24 OK
r-devel-macosx-x86_64-clang 2.6.2 171.15 OK
r-devel-macosx-x86_64-gcc 2.6.2 ERROR
r-devel-windows-ix86+x86_64 2.6.2 17.00 138.00 155.00 OK
r-patched-linux-x86_64 2.6.2 5.92 100.99 106.91 OK
r-patched-solaris-sparc 2.6.2 1113.30 OK
r-patched-solaris-x86 2.6.2 212.40 OK
r-release-linux-ix86 OK
r-release-linux-x86_64 2.6.2 6.01 105.06 111.07 OK
r-release-macosx-x86_64 2.6.2 OK
r-release-windows-ix86+x86_64 2.6.2 22.00 149.00 171.00 OK
r-oldrel-windows-ix86+x86_64 2.6.2 18.00 143.00 161.00 OK

Check Details

Version: 2.6.2
Check: package dependencies
Result: ERROR
    Packages required but not available: ‘ICSNP’ ‘ggplot2’
    
    See the information on DESCRIPTION files in the chapter ‘Creating R
    packages’ of the ‘Writing R Extensions’ manual.
Flavor: r-devel-macosx-x86_64-gcc