Last updated on 2023-06-06 14:59:20 CEST.
Flavor | Version | Tinstall | Tcheck | Ttotal | Status | Flags |
---|---|---|---|---|---|---|
r-devel-linux-x86_64-debian-clang | 1.1 | 3.27 | 37.39 | 40.66 | NOTE | |
r-devel-linux-x86_64-debian-gcc | 1.1 | 2.28 | 27.60 | 29.88 | NOTE | |
r-devel-linux-x86_64-fedora-clang | 1.1 | 51.45 | NOTE | |||
r-devel-linux-x86_64-fedora-gcc | 1.1 | 47.75 | NOTE | |||
r-devel-windows-x86_64 | 1.1 | 4.00 | 48.00 | 52.00 | OK | |
r-patched-linux-x86_64 | 1.1 | 3.42 | 35.94 | 39.36 | NOTE | |
r-release-linux-x86_64 | 1.1 | 3.65 | 35.41 | 39.06 | NOTE | |
r-release-macos-arm64 | 1.1 | 18.00 | OK | |||
r-release-macos-x86_64 | 1.1 | 28.00 | OK | |||
r-release-windows-x86_64 | 1.1 | 4.00 | 60.00 | 64.00 | OK | |
r-oldrel-macos-arm64 | 1.1 | 19.00 | OK | |||
r-oldrel-macos-x86_64 | 1.1 | 26.00 | OK | |||
r-oldrel-windows-x86_64 | 1.1 | 9.00 | 58.00 | 67.00 | OK |
Version: 1.1
Check: for non-standard things in the check directory
Result: NOTE
Found the following files/directories:
‘beast_plot_toy.pdf’
Flavors: r-devel-linux-x86_64-debian-clang, r-devel-linux-x86_64-debian-gcc, r-devel-linux-x86_64-fedora-clang, r-devel-linux-x86_64-fedora-gcc, r-patched-linux-x86_64, r-release-linux-x86_64