CRAN Package Check Results for Package beeswarm

Last updated on 2015-03-29 19:48:35.

Flavor Version Tinstall Tcheck Ttotal Status Flags
r-devel-linux-x86_64-debian-clang 0.1.6 0.57 11.52 12.08 NOTE
r-devel-linux-x86_64-debian-gcc 0.1.6 0.58 11.10 11.68 NOTE
r-devel-linux-x86_64-fedora-clang 0.1.6 23.73 NOTE
r-devel-linux-x86_64-fedora-gcc 0.1.6 22.49 NOTE
r-devel-osx-x86_64-clang 0.1.6 28.93 NOTE
r-prerel-windows-ix86+x86_64 0.1.6 3.00 20.00 23.00 NOTE
r-prerel-linux-x86_64 0.1.6 0.52 11.27 11.79 NOTE
r-prerel-solaris-sparc 0.1.6 156.60 NOTE
r-prerel-solaris-x86 0.1.6 31.30 NOTE
r-release-linux-x86_64 0.1.6 0.56 12.16 12.71 NOTE
r-release-osx-x86_64-mavericks 0.1.6 OK
r-release-windows-ix86+x86_64 0.1.6 4.00 22.00 26.00 NOTE
r-oldrel-windows-ix86+x86_64 0.1.6 2.00 19.00 21.00 OK

Check Details

Version: 0.1.6
Check: dependencies in R code
Result: NOTE
    'library' or 'require' call to ‘stats’ in package code.
     Please use :: or requireNamespace() instead.
     See section 'Suggested packages' in the 'Writing R Extensions' manual.
Flavors: r-devel-linux-x86_64-debian-clang, r-devel-linux-x86_64-debian-gcc, r-devel-linux-x86_64-fedora-clang, r-devel-linux-x86_64-fedora-gcc, r-devel-osx-x86_64-clang, r-prerel-windows-ix86+x86_64, r-prerel-linux-x86_64, r-prerel-solaris-sparc, r-prerel-solaris-x86, r-release-linux-x86_64, r-release-windows-ix86+x86_64