CRAN Package Check Results for Package beeswarm

Last updated on 2015-01-31 05:48:39.

Flavor Version Tinstall Tcheck Ttotal Status Flags
r-devel-linux-x86_64-debian-clang 0.1.6 0.54 11.25 11.79 NOTE
r-devel-linux-x86_64-debian-gcc 0.1.6 0.56 11.59 12.16 NOTE
r-devel-linux-x86_64-fedora-clang 0.1.6 26.09 NOTE
r-devel-linux-x86_64-fedora-gcc 0.1.6 24.64 NOTE
r-devel-osx-x86_64-clang 0.1.6 34.48 NOTE
r-devel-windows-ix86+x86_64 0.1.6 3.00 19.00 22.00 NOTE
r-patched-linux-x86_64 0.1.6 0.58 13.32 13.90 OK
r-patched-solaris-sparc 0.1.6 155.50 OK
r-patched-solaris-x86 0.1.6 35.90 OK
r-release-linux-ix86 0.1.6 0.81 17.97 18.78 OK
r-release-linux-x86_64 0.1.6 0.58 12.87 13.45 OK
r-release-osx-x86_64-mavericks 0.1.6 OK
r-release-windows-ix86+x86_64 0.1.6 2.00 22.00 24.00 OK
r-oldrel-windows-ix86+x86_64 0.1.6 2.00 19.00 21.00 OK

Check Details

Version: 0.1.6
Check: dependencies in R code
Result: NOTE
    'library' or 'require' call to ‘stats’ in package code.
     Please use :: or requireNamespace() instead.
     See section 'Suggested packages' in the 'Writing R Extensions' manual.
Flavors: r-devel-linux-x86_64-debian-clang, r-devel-linux-x86_64-debian-gcc, r-devel-linux-x86_64-fedora-clang, r-devel-linux-x86_64-fedora-gcc, r-devel-osx-x86_64-clang, r-devel-windows-ix86+x86_64