CRAN Package Check Results for Package beeswarm

Last updated on 2015-02-28 07:49:56.

Flavor Version Tinstall Tcheck Ttotal Status Flags
r-devel-linux-x86_64-debian-clang 0.1.6 0.54 11.49 12.03 NOTE
r-devel-linux-x86_64-debian-gcc 0.1.6 0.51 11.80 12.31 NOTE
r-devel-linux-x86_64-fedora-clang 0.1.6 23.89 NOTE
r-devel-linux-x86_64-fedora-gcc 0.1.6 22.55 NOTE
r-devel-osx-x86_64-clang 0.1.6 26.13 NOTE
r-devel-windows-ix86+x86_64 0.1.6 3.00 21.00 24.00 NOTE
r-patched-linux-x86_64 0.1.6 0.56 12.77 13.33 NOTE
r-patched-solaris-sparc 0.1.6 176.10 NOTE
r-patched-solaris-x86 0.1.6 36.60 NOTE
r-release-linux-ix86 0.1.6 0.82 18.47 19.29 OK
r-release-linux-x86_64 0.1.6 0.56 14.06 14.62 OK
r-release-osx-x86_64-mavericks 0.1.6 OK
r-release-windows-ix86+x86_64 0.1.6 2.00 22.00 24.00 OK
r-oldrel-windows-ix86+x86_64 0.1.6 2.00 19.00 21.00 OK

Check Details

Version: 0.1.6
Check: dependencies in R code
Result: NOTE
    'library' or 'require' call to ‘stats’ in package code.
     Please use :: or requireNamespace() instead.
     See section 'Suggested packages' in the 'Writing R Extensions' manual.
Flavors: r-devel-linux-x86_64-debian-clang, r-devel-linux-x86_64-debian-gcc, r-devel-linux-x86_64-fedora-clang, r-devel-linux-x86_64-fedora-gcc, r-devel-osx-x86_64-clang, r-devel-windows-ix86+x86_64, r-patched-linux-x86_64, r-patched-solaris-sparc, r-patched-solaris-x86