CRAN Package Check Results for Package beeswarm

Last updated on 2015-04-25 12:46:11.

Flavor Version Tinstall Tcheck Ttotal Status Flags
r-devel-linux-x86_64-debian-clang 0.1.6 0.54 11.36 11.89 NOTE
r-devel-linux-x86_64-debian-gcc 0.1.6 0.69 12.30 13.00 NOTE
r-devel-linux-x86_64-fedora-clang 0.1.6 23.45 NOTE
r-devel-linux-x86_64-fedora-gcc 0.1.6 22.72 NOTE
r-devel-osx-x86_64-clang 0.1.6 27.34 NOTE
r-devel-windows-ix86+x86_64 0.1.6 2.00 21.00 23.00 NOTE
r-patched-linux-x86_64 0.1.6 0.53 11.35 11.88 NOTE
r-patched-solaris-sparc 0.1.6 156.60 NOTE
r-patched-solaris-x86 0.1.6 31.00 NOTE
r-release-linux-x86_64 0.1.6 0.58 11.66 12.24 NOTE
r-release-osx-x86_64-mavericks 0.1.6 NOTE
r-release-osx-x86_64-snowleopard 0.1.6 NOTE
r-release-windows-ix86+x86_64 0.1.6 1.00 22.00 23.00 NOTE
r-oldrel-windows-ix86+x86_64 0.1.6 4.00 22.00 26.00 NOTE

Check Details

Version: 0.1.6
Check: dependencies in R code
Result: NOTE
    'library' or 'require' call to 'stats' in package code.
     Please use :: or requireNamespace() instead.
     See section 'Suggested packages' in the 'Writing R Extensions' manual.
Flavors: r-devel-windows-ix86+x86_64, r-release-windows-ix86+x86_64, r-oldrel-windows-ix86+x86_64