CRAN Package Check Results for Package beeswarm

Last updated on 2015-07-07 11:48:00.

Flavor Version Tinstall Tcheck Ttotal Status Flags
r-devel-linux-x86_64-debian-clang 0.2.0 0.60 11.18 11.78 NOTE
r-devel-linux-x86_64-debian-gcc 0.2.0 0.51 10.74 11.25 NOTE
r-devel-linux-x86_64-fedora-clang 0.2.0 22.15 NOTE
r-devel-linux-x86_64-fedora-gcc 0.2.0 20.32 NOTE
r-devel-osx-x86_64-clang 0.2.0 22.06 OK
r-devel-windows-ix86+x86_64 0.2.0 3.00 20.00 23.00 NOTE
r-patched-linux-x86_64 0.2.0 0.52 11.18 11.71 OK
r-patched-solaris-sparc 0.2.0 150.40 OK
r-patched-solaris-x86 0.2.0 32.50 OK
r-release-linux-x86_64 0.2.0 0.52 11.22 11.74 OK
r-release-osx-x86_64-mavericks 0.2.0 OK
r-release-windows-ix86+x86_64 0.2.0 2.00 20.00 22.00 OK
r-oldrel-windows-ix86+x86_64 0.2.0 3.00 22.00 25.00 OK

Check Details

Version: 0.2.0
Check: R code for possible problems
Result: NOTE
    .calculateSwarm: no visible global function definition for ‘density’
    .calculateSwarm: no visible global function definition for ‘approx’
    beeswarm.default: no visible global function definition for ‘par’
    beeswarm.default: no visible global function definition for
     ‘extendrange’
    beeswarm.default: no visible global function definition for ‘plot’
    beeswarm.default: no visible global function definition for ‘yinch’
    beeswarm.default: no visible global function definition for ‘xinch’
    beeswarm.default: no visible global function definition for ‘head’
    beeswarm.default: no visible global function definition for ‘tail’
    beeswarm.default : <anonymous>: no visible global function definition
     for ‘na.omit’
    beeswarm.default : <anonymous>: no visible global function definition
     for ‘runif’
    beeswarm.default: no visible global function definition for ‘points’
    beeswarm.default: no visible global function definition for ‘axis’
    beeswarm.default: no visible global function definition for ‘box’
    bxplot.default: no visible global function definition for ‘par’
    bxplot.default: no visible binding for global variable ‘quantile’
    bxplot.default: no visible global function definition for ‘boxplot’
    bxplot.default: no visible global function definition for ‘segments’
    swarmx: no visible global function definition for ‘xinch’
    swarmx: no visible global function definition for ‘yinch’
    swarmx: no visible global function definition for ‘par’
    swarmx: no visible global function definition for ‘xy.coords’
    swarmy: no visible global function definition for ‘xinch’
    swarmy: no visible global function definition for ‘yinch’
    swarmy: no visible global function definition for ‘par’
    swarmy: no visible global function definition for ‘xy.coords’
    Undefined global functions or variables:
     approx axis box boxplot density extendrange head na.omit par plot
     points quantile runif segments tail xinch xy.coords yinch
Flavors: r-devel-linux-x86_64-debian-clang, r-devel-linux-x86_64-debian-gcc, r-devel-linux-x86_64-fedora-clang, r-devel-linux-x86_64-fedora-gcc, r-devel-windows-ix86+x86_64