CRAN Package Check Results for Package beginr

Last updated on 2019-08-20 22:47:11 CEST.

Flavor Version Tinstall Tcheck Ttotal Status Flags
r-devel-linux-x86_64-debian-clang 0.1.7 3.03 21.69 24.72 NOTE
r-devel-linux-x86_64-debian-gcc 0.1.7 2.48 17.37 19.85 NOTE
r-devel-linux-x86_64-fedora-clang 0.1.7 31.05 NOTE
r-devel-linux-x86_64-fedora-gcc 0.1.7 30.18 NOTE
r-devel-windows-ix86+x86_64 0.1.7 7.00 47.00 54.00 OK
r-patched-linux-x86_64 0.1.7 2.89 21.61 24.50 OK
r-patched-solaris-x86 0.1.7 47.60 OK
r-release-linux-x86_64 0.1.7 2.73 21.21 23.94 OK
r-release-windows-ix86+x86_64 0.1.7 6.00 38.00 44.00 OK
r-release-osx-x86_64 0.1.7 OK
r-oldrel-windows-ix86+x86_64 0.1.7 5.00 46.00 51.00 OK
r-oldrel-osx-x86_64 0.1.7 OK

Check Details

Version: 0.1.7
Check: for non-standard things in the check directory
Result: NOTE
    Found the following files/directories:
     'alist.txt' 'rpkg'
Flavors: r-devel-linux-x86_64-debian-clang, r-devel-linux-x86_64-debian-gcc, r-devel-linux-x86_64-fedora-clang, r-devel-linux-x86_64-fedora-gcc