CRAN Package Check Results for Package beginr

Last updated on 2020-05-29 06:48:22 CEST.

Flavor Version Tinstall Tcheck Ttotal Status Flags
r-devel-linux-x86_64-debian-clang 0.1.7 3.22 23.37 26.59 NOTE
r-devel-linux-x86_64-debian-gcc 0.1.7 2.38 17.96 20.34 NOTE
r-devel-linux-x86_64-fedora-clang 0.1.7 32.55 NOTE
r-devel-linux-x86_64-fedora-gcc 0.1.7 32.26 NOTE
r-devel-windows-ix86+x86_64 0.1.7 9.00 38.00 47.00 OK
r-patched-linux-x86_64 0.1.7 3.42 23.32 26.74 NOTE
r-patched-solaris-x86 0.1.7 47.70 NOTE
r-release-linux-x86_64 0.1.7 2.78 23.13 25.91 NOTE
r-release-osx-x86_64 0.1.7 OK
r-release-windows-ix86+x86_64 0.1.7 6.00 49.00 55.00 OK
r-oldrel-osx-x86_64 0.1.7 OK
r-oldrel-windows-ix86+x86_64 0.1.7 5.00 37.00 42.00 OK

Check Details

Version: 0.1.7
Check: for non-standard things in the check directory
Result: NOTE
    Found the following files/directories:
     'alist.txt' 'rpkg'
Flavors: r-devel-linux-x86_64-debian-clang, r-devel-linux-x86_64-debian-gcc, r-devel-linux-x86_64-fedora-clang, r-devel-linux-x86_64-fedora-gcc, r-patched-linux-x86_64, r-patched-solaris-x86, r-release-linux-x86_64