CRAN Package Check Results for Package beginr

Last updated on 2019-10-16 09:51:28 CEST.

Flavor Version Tinstall Tcheck Ttotal Status Flags
r-devel-linux-x86_64-debian-clang 0.1.7 2.98 21.48 24.46 NOTE
r-devel-linux-x86_64-debian-gcc 0.1.7 2.52 16.85 19.37 NOTE
r-devel-linux-x86_64-fedora-clang 0.1.7 30.67 NOTE
r-devel-linux-x86_64-fedora-gcc 0.1.7 30.53 NOTE
r-devel-windows-ix86+x86_64 0.1.7 6.00 48.00 54.00 OK
r-patched-linux-x86_64 0.1.7 2.54 20.56 23.10 OK
r-patched-solaris-x86 0.1.7 44.80 OK
r-release-linux-x86_64 0.1.7 2.49 20.99 23.48 OK
r-release-windows-ix86+x86_64 0.1.7 6.00 52.00 58.00 OK
r-release-osx-x86_64 0.1.7 OK
r-oldrel-windows-ix86+x86_64 0.1.7 4.00 34.00 38.00 OK
r-oldrel-osx-x86_64 0.1.7 OK

Check Details

Version: 0.1.7
Check: for non-standard things in the check directory
Result: NOTE
    Found the following files/directories:
     'alist.txt' 'rpkg'
Flavors: r-devel-linux-x86_64-debian-clang, r-devel-linux-x86_64-debian-gcc, r-devel-linux-x86_64-fedora-clang, r-devel-linux-x86_64-fedora-gcc