CRAN Package Check Results for Package behaviorchange

Last updated on 2025-04-30 14:51:27 CEST.

Flavor Version Tinstall Tcheck Ttotal Status Flags
r-devel-linux-x86_64-debian-clang 0.5.5 11.70 99.51 111.21 NOTE
r-devel-linux-x86_64-debian-gcc 0.5.5 7.43 68.08 75.51 NOTE
r-devel-linux-x86_64-fedora-clang 0.5.5 167.81 OK
r-devel-linux-x86_64-fedora-gcc 0.5.5 183.14 OK
r-devel-windows-x86_64 0.5.5 14.00 122.00 136.00 NOTE
r-patched-linux-x86_64 0.5.5 12.73 93.28 106.01 NOTE
r-release-linux-x86_64 0.5.5 11.38 93.24 104.62 NOTE
r-release-macos-arm64 0.5.5 64.00 OK
r-release-macos-x86_64 0.5.5 145.00 OK
r-release-windows-x86_64 0.5.5 15.00 114.00 129.00 NOTE
r-oldrel-macos-arm64 0.5.5 57.00 OK
r-oldrel-macos-x86_64 0.5.5 89.00 OK
r-oldrel-windows-x86_64 0.5.5 16.00 140.00 156.00 OK

Check Details

Version: 0.5.5
Check: Rd cross-references
Result: NOTE Found the following Rd file(s) with Rd \link{} targets missing package anchors: CIBER.Rd: ggplot2, biAxisDiamondPlot, diamondPlot, gtable determinantStructure.Rd: data.tree Please provide package anchors for all Rd \link{} targets not in the package itself and the base packages. Flavors: r-devel-linux-x86_64-debian-clang, r-devel-linux-x86_64-debian-gcc, r-devel-windows-x86_64, r-patched-linux-x86_64, r-release-linux-x86_64, r-release-windows-x86_64